000
CXUS54 KJAN 040816
CF6HKS
PRELIMINARY LOCAL CLIMATOLOGICAL DATA (WS FORM: F-6)
STATION: JACKSON HAWKINS
MONTH: DECEMBER
YEAR: 2023
LATITUDE: 32 20 N
LONGITUDE: 90 14 W
TEMPERATURE IN F: :PCPN: SNOW: WIND :SUNSHINE: SKY :PK WND
================================================================================
1 2 3 4 5 6A 6B 7 8 9 10 11 12 13 14 15 16 17 18
12Z AVG MX 2MIN
DY MAX MIN AVG DEP HDD CDD WTR SNW DPTH SPD SPD DIR MIN PSBL S-S WX SPD DR
================================================================================
1 77 56 67 15 0 2 0.51 0.0 0 4.8 16 160 M M 8 1 22 170
2 68 58 63 11 2 0 0.05 0.0 0 4.6 20 150 M M 9 1 31 150
3 69 53 61 10 4 0 0.00 0.0 0 4.9 12 300 M M 4 1 14 290
4 64 49 57 6 8 0 0.00 0.0 0 6.9 18 310 M M 0 27 290
5 66 35 51 0 14 0 0.00 0.0 0 3.8 16 270 M M 0 1 21 360
6 58 35 47 -4 18 0 0.00 0.0 0 4.4 12 10 M M 0 18 10
7 61 31 46 -5 19 0 0.00 0.0 0 5.6 14 190 M M 0 1 18 220
8 70 43 57 6 8 0 T 0.0 0 8.4 24 170 M M 7 34 180
9 78 53 66 16 0 1 1.19 0.0 0 9.4 18 330 M M 6 13 33 350
10 53 33 43 -7 22 0 T 0.0 0 7.6 22 300 M M 2 31 300
11 57 29 43 -7 22 0 0.00 0.0 0 1.1 8 140 M M 0 13 80
12 62 31 47 -3 18 0 0.00 0.0 0 1.6 9 80 M M 0 8 16 40
13 61 36 49 -1 16 0 0.00 0.0 0 4.8 12 50 M M 0 17 70
14 68 44 56 6 9 0 0.00 0.0 0 6.9 18 100 M M 0 23 90
15 69 47 58 8 7 0 0.00 0.0 0 8.0 21 130 M M 1 29 150
16 55 50 53 4 12 0 0.28 0.0 0 3.9 12 120 M M 8 1 18 120
17 57 42 50 1 15 0 T 0.0 0 7.4 16 310 M M 3 1 25 300
18 60 35 48 -1 17 0 0.00 0.0 0 6.1 17 310 M M 0 25 310
19 53 31 42 -7 23 0 0.00 0.0 0 3.6 13 120 M M 0 18 110
20 59 33 46 -3 19 0 0.00 0.0 0 4.1 12 130 M M 0 14 120
21 59 35 47 -2 18 0 0.00 0.0 0 2.8 9 150 M M 0 12 120
22 69 46 58 9 7 0 T 0.0 0 4.3 9 150 M M 2 13 150
23 72 51 62 14 3 0 T 0.0 0 6.5 14 140 M M 8 1 20 140
24 63 58 61 13 4 0 0.86 0.0 0 10.8 18 120 M M 9 1 27 110
25 62 46 54 6 11 0 0.50 0.0 0 8.7 16 300 M M 10 1 21 260
26 56 37 47 -1 18 0 0.00 0.0 0 2.8 9 60 M M 2 15 20
27 60 36 48 0 17 0 0.00 0.0 0 6.3 21 270 M M 2 26 320
28 48 30 39 -9 26 0 0.00 0.0 0 7.3 17 260 M M 4 25 270
29 52 32 42 -6 23 0 0.00 0.0 0 7.6 18 260 M M 2 28 260
30 53 28 41 -7 24 0 0.00 0.0 0 1.6 12 290 M M 0 18 14 290
31 65 29 47 -1 18 0 0.00 0.0 0 4.3 14 220 M M 0 18 19 220
================================================================================
SM 1924 1252 422 3 3.39 0.0 170.9 M 87
================================================================================
AV 62.1 40.4 5.5 FASTST M M 3 MAX(MPH)
MISC ----> 24 170 34 180
================================================================================
NOTES:
# LAST OF SEVERAL OCCURRENCES
COLUMN 17 PEAK WIND IN M.P.H.
PRELIMINARY LOCAL CLIMATOLOGICAL DATA (WS FORM: F-6) , PAGE 2
STATION: JACKSON HAWKINS
MONTH: DECEMBER
YEAR: 2023
LATITUDE: 32 20 N
LONGITUDE: 90 14 W
[TEMPERATURE DATA] [PRECIPITATION DATA] SYMBOLS USED IN COLUMN 16
AVERAGE MONTHLY: 51.2 TOTAL FOR MONTH: 3.39 1 = FOG OR MIST
DPTR FM NORMAL: 1.7 DPTR FM NORMAL: -1.32 2 = FOG REDUCING VISIBILITY
HIGHEST: 78 ON 9 GRTST 24HR 1.36 ON 24-25 TO 1/4 MILE OR LESS
LOWEST: 28 ON 30 3 = THUNDER
SNOW, ICE PELLETS, HAIL 4 = ICE PELLETS
TOTAL MONTH: 0.0 INCH 5 = HAIL
GRTST 24HR 0.0 6 = FREEZING RAIN OR DRIZZLE
GRTST DEPTH: 0 7 = DUSTSTORM OR SANDSTORM:
VSBY 1/2 MILE OR LESS
8 = SMOKE OR HAZE
[NO. OF DAYS WITH] [WEATHER - DAYS WITH] 9 = BLOWING SNOW
X = TORNADO
MAX 32 OR BELOW: 0 0.01 INCH OR MORE: 6
MAX 90 OR ABOVE: 0 0.10 INCH OR MORE: 5
MIN 32 OR BELOW: 8 0.50 INCH OR MORE: 4
MIN 0 OR BELOW: 0 1.00 INCH OR MORE: 1
[HDD (BASE 65) ]
TOTAL THIS MO. 422 CLEAR (SCALE 0-3) 21
DPTR FM NORMAL -69 PTCLDY (SCALE 4-7) 7
TOTAL FM JUL 1 757 CLOUDY (SCALE 8-10) 3
DPTR FM NORMAL -105
[CDD (BASE 65) ]
TOTAL THIS MO. 3
DPTR FM NORMAL -7 [PRESSURE DATA]
TOTAL FM JAN 1 2860 HIGHEST SLP 30.57 ON 13
DPTR FM NORMAL 337 LOWEST SLP 29.74 ON 25
[REMARKS]
#FINAL-12-23#