000
CXUS53 KGLD 012043
CF6HLC
PRELIMINARY LOCAL CLIMATOLOGICAL DATA (WS FORM: F-6)
STATION: HILL CITY KS
MONTH: AUGUST
YEAR: 2023
LATITUDE: 39 22 N
LONGITUDE: 99 50 W
TEMPERATURE IN F: :PCPN: SNOW: WIND :SUNSHINE: SKY :PK WND
================================================================================
1 2 3 4 5 6A 6B 7 8 9 10 11 12 13 14 15 16 17 18
12Z AVG MX 2MIN
DY MAX MIN AVG DEP HDD CDD WTR SNW DPTH SPD SPD DIR MIN PSBL S-S WX SPD DR
================================================================================
1 98 74 86 7 0 21 0.00 M M 9.3 16 40 M M 5 8 16 60
2 97 69 83 4 0 18 0.06 M M 8.8 24 330 M M 0 33 290
3 94 71 83 4 0 18 0.07 M M 11.3 20 350 M M 3 13 25 360
4 90 65 78 -1 0 13 0.87 M M 7.3 35 310 M M 2 13 52 300
5 91 65 78 -1 0 13 0.89 M M 7.3 47 300 M M 2 13 72 280
6 83 62 73 -6 0 8 0.00 M M 13.6 28 360 M M 1 38 330
7 85 63 74 -4 0 9 0.27 M M 6.9 23 30 M M 3 13 30 140
8 85 60 73 -5 0 8 0.01 M M 6.3 17 130 M M 4 22 140
9 85 64 75 -3 0 10 0.31 M M 7.4 18 210 M M 4 3 31 210
10 95 61 78 0 0 13 0.00 M M 8.1 16 230 M M 0 24 230
11 98 65 82 4 0 17 0.00 M M 5.8 15 270 M M 0 21 280
12 89 69 79 1 0 14 0.01 M M 7.7 26 210 M M 1 1 43 220
13 86 62 74 -4 0 9 T M M 9.3 30 360 M M 4 38 350
14 84 54 69 -8 0 4 0.00 M M 10.3 26 330 M M 0 35 330
15 90 53 72 -5 0 7 0.00 M M 4.0 13 170 M M 0 19 170
16 99 65 82 5 0 17 0.00 M M 8.5 21 210 M M 0 27 220
17 88 67 78 1 0 13 0.00 M M 9.8 18 50 M M 0 25 50
18 97 61 79 2 0 14 0.00 M M 10.6 22 170 M M 0 32 150
19 107 73 90 14 0 25 0.00 M M 7.1 15 200 M M 0 22 200
20 107 71 89 13 0 24 0.00 M M 6.4 18 170 M M 1 18 25 170
21 107 67 87 11 0 22 0.00 M M 8.4 22 210 M M 0 32 190
22 106 72 89 13 0 24 0.00 M M 9.3 18 210 M M 0 28 220
23 107 74 91 15 0 26 0.00 M M 9.4 20 230 M M 0 33 200
24 104 72 88 13 0 23 0.00 M M 8.6 20 220 M M 0 27 220
25 104 70 87 12 0 22 0.29 M M 8.6 44 340 M M 2 138 59 330
26 83 60 72 -3 0 7 0.00 M M 10.4 18 20 M M 3 26 20
27 87 54 71 -4 0 6 0.00 M M 2.5 12 100 M M 0 1 16 80
28 93 57 75 1 0 10 0.41 M M 4.3 18 270 M M 3 38 23 270
29 93 61 77 3 0 12 0.00 M M 5.6 15 40 M M 0 25 10
30 91 58 75 1 0 10 0.00 M M 6.7 16 130 M M 0 18 23 140
31 97 58 78 4 0 13 0.00 M M 11.3 23 160 M M 0 8 32 170
================================================================================
SM 2920 1997 0 450 3.19 M 250.9 M 38
================================================================================
AV 94.2 64.4 8.1 FASTST M M 1 MAX(MPH)
MISC ----> 47 300 72 280
================================================================================
NOTES:
# LAST OF SEVERAL OCCURRENCES
COLUMN 17 PEAK WIND IN M.P.H.
PRELIMINARY LOCAL CLIMATOLOGICAL DATA (WS FORM: F-6) , PAGE 2
STATION: HILL CITY KS
MONTH: AUGUST
YEAR: 2023
LATITUDE: 39 22 N
LONGITUDE: 99 50 W
[TEMPERATURE DATA] [PRECIPITATION DATA] SYMBOLS USED IN COLUMN 16
AVERAGE MONTHLY: 79.3 TOTAL FOR MONTH: 3.19 1 = FOG OR MIST
DPTR FM NORMAL: 2.5 DPTR FM NORMAL: 0.24 2 = FOG REDUCING VISIBILITY
HIGHEST: 107 ON 23,21 GRTST 24HR 0.94 ON 3- 4 TO 1/4 MILE OR LESS
LOWEST: 53 ON 15 3 = THUNDER
SNOW, ICE PELLETS, HAIL 4 = ICE PELLETS
TOTAL MONTH: M 5 = HAIL
GRTST 24HR M ON M 6 = FREEZING RAIN OR DRIZZLE
GRTST DEPTH: M ON M 7 = DUSTSTORM OR SANDSTORM:
VSBY 1/2 MILE OR LESS
8 = SMOKE OR HAZE
[NO. OF DAYS WITH] [WEATHER - DAYS WITH] 9 = BLOWING SNOW
X = TORNADO
MAX 32 OR BELOW: 0 0.01 INCH OR MORE: 10
MAX 90 OR ABOVE: 21 0.10 INCH OR MORE: 6
MIN 32 OR BELOW: 0 0.50 INCH OR MORE: 2
MIN 0 OR BELOW: 0 1.00 INCH OR MORE: 0
[HDD (BASE 65) ]
TOTAL THIS MO. 0 CLEAR (SCALE 0-3) 26
DPTR FM NORMAL -2 PTCLDY (SCALE 4-7) 5
TOTAL FM JUL 1 0 CLOUDY (SCALE 8-10) 0
DPTR FM NORMAL -1
[CDD (BASE 65) ]
TOTAL THIS MO. 450
DPTR FM NORMAL 82 [PRESSURE DATA]
TOTAL FM JAN 1 1288 HIGHEST SLP 30.22 ON 15
DPTR FM NORMAL 82 LOWEST SLP 29.68 ON 10
[REMARKS]
#FINAL-08-23#