000
CXHW50 PHFO 011250
CF6HNL
PRELIMINARY LOCAL CLIMATOLOGICAL DATA (WS FORM: F-6)
STATION: HONOLULU HI
MONTH: AUGUST
YEAR: 2020
LATITUDE: 21 21 N
LONGITUDE: 157 56 W
TEMPERATURE IN F: :PCPN: SNOW: WIND :SUNSHINE: SKY :PK WND
================================================================================
1 2 3 4 5 6A 6B 7 8 9 10 11 12 13 14 15 16 17 18
12Z AVG MX 2MIN
DY MAX MIN AVG DEP HDD CDD WTR SNW DPTH SPD SPD DIR MIN PSBL S-S WX SPD DR
================================================================================
1 89 77 83 1 0 18 0.00 0.0 M 12.7 23 70 M M M 28 80
2 88 76 82 0 0 17 T 0.0 M 13.2 22 60 M M M 29 60
3 90 73 82 0 0 17 0.01 0.0 M 11.6 23 50 M M M 29 60
4 89 76 83 1 0 18 T 0.0 M 12.0 22 70 M M M 27 50
5 89 78 84 2 0 19 T 0.0 M 13.8 22 60 M M M 29 60
6 90 78 84 2 0 19 T 0.0 M 11.9 21 60 M M M 29 60
7 89 77 83 1 0 18 T 0.0 M 11.5 21 50 M M M 25 60
8 89 78 84 2 0 19 T 0.0 M 15.6 25 50 M M M 35 80
9 88 77 83 1 0 18 T 0.0 M 13.5 23 70 M M M 30 60
10 88 77 83 1 0 18 0.00 0.0 M 13.3 23 60 M M M 30 60
11 90 74 82 0 0 17 T 0.0 M 10.6 20 60 M M M 27 80
12 89 75 82 0 0 17 T 0.0 M 10.7 18 50 M M M 27 70
13 90 77 84 2 0 19 T 0.0 M 11.2 20 60 M M M 29 60
14 90 76 83 1 0 18 0.00 0.0 M 9.9 21 70 M M M 30 60
15 90 77 84 2 0 19 0.00 0.0 M 10.2 23 60 M M M 29 80
16 90 76 83 1 0 18 0.00 0.0 M 9.2 18 40 M M M 24 50
17 89 75 82 0 0 17 0.02 0.0 M 8.3 21 60 M M M 25 70
18 89 75 82 0 0 17 T 0.0 M 12.1 28 80 M M M 34 80
19 90 76 83 1 0 18 0.00 0.0 M 14.3 24 70 M M M 30 50
20 90 78 84 2 0 19 0.00 0.0 M 13.8 24 70 M M M 33 70
21 90 77 84 2 0 19 0.00 0.0 M 11.5 22 70 M M M 29 70
22 90 77 84 2 0 19 0.00 0.0 M 10.1 21 80 M M M 26 60
23 91 79 85 3 0 20 0.00 0.0 M 13.4 24 80 M M M 29 70
24 90 79 85 3 0 20 0.00 0.0 M 13.7 22 70 M M M 30 70
25 92 77 85 3 0 20 0.00 0.0 M 11.0 23 70 M M M 30 80
26 90 77 84 2 0 19 0.00 0.0 M 11.8 23 80 M M M 29 60
27 90 76 83 1 0 18 0.00 0.0 M 12.5 20 80 M M M 24 70
28 90 75 83 1 0 18 0.10 0.0 M 11.8 23 60 M M M 1 32 70
29 90 78 84 2 0 19 T 0.0 M 13.6 23 50 M M M 29 50
30 90 78 84 2 0 19 T 0.0 M 15.1 24 50 M M M 31 60
31 88 77 83 1 0 18 T 0.0 M 14.7 24 60 M M M 33 70
================================================================================
SM 2777 2376 0 569 0.13 0.0 378.6 M M
================================================================================
AV 89.6 76.7 12.2 FASTST M M 0 MAX(MPH)
MISC ----> # 28 80 # 35 80
================================================================================
NOTES:
# LAST OF SEVERAL OCCURRENCES
COLUMN 17 PEAK WIND IN M.P.H.
PRELIMINARY LOCAL CLIMATOLOGICAL DATA (WS FORM: F-6) , PAGE 2
STATION: HONOLULU HI
MONTH: AUGUST
YEAR: 2020
LATITUDE: 21 21 N
LONGITUDE: 157 56 W
[TEMPERATURE DATA] [PRECIPITATION DATA] SYMBOLS USED IN COLUMN 16
AVERAGE MONTHLY: 83.1 TOTAL FOR MONTH: 0.13 1 = FOG OR MIST
DPTR FM NORMAL: 1.2 DPTR FM NORMAL: -0.43 2 = FOG REDUCING VISIBILITY
HIGHEST: 92 ON 25 GRTST 24HR 0.10 ON 28-28 TO 1/4 MILE OR LESS
LOWEST: 73 ON 3 3 = THUNDER
SNOW, ICE PELLETS, HAIL 4 = ICE PELLETS
TOTAL MONTH: 0.0 INCH 5 = HAIL
GRTST 24HR 0.0 6 = FREEZING RAIN OR DRIZZLE
GRTST DEPTH: M ON M 7 = DUSTSTORM OR SANDSTORM:
VSBY 1/2 MILE OR LESS
8 = SMOKE OR HAZE
[NO. OF DAYS WITH] [WEATHER - DAYS WITH] 9 = BLOWING SNOW
X = TORNADO
MAX 32 OR BELOW: 0 0.01 INCH OR MORE: 3
MAX 90 OR ABOVE: 19 0.10 INCH OR MORE: 1
MIN 32 OR BELOW: 0 0.50 INCH OR MORE: 0
MIN 0 OR BELOW: 0 1.00 INCH OR MORE: 0
[HDD (BASE 65) ]
TOTAL THIS MO. 0 CLEAR (SCALE 0-3) 0
DPTR FM NORMAL 0 PTCLDY (SCALE 4-7) 0
TOTAL FM JUL 1 0 CLOUDY (SCALE 8-10) 0
DPTR FM NORMAL 0
[CDD (BASE 65) ]
TOTAL THIS MO. 569
DPTR FM NORMAL 45 [PRESSURE DATA]
TOTAL FM JAN 1 3324 HIGHEST SLP 30.10 ON 9
DPTR FM NORMAL 340 LOWEST SLP 29.89 ON 12
[REMARKS]
#FINAL-08-20#