000
CXUS54 KMAF 011210
CF6HOB
PRELIMINARY LOCAL CLIMATOLOGICAL DATA (WS FORM: F-6)
STATION: LEA AIRPORT, HOBBS
MONTH: JANUARY
YEAR: 2022
LATITUDE: 32 40 N
LONGITUDE: 103-12 E
TEMPERATURE IN F: :PCPN: SNOW: WIND :SUNSHINE: SKY :PK WND
================================================================================
1 2 3 4 5 6A 6B 7 8 9 10 11 12 13 14 15 16 17 18
12Z AVG MX 2MIN
DY MAX MIN AVG DEP HDD CDD WTR SNW DPTH SPD SPD DIR MIN PSBL S-S WX SPD DR
================================================================================
1 59 14 37 M 28 0 0.01 M M 23.0 44 230 M M 3 53 230
2 43 12 28 M 37 0 0.00 M M 9.8 21 330 M M 0 24 320
3 52 19 36 M 29 0 0.00 M M 10.3 18 180 M M 0 M M
4 68 21 45 M 20 0 0.00 M M 12.5 21 250 M M 0 25 250
5 61 36 49 M 16 0 0.00 M M 10.5 18 300 M M 0 23 300
6 45 19 32 M 33 0 0.00 M M 10.7 21 20 M M 0 33 320
7 63 16 40 M 25 0 0.00 M M 8.7 14 190 M M 0 M M
8 72 30 51 M 14 0 0.00 M M 13.9 28 230 M M 0 36 230
9 66 27 47 M 18 0 0.00 M M 13.1 23 360 M M 0 29 360
10 48 23 36 M 29 0 0.00 M M 6.0 10 350 M M 3 M M
11 54 34 44 M 21 0 0.00 M M 6.5 16 180 M M 3 20 170
12 66 27 47 M 18 0 0.00 M M 8.4 12 300 M M 0 M M
13 68 27 48 M 17 0 0.00 M M 6.3 12 290 M M 0 M M
14 73 34 54 M 11 0 0.00 M M 17.4 30 20 M M 3 8 41 20
15 48 25 37 M 28 0 0.00 M M 17.3 33 360 M M 2 43 350
16 68 21 45 M 20 0 0.00 M M 9.4 16 300 M M 0 24 300
17 64 23 44 M 21 0 0.00 M M 8.8 13 210 M M 0 18 200
18 70 37 54 M 11 0 0.00 M M 14.7 23 230 M M 0 31 260
19 50 30 40 M 25 0 0.00 M M 15.9 25 330 M M 2 7 32 330
20 32 18 25 M 40 0 0.00 M M 10.7 17 20 M M 9 26 20
21 50 12 31 M 34 0 0.00 M M 9.6 17 160 M M 1 23 160
22 39 18 29 M 36 0 0.00 M M 6.5 10 60 M M 6 M M
23 54 28 41 M 24 0 0.00 M M 3.5 9 200 M M 5 12 40
24 61 25 43 M 22 0 0.00 M M 7.7 14 290 M M 1 21 280
25 59 27 43 M 22 0 0.00 M M 12.9 22 80 M M 0 29 70
26 32 23 28 M 37 0 0.00 M M 10.5 24 60 M M 10 1 31 60
27 52 19 36 M 29 0 0.00 M M 10.6 16 40 M M 5 12 24 30
28 50 19 35 M 30 0 0.00 M M 8.4 17 20 M M 1 17 360
29 61 21 41 M 24 0 0.00 M M 9.3 13 250 M M 0 16 210
30 63 18 41 M 24 0 0.00 M M 6.9 13 170 M M 1 16 190
31 64 28 46 M 19 0 0.00 M M 8.9 13 230 M M 1 21 290
================================================================================
SM 1755 731 762 0 0.01 M 328.4 M 56
================================================================================
AV 56.6 23.6 10.6 FASTST M M 2 MAX(MPH)
MISC ----> 44 230 53 230
================================================================================
NOTES:
# LAST OF SEVERAL OCCURRENCES
COLUMN 17 PEAK WIND IN M.P.H.
PRELIMINARY LOCAL CLIMATOLOGICAL DATA (WS FORM: F-6) , PAGE 2
STATION: LEA AIRPORT, HOBBS
MONTH: JANUARY
YEAR: 2022
LATITUDE: 32 40 N
LONGITUDE: 103-12 E
[TEMPERATURE DATA] [PRECIPITATION DATA] SYMBOLS USED IN COLUMN 16
AVERAGE MONTHLY: 40.1 TOTAL FOR MONTH: 0.01 1 = FOG OR MIST
DPTR FM NORMAL: 0.0 DPTR FM NORMAL: M 2 = FOG REDUCING VISIBILITY
HIGHEST: 73 ON 14 GRTST 24HR 0.01 ON 20-20 TO 1/4 MILE OR LESS
LOWEST: 12 ON 21, 2 3 = THUNDER
SNOW, ICE PELLETS, HAIL 4 = ICE PELLETS
TOTAL MONTH: M 5 = HAIL
GRTST 24HR M ON M 6 = FREEZING RAIN OR DRIZZLE
GRTST DEPTH: M ON M 7 = DUSTSTORM OR SANDSTORM:
VSBY 1/2 MILE OR LESS
8 = SMOKE OR HAZE
[NO. OF DAYS WITH] [WEATHER - DAYS WITH] 9 = BLOWING SNOW
X = TORNADO
MAX 32 OR BELOW: 2 0.01 INCH OR MORE: 1
MAX 90 OR ABOVE: 0 0.10 INCH OR MORE: 0
MIN 32 OR BELOW: 27 0.50 INCH OR MORE: 0
MIN 0 OR BELOW: 0 1.00 INCH OR MORE: 0
[HDD (BASE 65) ]
TOTAL THIS MO. 762 CLEAR (SCALE 0-3) 24
DPTR FM NORMAL M PTCLDY (SCALE 4-7) 5
TOTAL FM JUL 1 1589 CLOUDY (SCALE 8-10) 2
DPTR FM NORMAL M
[CDD (BASE 65) ]
TOTAL THIS MO. 0
DPTR FM NORMAL M [PRESSURE DATA]
TOTAL FM JAN 1 0 HIGHEST SLP M ON M
DPTR FM NORMAL M LOWEST SLP M ON M
[REMARKS]
#FINAL-01-22#