000
CXUS54 KMAF 011110
CF6HOB
PRELIMINARY LOCAL CLIMATOLOGICAL DATA (WS FORM: F-6)
STATION: LEA AIRPORT, HOBBS
MONTH: AUGUST
YEAR: 2021
LATITUDE: 32 40 N
LONGITUDE: 103-12 E
TEMPERATURE IN F: :PCPN: SNOW: WIND :SUNSHINE: SKY :PK WND
================================================================================
1 2 3 4 5 6A 6B 7 8 9 10 11 12 13 14 15 16 17 18
12Z AVG MX 2MIN
DY MAX MIN AVG DEP HDD CDD WTR SNW DPTH SPD SPD DIR MIN PSBL S-S WX SPD DR
================================================================================
1 86 66 76 M 0 11 0.34 M M 9.2 16 50 M M 7 3 24 50
2 81 66 74 M 0 9 0.16 M M 8.0 14 20 M M 8 18 21 20
3 84 59 72 M 0 7 0.00 M M 4.7 9 80 M M 1 8 M M
4 86 59 73 M 0 8 0.00 M M 6.8 12 90 M M 3 15 90
5 90 64 77 M 0 12 0.00 M M 5.6 13 190 M M 4 M M
6 91 63 77 M 0 12 0.00 M M 8.4 14 200 M M 1 20 200
7 97 64 81 M 0 16 0.00 M M 11.1 15 180 M M 0 23 180
8 99 68 84 M 0 19 0.00 M M 6.7 16 180 M M 0 22 180
9 99 70 85 M 0 20 0.00 M M 16.4116 180 M M 1 3 30 150
10 97 68 83 M 0 18 0.00 M M 10.3 17 190 M M 1 25 190
11 93 66 80 M 0 15 0.00 M M 8.9 18 170 M M 1 25 170
12 90 72 81 M 0 16 0.00 M M 10.4 17 80 M M 6 26 190
13 82 68 75 M 0 10 0.02 M M 7.9 23 110 M M 7 31 110
14 72 66 69 M 0 4 0.00 M M 7.1 12 80 M M 7 17 70
15 84 66 75 M 0 10 0.00 M M 5.9 13 170 M M 7 1 14 170
16 84 64 74 M 0 9 0.00 M M 6.9 14 180 M M 5 13 18 240
17 82 64 73 M 0 8 0.00 M M 7.0 13 120 M M 7 1 14 140
18 90 64 77 M 0 12 0.00 M M 8.3 18 200 M M 5 12 24 200
19 93 68 81 M 0 16 0.00 M M 11.0 15 190 M M 1 23 180
20 95 68 82 M 0 17 0.00 M M 9.2 17 160 M M 0 25 160
21 91 66 79 M 0 14 0.00 M M 6.5 18 360 M M 2 3 25 360
22 99 72 86 M 0 21 0.00 M M 10.0 14 180 M M 1 M M
23 93 66 80 M 0 15 0.00 M M 7.4 12 200 M M 0 M M
24 95 66 81 M 0 16 0.00 M M 8.2 14 200 M M 0 M M
25 93 66 80 M 0 15 0.00 M M 10.3 16 120 M M 0 21 120
26 90 66 78 M 0 13 0.00 M M 7.0 12 170 M M 2 18 110
27 91 66 79 M 0 14 0.00 M M 6.8 10 110 M M 1 M M
28 90 66 78 M 0 13 0.00 M M 7.9 12 120 M M 1 17 130
29 88 64 76 M 0 11 0.00 M M 7.6 16 100 M M 2 22 90
30 90 64 77 M 0 12 0.00 M M 5.5 10 110 M M 1 18 110
31 93 66 80 M 0 15 0.38 M M 6.3 20 210 M M 4 45 130
================================================================================
SM 2788 2041 0 408 0.90 M 252.8 M 86
================================================================================
AV 89.9 65.8 8.2 FASTST M M 3 MAX(MPH)
MISC ----> 116 180 45 130
================================================================================
NOTES:
# LAST OF SEVERAL OCCURRENCES
COLUMN 17 PEAK WIND IN M.P.H.
PRELIMINARY LOCAL CLIMATOLOGICAL DATA (WS FORM: F-6) , PAGE 2
STATION: LEA AIRPORT, HOBBS
MONTH: AUGUST
YEAR: 2021
LATITUDE: 32 40 N
LONGITUDE: 103-12 E
[TEMPERATURE DATA] [PRECIPITATION DATA] SYMBOLS USED IN COLUMN 16
AVERAGE MONTHLY: 77.9 TOTAL FOR MONTH: 0.90 1 = FOG OR MIST
DPTR FM NORMAL: 0.0 DPTR FM NORMAL: M 2 = FOG REDUCING VISIBILITY
HIGHEST: 99 ON 22, 9 GRTST 24HR 0.38 ON 31-31 TO 1/4 MILE OR LESS
LOWEST: 59 ON 4, 3 3 = THUNDER
SNOW, ICE PELLETS, HAIL 4 = ICE PELLETS
TOTAL MONTH: M 5 = HAIL
GRTST 24HR M ON M 6 = FREEZING RAIN OR DRIZZLE
GRTST DEPTH: M ON M 7 = DUSTSTORM OR SANDSTORM:
VSBY 1/2 MILE OR LESS
8 = SMOKE OR HAZE
[NO. OF DAYS WITH] [WEATHER - DAYS WITH] 9 = BLOWING SNOW
X = TORNADO
MAX 32 OR BELOW: 0 0.01 INCH OR MORE: 4
MAX 90 OR ABOVE: 21 0.10 INCH OR MORE: 3
MIN 32 OR BELOW: 0 0.50 INCH OR MORE: 0
MIN 0 OR BELOW: 0 1.00 INCH OR MORE: 0
[HDD (BASE 65) ]
TOTAL THIS MO. 0 CLEAR (SCALE 0-3) 19
DPTR FM NORMAL M PTCLDY (SCALE 4-7) 12
TOTAL FM JUL 1 0 CLOUDY (SCALE 8-10) 0
DPTR FM NORMAL M
[CDD (BASE 65) ]
TOTAL THIS MO. 408
DPTR FM NORMAL M [PRESSURE DATA]
TOTAL FM JAN 1 1448 HIGHEST SLP M ON M
DPTR FM NORMAL M LOWEST SLP M ON M
[REMARKS]
#FINAL-08-21#