000
CXUS53 KFSD 021821 CCA
CF6HON
PRELIMINARY LOCAL CLIMATOLOGICAL DATA (WS FORM: F-6)
STATION: HURON
MONTH: FEBRUARY
YEAR: 2023
LATITUDE: 44 22 N
LONGITUDE: 98 13 W
TEMPERATURE IN F: :PCPN: SNOW: WIND :SUNSHINE: SKY :PK WND
================================================================================
1 2 3 4 5 6A 6B 7 8 9 10 11 12 13 14 15 16 17 18
12Z AVG MX 2MIN
DY MAX MIN AVG DEP HDD CDD WTR SNW DPTH SPD SPD DIR MIN PSBL S-S WX SPD DR
================================================================================
1 23 -5 9 -8 56 0 0.00 0.0 5 4.3 9 160 M M 2 12 160
2 19 -5 7 -10 58 0 T T 5 10.6 28 360 M M 2 9 36 350
3 13 -1 6 -11 59 0 0.00 0.0 5 14.5 26 160 M M 4 37 160
4 38 9 24 7 41 0 0.00 0.0 5 7.7 18 270 M M 0 22 270
5 33 16 25 7 40 0 0.00 0.0 5 8.5 18 160 M M 2 1 25 140
6 37 28 33 15 32 0 0.00 0.0 5 16.1 24 320 M M 3 36 160
7 39 23 31 13 34 0 0.00 0.0 5 9.1 20 300 M M 0 26 310
8 36 22 29 11 36 0 0.00 0.0 4 7.9 15 150 M M 1 19 160
9 31 13 22 4 43 0 T T 4 18.1 35 350 M M 3 16 47 360
10 32 6 19 0 46 0 0.00 0.0 4 9.6 21 170 M M 0 30 180
11 34 18 26 7 39 0 0.00 0.0 4 5.4 10 170 M M 0 13 170
12 42 15 29 10 36 0 0.00 0.0 4 3.8 12 270 M M 2 12 16 270
13 37 19 28 8 37 0 0.00 0.0 4 9.6 18 170 M M 0 25 160
14 38 24 31 11 34 0 T T 4 16.9 43 330 M M 5 1 54 320
15 24 7 16 -4 49 0 T T 4 18.7 41 330 M M 4 19 55 340
16 22 3 13 -8 52 0 0.00 0.0 3 2.7 8 70 M M 1 11 60
17 35 5 20 -1 45 0 0.00 0.0 3 9.4 18 180 M M 0 24 170
18 35 15 25 4 40 0 0.00 0.0 2 5.0 15 140 M M 0 12 20 150
19 30 19 25 3 40 0 0.00 0.0 2 8.2 20 350 M M 7 12 25 340
20 39 9 24 2 41 0 0.00 0.0 2 15.1 30 360 M M 5 1 38 360
21 16 6 11 -11 54 0 0.24 3.0 T 13.5 25 30 M M 8 12 34 30
22 9 -1 4 -19 61 0 0.55 11.0 4 19.8 28 10 M M 10 12 41 10
23 0 -21 -10 -33 75 0 0.13 3.0 16 17.0 24 340 M M 6 19 38 350
24 0 -23 -11 -35 76 0 T T 17 6.0 14 170 M M 5 21 160
25 29 -9 10 -14 55 0 0.00 0.0 17 6.2 16 160 M M 0 1 23 170
26 38 1 20 -5 45 0 0.00 0.0 14 13.1 24 160 M M 2 12 34 180
27 38 19 29 4 36 0 0.00 0.0 10 10.4 28 330 M M 4 12 33 330
28 34 23 29 3 36 0 0.01 T 10 12.7 26 150 M M 9 1 38 150
================================================================================
SM 801 235 1296 0 0.93 17.0 299.9 M 85
================================================================================
AV 28.6 8.4 10.7 FASTST M M 3 MAX(MPH)
MISC ----> 43 330 55 340
================================================================================
NOTES:
# LAST OF SEVERAL OCCURRENCES
-COLUMN 17 PEAK WIND IN M.P.H.
-PRECIPITATION AMOUNTS IN COLUMNS 7,8 AND 9 ARE THE OFFICIAL
PRECIPITATION AMOUNTS FOR HURON, SD.
-SNOW DEPTH IN COLUMN 9 IS RECORDED AT 6 AM CST (12Z).
PRELIMINARY LOCAL CLIMATOLOGICAL DATA (WS FORM: F-6) , PAGE 2
STATION: HURON
MONTH: FEBRUARY
YEAR: 2023
LATITUDE: 44 22 N
LONGITUDE: 98 13 W
[TEMPERATURE DATA] [PRECIPITATION DATA] SYMBOLS USED IN COLUMN 16
AVERAGE MONTHLY: 18.5 TOTAL FOR MONTH: 0.93 1 = FOG OR MIST
DPTR FM NORMAL: -2.0 DPTR FM NORMAL: 0.18 2 = FOG REDUCING VISIBILITY
HIGHEST: 42 ON 12 GRTST 24HR 0.57 ON 22-23 TO 1/4 MILE OR LESS
LOWEST: -23 ON 24 3 = THUNDER
SNOW, ICE PELLETS, HAIL 4 = ICE PELLETS
TOTAL MONTH: 17.0 INCHES 5 = HAIL
GRTST 24HR 11.9 ON 22-23 6 = FREEZING RAIN OR DRIZZLE
GRTST DEPTH: 17 ON 25,24 7 = DUSTSTORM OR SANDSTORM:
VSBY 1/2 MILE OR LESS
8 = SMOKE OR HAZE
[NO. OF DAYS WITH] [WEATHER - DAYS WITH] 9 = BLOWING SNOW
X = TORNADO
MAX 32 OR BELOW: 13 0.01 INCH OR MORE: 4
MAX 90 OR ABOVE: 0 0.10 INCH OR MORE: 3
MIN 32 OR BELOW: 28 0.50 INCH OR MORE: 1
MIN 0 OR BELOW: 7 1.00 INCH OR MORE: 0
[HDD (BASE 65) ]
TOTAL THIS MO. 1296 CLEAR (SCALE 0-3) 15
DPTR FM NORMAL 50 PTCLDY (SCALE 4-7) 11
TOTAL FM JUL 1 5916 CLOUDY (SCALE 8-10) 2
DPTR FM NORMAL 106
[CDD (BASE 65) ]
TOTAL THIS MO. 0
DPTR FM NORMAL 0 [PRESSURE DATA]
TOTAL FM JAN 1 0 HIGHEST SLP 30.83 ON 24
DPTR FM NORMAL 0 LOWEST SLP 29.15 ON 14
[REMARKS]
RECORD DAILY PRECIPITATION WAS ESTABLISHED ON THE 21ST WITH 0.24
INCHES. THE PREVIOUS RECORD WAS 0.15 INCHES IN 1957 AND 1962.
RECORD DAILY PRECIPITATION WAS ESTABLISHED ON THE 22ND WITH 0.55
INCHES. THE PREVIOUS RECORD WAS 0.37 INCHES IN 1922.
RECORD DAILY SNOWFALL WAS ESTABLISHED ON THE 22ND WITH 11.0 INCHES.
THE PREVIOUS RECORD WAS 7.0 INCHES IN 1965.
RECORD LOW DAILY MAXIMUM TEMPERATURE WAS ESTABLISHED ON THE 24TH
WITH 0 DEGREES. THE PREVIOUS RECORD WAS 5 DEGREES IN 1955.
#FINAL-02-23#