000
CXUS54 KLZK 011130
CF6HOT
PRELIMINARY LOCAL CLIMATOLOGICAL DATA (WS FORM: F-6)
STATION: HOT SPRINGS MEMORIAL FIELD
MONTH: JULY
YEAR: 2021
LATITUDE: 34 28 N
LONGITUDE: 93 6 W
TEMPERATURE IN F: :PCPN: SNOW: WIND :SUNSHINE: SKY :PK WND
================================================================================
1 2 3 4 5 6A 6B 7 8 9 10 11 12 13 14 15 16 17 18
12Z AVG MX 2MIN
DY MAX MIN AVG DEP HDD CDD WTR SNW DPTH SPD SPD DIR MIN PSBL S-S WX SPD DR
================================================================================
1 91 74 83 1 0 18 2.04 M M 3.1 16 300 M M 5 1238 27 290
2 87 66 77 -5 0 12 T M M 4.7 17 70 M M 4 18 23 50
3 86 61 74 -8 0 9 0.00 M M 4.7 17 60 M M 0 24 80
4 87 60 74 -8 0 9 0.00 M M 3.5 10 140 M M 0 8 14 140
5 88 64 76 -6 0 11 0.00 M M 3.5 12 140 M M 1 18 17 130
6 92 67 80 -2 0 15 0.00 M M 3.5 14 140 M M 1 3 19 140
7 93 73 83 1 0 18 0.05 M M 2.8 12 40 M M 2 13 17 290
8 94 73 84 2 0 19 T M M 3.0 13 150 M M 1 3 18 190
9 93 76 85 3 0 20 0.00 M M 6.6 15 190 M M 2 21 200
10 93 69 81 -1 0 16 0.01 M M 8.4 24 360 M M 6 13 33 360
11 87 68 78 -5 0 13 0.49 M M 5.1 20 240 M M 7 13 29 230
12 88 68 78 -5 0 13 0.00 M M 3.5 15 240 M M 3 1 20 230
13 92 69 81 -2 0 16 0.00 M M 3.2 12 250 M M 2 1 16 290
14 93 71 82 -1 0 17 0.00 M M 3.9 14 240 M M 0 19 180
15 92 74 83 0 0 18 0.00 M M 6.5 15 190 M M 2 22 180
16 89 73 81 -2 0 16 0.03 M M 5.0 15 240 M M 6 18 20 270
17 90 72 81 -2 0 16 T M M 4.3 21 60 M M 5 138 25 60
18 84 73 79 -4 0 14 0.24 M M 2.3 10 290 M M 5 13 17 270
19 86 73 80 -3 0 15 0.00 M M 4.6 15 60 M M 6 1 19 70
20 88 71 80 -3 0 15 0.00 M M 7.1 17 60 M M 2 23 60
21 89 69 79 -4 0 14 T M M 3.5 13 60 M M 3 18 17 80
22 92 74 83 0 0 18 0.03 M M 2.1 12 90 M M 4 18 14 70
23 93 73 83 0 0 18 0.00 M M 3.1 14 230 M M 1 17 250
24 95 75 85 2 0 20 0.00 M M 3.1 12 240 M M 2 1 16 230
25 96 76 86 3 0 21 0.00 M M 2.1 14 260 M M 0 13 19 250
26 96 76 86 3 0 21 0.00 M M 1.8 12 230 M M 1 3 15 230
27 96 78 87 4 0 22 0.00 M M 1.7 9 210 M M 1 3 14 190
28 97 76 87 4 0 22 0.00 M M 3.1 12 60 M M 0 16 110
29 98 74 86 3 0 21 0.00 M M 2.0 9 80 M M 1 1 10 80
30 100 75 88 5 0 23 0.00 M M 2.7 9 230 M M 1 1 12 70
31 100 75 88 5 0 23 T 0.0 0 3.4 12 250 M M 0 18 15 240
================================================================================
SM 2845 2216 0 523 2.89 0.0 117.9 M 74
================================================================================
AV 91.8 71.5 3.8 FASTST M M 2 MAX(MPH)
MISC ----> 24 360 33 360
================================================================================
NOTES:
# LAST OF SEVERAL OCCURRENCES
COLUMN 17 PEAK WIND IN M.P.H.
PRELIMINARY LOCAL CLIMATOLOGICAL DATA (WS FORM: F-6) , PAGE 2
STATION: HOT SPRINGS MEMORIAL FIELD
MONTH: JULY
YEAR: 2021
LATITUDE: 34 28 N
LONGITUDE: 93 6 W
[TEMPERATURE DATA] [PRECIPITATION DATA] SYMBOLS USED IN COLUMN 16
AVERAGE MONTHLY: 81.6 TOTAL FOR MONTH: 2.89 1 = FOG OR MIST
DPTR FM NORMAL: -1.2 DPTR FM NORMAL: -1.10 2 = FOG REDUCING VISIBILITY
HIGHEST: 100 ON 30,31 GRTST 24HR 2.04 ON 30- 1 TO 1/4 MILE OR LESS
LOWEST: 60 ON 4 3 = THUNDER
SNOW, ICE PELLETS, HAIL 4 = ICE PELLETS
TOTAL MONTH: 0.0 INCH 5 = HAIL
GRTST 24HR 0.0 6 = FREEZING RAIN OR DRIZZLE
GRTST DEPTH: 0 7 = DUSTSTORM OR SANDSTORM:
VSBY 1/2 MILE OR LESS
8 = SMOKE OR HAZE
[NO. OF DAYS WITH] [WEATHER - DAYS WITH] 9 = BLOWING SNOW
X = TORNADO
MAX 32 OR BELOW: 0 0.01 INCH OR MORE: 7
MAX 90 OR ABOVE: 20 0.10 INCH OR MORE: 3
MIN 32 OR BELOW: 0 0.50 INCH OR MORE: 1
MIN 0 OR BELOW: 0 1.00 INCH OR MORE: 1
[HDD (BASE 65) ]
TOTAL THIS MO. 0 CLEAR (SCALE 0-3) 22
DPTR FM NORMAL 0 PTCLDY (SCALE 4-7) 9
TOTAL FM JUL 1 0 CLOUDY (SCALE 8-10) 0
DPTR FM NORMAL 0
[CDD (BASE 65) ]
TOTAL THIS MO. 523
DPTR FM NORMAL -27 [PRESSURE DATA]
TOTAL FM JAN 1 1135 HIGHEST SLP 30.21 ON 14
DPTR FM NORMAL -130 LOWEST SLP 29.83 ON 11
[REMARKS]
#FINAL-07-21#