000
CXUS54 KBRO 030939
CLMHRL
CLIMATE REPORT
NATIONAL WEATHER SERVICE BROWNSVILLE, TX
439 AM CDT TUE OCT 03 2023
...................................
...THE HARLINGEN CLIMATE SUMMARY FOR THE MONTH OF SEPTEMBER 2023...
CLIMATE NORMAL PERIOD 1991 TO 2020
CLIMATE RECORD PERIOD 1912 TO 2023
WEATHER OBSERVED NORMAL DEPART LAST YEAR`S
VALUE DATE(S) VALUE FROM VALUE DATE(S)
NORMAL
................................................................
TEMPERATURE (F)
HIGHEST 103 09/08 97 6 96 09/19
LOWEST 71 09/02 63 8 61 09/30
09/20
AVG. MAXIMUM 98.6 92.2 6.4 92.3
AVG. MINIMUM 74.1 72.5 1.6 71.4
MEAN 86.3 82.3 4.0 81.8
DAYS MAX >= 90 30 22.1 7.9 26
DAYS MAX <= 32 0 0.0 0.0 0
DAYS MIN <= 32 0 0.0 0.0 0
DAYS MIN <= 0 0 0.0 0.0 0
PRECIPITATION (INCHES)
TOTALS 2.95 5.31 -2.36 2.53
DAILY AVG. 0.10 0.18 -0.08 0.09
DAYS >= .01 4 11.1 -7.1 10
DAYS >= .10 2 7.1 -5.1
DAYS >= .50 1 3.2 -2.2
DAYS >= 1.00 1 1.5 -0.5
GREATEST
24 HR. TOTAL 2.50 09/16 TO 09/17
STORM TOTAL 2.43
(MM/DD(HH))
SNOWFALL (INCHES)
TOTALS 0.0 MM MM 0.0
SINCE 7/1 0.0 MM MM MM
DEGREE DAYS
HEATING TOTAL 0 0 0 0
SINCE 7/1 0 0 0 MM
COOLING TOTAL 647 520 127 510
SINCE 1/1 4103 3610 493 MM
................................................................
WIND (MPH)
AVERAGE WIND SPEED 8.5
HIGHEST WIND SPEED/DIRECTION 48/310 DATE 09/16
HIGHEST GUST SPEED/DIRECTION 74/070 DATE 09/16
SKY COVER
POSSIBLE SUNSHINE (PERCENT) MM
AVERAGE SKY COVER 0.10
NUMBER OF DAYS FAIR 30
NUMBER OF DAYS PC 0
NUMBER OF DAYS CLOUDY 0
AVERAGE RH (PERCENT) 71
WEATHER CONDITIONS. NUMBER OF DAYS WITH
THUNDERSTORM 2 MIXED PRECIP 0
HEAVY RAIN 2 RAIN 1
LIGHT RAIN 5 FREEZING RAIN 0
LT FREEZING RAIN 0 HAIL 0
HEAVY SNOW 0 SNOW 0
LIGHT SNOW 0 SLEET 0
FOG 6 FOG W/VIS <= 1/4 MILE 1
HAZE 0
- INDICATES NEGATIVE NUMBERS.
R INDICATES RECORD WAS SET OR TIED.
MM INDICATES DATA IS MISSING.
T INDICATES TRACE AMOUNT.
$$