000
CXUS54 KLZK 011130
CF6HRO
PRELIMINARY LOCAL CLIMATOLOGICAL DATA (WS FORM: F-6)
STATION: HARRISON
MONTH: SEPTEMBER
YEAR: 2021
LATITUDE: 36 15 N
LONGITUDE: 93 9 W
TEMPERATURE IN F: :PCPN: SNOW: WIND :SUNSHINE: SKY :PK WND
================================================================================
1 2 3 4 5 6A 6B 7 8 9 10 11 12 13 14 15 16 17 18
12Z AVG MX 2MIN
DY MAX MIN AVG DEP HDD CDD WTR SNW DPTH SPD SPD DIR MIN PSBL S-S WX SPD DR
================================================================================
1 91 66 79 4 0 14 0.00 0.0 0 3.1 12 70 M M 1 15 30
2 83 67 75 1 0 10 0.00 0.0 0 8.8 16 150 M M 4 20 150
3 89 66 78 4 0 13 0.00 0.0 0 8.5 15 160 M M 0 18 160
4 94 71 83 9 0 18 1.11 0.0 0 6.5 25 280 M M 6 13 37 280
5 83 62 73 -1 0 8 0.04 0.0 0 4.7 12 50 M M 5 13 17 40
6 86 58 72 -1 0 7 0.00 0.0 0 3.4 12 150 M M 0 1 16 150
7 89 61 75 2 0 10 0.00 0.0 0 4.5 10 260 M M 0 14 270
8 84 58 71 -1 0 6 0.00 0.0 0 7.1 17 340 M M 2 24 350
9 84 55 70 -2 0 5 0.00 0.0 0 3.6 9 300 M M 0 14 290
10 88 59 74 2 0 9 0.00 0.0 0 4.8 14 170 M M 0 17 170
11 88 64 76 4 0 11 0.00 0.0 M 6.3 15 160 M M 0 20 160
12 86 60 73 2 0 8 0.00 0.0 0 4.1 14 170 M M 0 18 160
13 89 61 75 4 0 10 0.00 0.0 0 8.1 17 150 M M 1 22 180
14 90 68 79 9 0 14 0.00 0.0 0 3.4 12 260 M M 3 16 220
15 88 64 76 6 0 11 0.02 0.0 M 5.6 17 70 M M 2 23 70
16 86 65 76 6 0 11 0.00 0.0 M 5.1 14 150 M M 3 12 19 150
17 89 61 75 5 0 10 0.00 0.0 0 3.4 16 70 M M 2 1 21 70
18 86 64 75 6 0 10 0.00 0.0 0 4.4 14 60 M M 4 1 18 60
19 83 66 75 6 0 10 0.00 0.0 0 6.3 13 120 M M 5 18 16 130
20 90 66 78 10 0 13 0.00 0.0 0 8.1 18 150 M M 1 26 130
21 77 55 66 -2 0 1 1.07 0.0 0 7.4 16 340 M M 6 13 22 330
22 73 49 61 -7 4 0 0.00 0.0 0 6.9 17 320 M M 0 24 310
23 75 45 60 -7 5 0 0.00 0.0 0 3.3 10 280 M M 0 14 280
24 81 47 64 -3 1 0 0.00 0.0 0 4.1 13 180 M M 0 17 160
25 79 54 67 0 0 2 0.00 0.0 0 3.7 9 10 M M 0 16 10
26 87 51 69 3 0 4 0.00 0.0 0 5.6 13 170 M M 0 19 170
27 87 61 74 8 0 9 0.00 0.0 0 6.0 16 160 M M 0 20 170
28 84 57 71 5 0 6 0.00 0.0 0 4.2 13 160 M M 0 17 130
29 84 65 75 10 0 10 0.00 0.0 0 8.2 17 160 M M 2 12 22 150
30 80 66 73 8 0 8 0.06 0.0 0 7.6 15 120 M M 7 13 19 130
================================================================================
SM 2553 1812 10 248 2.30 0.0 166.8 M 54
================================================================================
AV 85.1 60.4 5.6 FASTST M M 2 MAX(MPH)
MISC ----> 25 280 37 280
================================================================================
NOTES:
# LAST OF SEVERAL OCCURRENCES
COLUMN 17 PEAK WIND IN M.P.H.
PRELIMINARY LOCAL CLIMATOLOGICAL DATA (WS FORM: F-6) , PAGE 2
STATION: HARRISON
MONTH: SEPTEMBER
YEAR: 2021
LATITUDE: 36 15 N
LONGITUDE: 93 9 W
[TEMPERATURE DATA] [PRECIPITATION DATA] SYMBOLS USED IN COLUMN 16
AVERAGE MONTHLY: 72.8 TOTAL FOR MONTH: 2.30 1 = FOG OR MIST
DPTR FM NORMAL: 2.8 DPTR FM NORMAL: -1.76 2 = FOG REDUCING VISIBILITY
HIGHEST: 94 ON 4 GRTST 24HR 1.15 ON 4- 5 TO 1/4 MILE OR LESS
LOWEST: 45 ON 23 3 = THUNDER
SNOW, ICE PELLETS, HAIL 4 = ICE PELLETS
TOTAL MONTH: 0.0 INCH 5 = HAIL
GRTST 24HR 0.0 6 = FREEZING RAIN OR DRIZZLE
GRTST DEPTH: 0 7 = DUSTSTORM OR SANDSTORM:
VSBY 1/2 MILE OR LESS
8 = SMOKE OR HAZE
[NO. OF DAYS WITH] [WEATHER - DAYS WITH] 9 = BLOWING SNOW
X = TORNADO
MAX 32 OR BELOW: 0 0.01 INCH OR MORE: 5
MAX 90 OR ABOVE: 4 0.10 INCH OR MORE: 2
MIN 32 OR BELOW: 0 0.50 INCH OR MORE: 2
MIN 0 OR BELOW: 0 1.00 INCH OR MORE: 2
[HDD (BASE 65) ]
TOTAL THIS MO. 10 CLEAR (SCALE 0-3) 23
DPTR FM NORMAL -24 PTCLDY (SCALE 4-7) 7
TOTAL FM JUL 1 10 CLOUDY (SCALE 8-10) 0
DPTR FM NORMAL -23
[CDD (BASE 65) ]
TOTAL THIS MO. 248
DPTR FM NORMAL 66 [PRESSURE DATA]
TOTAL FM JAN 1 1433 HIGHEST SLP 30.30 ON 22
DPTR FM NORMAL 4 LOWEST SLP 29.77 ON 1
[REMARKS]
#FINAL-09-21#