000
CXUS54 KHUN 011839
CF6HSV
PRELIMINARY LOCAL CLIMATOLOGICAL DATA (WS FORM: F-6)
STATION: HUNTSVILLE
MONTH: APRIL
YEAR: 2023
LATITUDE: 34 39 N
LONGITUDE: 86 46 W
TEMPERATURE IN F: :PCPN: SNOW: WIND :SUNSHINE: SKY :PK WND
================================================================================
1 2 3 4 5 6A 6B 7 8 9 10 11 12 13 14 15 16 17 18
12Z AVG MX 2MIN
DY MAX MIN AVG DEP HDD CDD WTR SNW DPTH SPD SPD DIR MIN PSBL S-S WX SPD DR
================================================================================
1 80 49 65 6 0 0 0.14 0.0 0 13.8 38 240 M M 4 13 65 200
2 72 42 57 -2 8 0 0.00 0.0 0 4.2 12 50 M M 3 16 30
3 68 54 61 2 4 0 0.26 0.0 0 8.1 21 130 M M 8 1 26 130
4 86 63 75 15 0 10 0.00 0.0 0 11.2 20 170 M M 8 1 25 170
5 86 62 74 14 0 9 0.20 0.0 0 9.6 22 320 M M 7 3 40 320
6 73 52 63 3 2 0 0.03 0.0 0 7.9 18 30 M M 10 1 27 20
7 53 48 51 -9 14 0 0.80 0.0 0 10.0 16 10 M M 10 1 20 10
8 55 49 52 -9 13 0 0.56 0.0 0 8.3 16 130 M M 10 1 22 120
9 70 47 59 -2 6 0 0.00 0.0 0 4.1 13 120 M M 5 17 120
10 71 44 58 -3 7 0 0.00 0.0 0 6.7 16 110 M M 1 22 130
11 75 43 59 -3 6 0 0.00 0.0 0 4.1 13 120 M M 0 18 120
12 80 45 63 1 2 0 0.00 0.0 0 2.6 12 160 M M 1 17 100
13 73 52 63 1 2 0 0.02 0.0 0 12.2 29 120 M M 6 40 80
14 64 53 59 -3 6 0 0.12 0.0 0 5.8 16 170 M M 9 12 23 170
15 81 51 66 3 0 1 0.00 0.0 0 5.4 15 240 M M 5 12 20 210
16 68 47 58 -5 7 0 0.01 0.0 0 9.8 21 270 M M 4 1 31 300
17 71 43 57 -6 8 0 0.00 0.0 0 8.1 21 270 M M 0 29 300
18 80 43 62 -2 3 0 0.00 0.0 0 5.5 15 230 M M 1 20 210
19 83 48 66 2 0 1 0.00 0.0 0 6.2 17 190 M M 1 24 140
20 85 53 69 5 0 4 0.00 0.0 0 8.7 20 200 M M 2 30 170
21 75 56 66 2 0 1 0.66 0.0 0 9.9 25 180 M M 7 13 36 230
22 70 50 60 -5 5 0 0.00 0.0 0 6.9 17 300 M M 3 27 300
23 56 43 50 -15 15 0 0.00 0.0 0 6.8 21 10 M M 7 29 10
24 65 41 53 -12 12 0 0.00 0.0 0 9.3 20 30 M M 2 26 30
25 71 39 55 -11 10 0 0.00 0.0 0 3.8 9 80 M M 4 15 60
26 65 50 58 -8 7 0 0.50 0.0 0 6.2 13 130 M M 9 1 17 140
27 64 56 60 -6 5 0 0.35 0.0 0 8.0 16 120 M M 9 1 21 130
28 73 53 63 -3 2 0 0.01 0.0 0 7.7 17 300 M M 5 1 26 300
29 74 51 63 -4 2 0 0.00 0.0 0 4.2 16 340 M M 8 12 24 330
30 68 47 58 -9 7 0 0.00 0.0 0 9.7 24 320 M M 5 8 40 290
================================================================================
SM 2155 1474 153 26 3.66 0.0 224.8 M 154
================================================================================
AV 71.8 49.1 7.5 FASTST M M 5 MAX(MPH)
MISC ----> 38 240 65 200
================================================================================
NOTES:
# LAST OF SEVERAL OCCURRENCES
COLUMN 17 PEAK WIND IN M.P.H.
PRELIMINARY LOCAL CLIMATOLOGICAL DATA (WS FORM: F-6) , PAGE 2
STATION: HUNTSVILLE
MONTH: APRIL
YEAR: 2023
LATITUDE: 34 39 N
LONGITUDE: 86 46 W
[TEMPERATURE DATA] [PRECIPITATION DATA] SYMBOLS USED IN COLUMN 16
AVERAGE MONTHLY: 60.5 TOTAL FOR MONTH: 3.66 1 = FOG OR MIST
DPTR FM NORMAL: -2.4 DPTR FM NORMAL: -1.20 2 = FOG REDUCING VISIBILITY
HIGHEST: 86 ON 5, 4 GRTST 24HR 0.91 ON 7- 8 TO 1/4 MILE OR LESS
LOWEST: 39 ON 25 3 = THUNDER
SNOW, ICE PELLETS, HAIL 4 = ICE PELLETS
TOTAL MONTH: 0.0 INCH 5 = HAIL
GRTST 24HR 0.0 6 = FREEZING RAIN OR DRIZZLE
GRTST DEPTH: 0 7 = DUSTSTORM OR SANDSTORM:
VSBY 1/2 MILE OR LESS
8 = SMOKE OR HAZE
[NO. OF DAYS WITH] [WEATHER - DAYS WITH] 9 = BLOWING SNOW
X = TORNADO
MAX 32 OR BELOW: 0 0.01 INCH OR MORE: 13
MAX 90 OR ABOVE: 0 0.10 INCH OR MORE: 9
MIN 32 OR BELOW: 0 0.50 INCH OR MORE: 4
MIN 0 OR BELOW: 0 1.00 INCH OR MORE: 0
[HDD (BASE 65) ]
TOTAL THIS MO. 153 CLEAR (SCALE 0-3) 8
DPTR FM NORMAL 21 PTCLDY (SCALE 4-7) 16
TOTAL FM JUL 1 2428 CLOUDY (SCALE 8-10) 6
DPTR FM NORMAL -379
[CDD (BASE 65) ]
TOTAL THIS MO. 26
DPTR FM NORMAL -43 [PRESSURE DATA]
TOTAL FM JAN 1 64 HIGHEST SLP 30.41 ON 10
DPTR FM NORMAL -24 LOWEST SLP 29.54 ON 30
[REMARKS]
#FINAL-04-23#