000
CXUS53 KAPX 010830
CF6HTL
PRELIMINARY LOCAL CLIMATOLOGICAL DATA (WS FORM: F-6)
STATION: HOUGHTON LAKE MI
MONTH: JANUARY
YEAR: 2022
LATITUDE: 44 22 N
LONGITUDE: 84 41 W
TEMPERATURE IN F: :PCPN: SNOW: WIND :SUNSHINE: SKY :PK WND
================================================================================
1 2 3 4 5 6A 6B 7 8 9 10 11 12 13 14 15 16 17 18
12Z AVG MX 2MIN
DY MAX MIN AVG DEP HDD CDD WTR SNW DPTH SPD SPD DIR MIN PSBL S-S WX SPD DR
================================================================================
1 31 15 23 1 42 0 0.01 T 2 9.9 16 20 M M 9 1 24 20
2 20 12 16 -5 49 0 T T 2 7.7 16 340 M M 9 23 340
3 25 7 16 -5 49 0 0.00 0.0 2 6.3 15 210 M M 3 24 220
4 28 15 22 1 43 0 0.00 0.0 2 7.9 15 160 M M 3 1 21 170
5 31 20 26 5 39 0 0.15 1.7 2 11.1 22 230 M M 9 18 36 240
6 20 3 12 -8 53 0 0.15 1.7 4 5.9 13 340 M M 10 18 18 330
7 16 -7 5 -15 60 0 T T 4 4.0 16 330 M M 2 1 20 320
8 25 -7 9 -11 56 0 0.00 0.0 4 11.0 20 170 M M 5 30 160
9 29 8 19 -1 46 0 T T 4 15.8 26 290 M M 8 128 39 280
10 8 4 6 -14 59 0 T 0.3 4 14.1 26 280 M M 8 8 37 270
11 26 6 16 -4 49 0 T T 5 10.7 22 170 M M 8 36 170
12 32 24 28 9 37 0 0.00 0.0 5 8.7 23 290 M M 10 18 35 300
13 30 18 24 5 41 0 T T 5 3.7 17 330 M M 9 1 24 320
14 24 -1 12 -7 53 0 T T 5 10.4 17 50 M M 4 24 20
15 15 -7 4 -15 61 0 0.00 0.0 5 7.0 14 70 M M 0 20 100
16 22 -9 7 -12 58 0 T T 5 2.5 13 200 M M 2 18 18 200
17 27 9 18 -1 47 0 0.01 T M 8.7 20 300 M M 10 16 27 320
18 34 22 28 9 37 0 0.05 0.8 5 8.9 22 180 M M 10 1 33 180
19 38 10 24 6 41 0 T T 5 14.9 26 310 M M 9 40 320
20 13 10 12 -6 53 0 T T 5 5.8 15 310 M M 10 8 24 340
21 17 8 13 -5 52 0 0.00 0.0 5 6.6 14 190 M M 5 20 180
22 23 9 16 -2 49 0 0.05 1.4 4 12.9 21 260 M M 9 18 34 250
23 15 8 12 -6 53 0 T T 5 6.2 14 340 M M 10 18 20 360
24 19 4 12 -6 53 0 0.04 0.6 5 5.7 12 330 M M 9 18 17 310
25 14 -4 5 -13 60 0 T T 6 6.2 14 280 M M 6 18 21 270
26 14 -15 0 -18 65 0 0.00 0.0 6 6.8 21 210 M M 5 32 200
27 26 11 19 1 46 0 0.02 0.4 6 11.7 22 330 M M 10 18 33 330
28 15 -6 5 -13 60 0 0.00 0.0 6 4.2 14 360 M M 3 20 320
29 18 -5 7 -11 58 0 0.01 0.2 6 5.4 14 190 M M 9 18 19 200
30 24 7 16 -2 49 0 0.04 1.0 7 3.5 10 310 M M 8 18 13 330
31 24 6 15 -3 50 0 T T 7 5.5 16 160 M M 8 24 150
================================================================================
SM 703 175 1568 0 0.53 8.1 249.7 M 220
================================================================================
AV 22.7 5.6 8.1 FASTST M M 7 MAX(MPH)
MISC ----> # 26 290 40 320
================================================================================
NOTES:
# LAST OF SEVERAL OCCURRENCES
COLUMN 17 PEAK WIND IN M.P.H.
PRELIMINARY LOCAL CLIMATOLOGICAL DATA (WS FORM: F-6) , PAGE 2
STATION: HOUGHTON LAKE MI
MONTH: JANUARY
YEAR: 2022
LATITUDE: 44 22 N
LONGITUDE: 84 41 W
[TEMPERATURE DATA] [PRECIPITATION DATA] SYMBOLS USED IN COLUMN 16
AVERAGE MONTHLY: 14.2 TOTAL FOR MONTH: 0.53 1 = FOG OR MIST
DPTR FM NORMAL: -4.9 DPTR FM NORMAL: -1.17 2 = FOG REDUCING VISIBILITY
HIGHEST: 38 ON 19 GRTST 24HR 0.39 ON 9- 9 TO 1/4 MILE OR LESS
LOWEST: -15 ON 26 3 = THUNDER
SNOW, ICE PELLETS, HAIL 4 = ICE PELLETS
TOTAL MONTH: 8.1 INCHES 5 = HAIL
GRTST 24HR 1.7 ON 5- 5 6 = FREEZING RAIN OR DRIZZLE
GRTST DEPTH: 7 ON 31,30 7 = DUSTSTORM OR SANDSTORM:
VSBY 1/2 MILE OR LESS
8 = SMOKE OR HAZE
[NO. OF DAYS WITH] [WEATHER - DAYS WITH] 9 = BLOWING SNOW
X = TORNADO
MAX 32 OR BELOW: 29 0.01 INCH OR MORE: 10
MAX 90 OR ABOVE: 0 0.10 INCH OR MORE: 2
MIN 32 OR BELOW: 31 0.50 INCH OR MORE: 0
MIN 0 OR BELOW: 9 1.00 INCH OR MORE: 0
[HDD (BASE 65) ]
TOTAL THIS MO. 1568 CLEAR (SCALE 0-3) 5
DPTR FM NORMAL 147 PTCLDY (SCALE 4-7) 10
TOTAL FM JUL 1 4001 CLOUDY (SCALE 8-10) 16
DPTR FM NORMAL -429
[CDD (BASE 65) ]
TOTAL THIS MO. 0
DPTR FM NORMAL 0 [PRESSURE DATA]
TOTAL FM JAN 1 0 HIGHEST SLP 30.63 ON 21
DPTR FM NORMAL 0 LOWEST SLP 29.35 ON 5
[REMARKS]
#FINAL-01-22#