000
CXUS53 KAPX 010730
CF6HTL
PRELIMINARY LOCAL CLIMATOLOGICAL DATA (WS FORM: F-6)
STATION: HOUGHTON LAKE MI
MONTH: APRIL
YEAR: 2021
LATITUDE: 44 22 N
LONGITUDE: 84 41 W
TEMPERATURE IN F: :PCPN: SNOW: WIND :SUNSHINE: SKY :PK WND
================================================================================
1 2 3 4 5 6A 6B 7 8 9 10 11 12 13 14 15 16 17 18
12Z AVG MX 2MIN
DY MAX MIN AVG DEP HDD CDD WTR SNW DPTH SPD SPD DIR MIN PSBL S-S WX SPD DR
================================================================================
1 35 20 28 -8 37 0 T T T 11.6 18 300 M M 5 30 20
2 47 13 30 -6 35 0 0.00 0.0 0 5.6 13 240 M M 0 18 240
3 60 34 47 10 18 0 0.00 0.0 0 7.8 16 200 M M 1 22 200
4 66 26 46 9 19 0 0.00 0.0 0 5.1 13 160 M M 1 22 160
5 65 45 55 17 10 0 0.00 0.0 0 10.6 16 130 M M 2 25 130
6 75 45 60 22 5 0 0.03 0.0 0 7.1 17 240 M M 2 3 26 240
7 78 47 63 24 2 0 0.02 0.0 0 6.7 17 180 M M 4 13 26 230
8 77 53 65 26 0 0 0.29 0.0 0 9.9 33 180 M M 7 18 45 190
9 64 50 57 17 8 0 0.02 0.0 0 9.2 25 180 M M 9 37 170
10 70 41 56 16 9 0 0.24 0.0 0 7.1 16 100 M M M 12 23 100
11 61 49 55 14 10 0 0.42 0.0 0 M M M M M M M M
12 60 41 51 10 14 0 0.01 0.0 0 M M M M M M M M
13 56 41 49 7 16 0 0.00 0.0 0 11.1 17 270 M M 7 23 270
14 44 33 39 -3 26 0 0.01 T 0 9.3 18 280 M M 10 1 25 280
15 41 33 37 -5 28 0 0.02 T 0 10.1 20 320 M M 10 1 27 320
16 46 31 39 -4 26 0 0.00 0.0 0 10.2 18 320 M M 6 1 27 320
17 58 27 43 0 22 0 0.00 0.0 0 5.4 14 320 M M 3 1 19 320
18 56 29 43 -1 22 0 0.00 0.0 0 6.1 15 310 M M 0 23 270
19 46 30 38 -6 27 0 0.06 T 0 11.7 23 280 M M 8 1 33 260
20 38 25 32 -13 33 0 T T 0 12.1 22 300 M M 6 30 310
21 37 22 30 -15 35 0 T T 0 9.6 21 290 M M 7 30 310
22 47 28 38 -8 27 0 0.00 0.0 0 9.4 20 310 M M 4 28 310
23 63 35 49 3 16 0 0.00 0.0 0 8.0 18 220 M M 3 8 29 210
24 57 30 44 -2 21 0 0.02 0.0 0 5.9 18 310 M M 6 1 24 310
25 43 28 36 -11 29 0 0.01 T 0 11.9 22 300 M M 6 1 31 300
26 41 27 34 -13 31 0 0.09 T 0 11.1 18 120 M M 8 1 30 120
27 70 36 53 5 12 0 T 0.0 0 5.8 20 350 M M 4 3 29 340
28 54 45 50 2 15 0 0.13 0.0 0 7.5 20 50 M M 9 138 25 10
29 56 40 48 0 17 0 0.01 0.0 0 8.6 21 310 M M 9 1 30 310
30 49 31 40 -9 25 0 T 0.0 0 15.3 29 320 M M 2 51 310
================================================================================
SM 1660 1035 595 0 1.38 T 249.8 M 139
================================================================================
AV 55.3 34.5 8.9 FASTST M M 5 MAX(MPH)
MISC ----> 33 180 51 310
================================================================================
NOTES:
# LAST OF SEVERAL OCCURRENCES
COLUMN 17 PEAK WIND IN M.P.H.
PRELIMINARY LOCAL CLIMATOLOGICAL DATA (WS FORM: F-6) , PAGE 2
STATION: HOUGHTON LAKE MI
MONTH: APRIL
YEAR: 2021
LATITUDE: 44 22 N
LONGITUDE: 84 41 W
[TEMPERATURE DATA] [PRECIPITATION DATA] SYMBOLS USED IN COLUMN 16
AVERAGE MONTHLY: 44.9 TOTAL FOR MONTH: 1.38 1 = FOG OR MIST
DPTR FM NORMAL: 2.3 DPTR FM NORMAL: -1.10 2 = FOG REDUCING VISIBILITY
HIGHEST: 78 ON 7 GRTST 24HR 0.42 ON 11-11 TO 1/4 MILE OR LESS
LOWEST: 13 ON 2 3 = THUNDER
SNOW, ICE PELLETS, HAIL 4 = ICE PELLETS
TOTAL MONTH: T 5 = HAIL
GRTST 24HR T ON 1- 1 6 = FREEZING RAIN OR DRIZZLE
GRTST DEPTH: T 7 = DUSTSTORM OR SANDSTORM:
VSBY 1/2 MILE OR LESS
8 = SMOKE OR HAZE
[NO. OF DAYS WITH] [WEATHER - DAYS WITH] 9 = BLOWING SNOW
X = TORNADO
MAX 32 OR BELOW: 0 0.01 INCH OR MORE: 15
MAX 90 OR ABOVE: 0 0.10 INCH OR MORE: 4
MIN 32 OR BELOW: 14 0.50 INCH OR MORE: 0
MIN 0 OR BELOW: 0 1.00 INCH OR MORE: 0
[HDD (BASE 65) ]
TOTAL THIS MO. 595 CLEAR (SCALE 0-3) 9
DPTR FM NORMAL -81 PTCLDY (SCALE 4-7) 12
TOTAL FM JUL 1 6999 CLOUDY (SCALE 8-10) 9
DPTR FM NORMAL -661
[CDD (BASE 65) ]
TOTAL THIS MO. 0
DPTR FM NORMAL -2 [PRESSURE DATA]
TOTAL FM JAN 1 0 HIGHEST SLP 30.56 ON 2
DPTR FM NORMAL -2 LOWEST SLP 29.33 ON 11
[REMARKS]
#FINAL-04-21#