000
CXUS51 KRLX 011138
CF6HTS
PRELIMINARY LOCAL CLIMATOLOGICAL DATA (WS FORM: F-6)
STATION: HUNTINGTON WV
MONTH: JULY
YEAR: 2020
LATITUDE: 38 22 N
LONGITUDE: 82 33 W
TEMPERATURE IN F: :PCPN: SNOW: WIND :SUNSHINE: SKY :PK WND
================================================================================
1 2 3 4 5 6A 6B 7 8 9 10 11 12 13 14 15 16 17 18
12Z AVG MX 2MIN
DY MAX MIN AVG DEP HDD CDD WTR SNW DPTH SPD SPD DIR MIN PSBL S-S WX SPD DR
================================================================================
1 89 67 78 3 0 13 0.00 0.0 0 2.4 8 50 M M 6 128 11 50
2 89 65 77 2 0 12 0.00 0.0 0 4.0 13 100 M M 0 18 110
3 92 66 79 4 0 14 0.00 0.0 0 1.6 9 340 M M 2 20 150
4 93 66 80 4 0 15 0.00 0.0 0 1.6 8 70 M M 0 1 13 50
5 95 68 82 6 0 17 0.00 0.0 0 2.3 10 360 M M 1 38 13 10
6 92 68 80 4 0 15 0.01 0.0 0 3.2 12 190 M M 1 3 19 180
7 95 69 82 6 0 17 0.00 0.0 0 3.5 16 360 M M 1 3 22 330
8 95 66 81 5 0 16 0.00 0.0 0 2.4 12 140 M M 1 3 17 320
9 96 69 83 7 0 18 0.00 0.0 0 2.1 12 350 M M 2 3 15 190
10 91 70 81 5 0 16 0.74 0.0 0 5.2 24 300 M M 2 3 39 290
11 87 70 79 3 0 14 0.00 0.0 0 6.9 14 330 M M 4 19 340
12 86 66 76 0 0 11 0.01 0.0 0 4.3 14 320 M M 4 3 19 320
13 86 63 75 -1 0 10 0.00 0.0 0 1.6 8 180 M M 4 12 11 240
14 90 63 77 1 0 12 0.00 0.0 0 1.2 8 360 M M 2 12 11 220
15 94 64 79 3 0 14 0.00 0.0 0 2.9 10 200 M M 0 17 210
16 94 73 84 8 0 19 T 0.0 0 6.2 18 210 M M 3 24 190
17 93 74 84 8 0 19 0.19 0.0 0 3.1 9 220 M M 5 3 13 220
18 94 70 82 6 0 17 0.00 0.0 0 4.0 12 230 M M 3 12 18 240
19 96 74 85 9 0 20 0.00 0.0 0 5.5 16 250 M M 1 3 23 250
20 94 73 84 8 0 19 0.11 0.0 0 3.5 16 350 M M 2 3 21 350
21 95 71 83 7 0 18 0.00 0.0 0 3.9 13 250 M M 2 12 16 260
22 91 69 80 4 0 15 0.90 0.0 0 4.7 30 320 M M 4 3 42 320
23 M 70 M M M M 0.48 0.0 0 3.8 17 270 M M 4 138 26 250
24 89 71 80 4 0 15 0.00 0.0 0 2.5 8 220 M M 7 8 11 280
25 93 70 82 6 0 17 0.00 0.0 0 3.0 8 260 M M 2 11 250
26 94 72 83 7 0 18 T 0.0 0 4.8 12 250 M M 3 15 260
27 91 71 81 5 0 16 0.11 0.0 0 5.9 16 190 M M 2 138 22 180
28 90 73 82 6 0 17 0.00 0.0 0 2.9 10 350 M M 5 14 340
29 91 68 80 4 0 15 0.00 0.0 0 1.5 8 200 M M 4 1 14 340
30 87 72 80 4 0 15 1.34 0.0 0 3.5 18 180 M M 6 13 29 190
31 81 70 76 0 0 11 0.04 0.0 M 2.3 10 350 M M 9 1 12 350
================================================================================
SM 2743 2141 0 465 3.93 0.0 106.3 M 92
================================================================================
AV 91.4 69.1 3.4 FASTST M M 3 MAX(MPH)
MISC ----> 30 320 42 320
================================================================================
NOTES:
# LAST OF SEVERAL OCCURRENCES
COLUMN 17 PEAK WIND IN M.P.H.
PRELIMINARY LOCAL CLIMATOLOGICAL DATA (WS FORM: F-6) , PAGE 2
STATION: HUNTINGTON WV
MONTH: JULY
YEAR: 2020
LATITUDE: 38 22 N
LONGITUDE: 82 33 W
[TEMPERATURE DATA] [PRECIPITATION DATA] SYMBOLS USED IN COLUMN 16
AVERAGE MONTHLY: 80.2 TOTAL FOR MONTH: 3.93 1 = FOG OR MIST
DPTR FM NORMAL: 4.5 DPTR FM NORMAL: -0.62 2 = FOG REDUCING VISIBILITY
HIGHEST: 96 ON 19, 9 GRTST 24HR 1.38 ON 30-31 TO 1/4 MILE OR LESS
LOWEST: 63 ON 14,13 3 = THUNDER
SNOW, ICE PELLETS, HAIL 4 = ICE PELLETS
TOTAL MONTH: 0.0 INCH 5 = HAIL
GRTST 24HR 0.0 6 = FREEZING RAIN OR DRIZZLE
GRTST DEPTH: 0 7 = DUSTSTORM OR SANDSTORM:
VSBY 1/2 MILE OR LESS
8 = SMOKE OR HAZE
[NO. OF DAYS WITH] [WEATHER - DAYS WITH] 9 = BLOWING SNOW
X = TORNADO
MAX 32 OR BELOW: 0 0.01 INCH OR MORE: 10
MAX 90 OR ABOVE: 22 0.10 INCH OR MORE: 7
MIN 32 OR BELOW: 0 0.50 INCH OR MORE: 3
MIN 0 OR BELOW: 0 1.00 INCH OR MORE: 1
[HDD (BASE 65) ]
TOTAL THIS MO. 0 CLEAR (SCALE 0-3) 19
DPTR FM NORMAL 0 PTCLDY (SCALE 4-7) 11
TOTAL FM JUL 1 0 CLOUDY (SCALE 8-10) 1
DPTR FM NORMAL 0
[CDD (BASE 65) ]
TOTAL THIS MO. 465
DPTR FM NORMAL 133 [PRESSURE DATA]
TOTAL FM JAN 1 828 HIGHEST SLP 30.18 ON 17
DPTR FM NORMAL 158 LOWEST SLP 29.73 ON 31
[REMARKS]
#FINAL-07-20#