000
CXUS51 KRLX 020534
CLSHTS
CLIMATE REPORT
NATIONAL WEATHER SERVICE CHARLESTON WV
134 AM EDT FRI SEP 02 2022
...................................
...THE HUNTINGTON WV CLIMATE SUMMARY FOR THE SEASON, FROM
6/1/2022 TO 8/31/2022...
CLIMATE NORMAL PERIOD: 1991 TO 2020
CLIMATE RECORD PERIOD: 1897 TO 2022
WEATHER OBSERVED NORMAL DEPART LAST YEAR`S
VALUE DATE(S) VALUE FROM VALUE
NORMAL
..............................................................
TEMPERATURE (F)
RECORD
HIGH 108 07/28/1930
LOW 39 06/06/1945
HIGHEST 95 06/22 94
LOWEST 48 06/19 47
AVG. MAXIMUM 85.1 85.0 0.1 84.5
AVG. MINIMUM 65.5 64.5 1.0 65.7
MEAN 75.3 74.8 0.5 75.1
DAYS MAX >= 90 21 20.7 0.3 16
DAYS MAX <= 32 0 0.0 0.0 0
DAYS MAX >= 80 80 75
DAYS MAX >= 100 0 0
DAYS MIN <= 32 0 0.0 0.0 0
DAYS MIN <= 0 0 0.0 0.0 0
DAYS MIN <= 10 0 0
PRECIPITATION (INCHES)
RECORD
MAXIMUM 22.05 2021
MINIMUM 5.09 1930
TOTALS 16.36 13.23 3.13 22.05
DAILY AVG. 0.18 0.14 0.04 0.24
DAYS >= .01 38 34.6 3.4 40
DAYS >= .10 27 23.0 4.0 31
DAYS >= .50 11 9.2 1.8 17
DAYS >= 1.00 5 3.5 1.5 8
GREATEST
24 HR. TOTAL 2.23 2.57
SNOWFALL (INCHES)
RECORDS
TOTAL MM MM
24 HR TOTAL MM
TOTALS 0.0 0.0 0.0 0.0
SINCE 7/1 0.0 0.0 0.0 MM
DAYS >= TRACE 0 0.0 0.0 0
DAYS >= 1.0 0 0.0 0.0 0
DAYS >= 3.0 0 0
GREATEST
SNOW DEPTH 0 0
24 HR TOTAL 0.0 0.0
DEGREE DAYS
HEATING TOTAL 2 10 -8 5
SINCE 7/1 0 0 0 MM
COOLING TOTAL 973 913 60 957
SINCE 1/1 1125 1054 71 MM
..............................................................
WIND (MPH)
AVERAGE WIND SPEED 4.2
HIGHEST WIND SPEED/DIRECTION 32/350 DATE 06/13
32/250 06/17
HIGHEST GUST SPEED/DIRECTION 50/330 DATE 06/13
50/250 06/17
SKY COVER
POSSIBLE SUNSHINE (PERCENT) MM
AVERAGE SKY COVER 0.34
NUMBER OF DAYS FAIR 50
NUMBER OF DAYS PC 38
NUMBER OF DAYS CLOUDY 4
AVERAGE RH (PERCENT) 73
WEATHER CONDITIONS. NUMBER OF DAYS WITH
THUNDERSTORM 29 MIXED PRECIP 0
HEAVY RAIN 28 RAIN 24
LIGHT RAIN 47 FREEZING RAIN 0
LT FREEZING RAIN 0 HAIL 0
HEAVY SNOW 0 SNOW 0
LIGHT SNOW 0 SLEET 0
FOG 67 FOG W/VIS <= 1/4 MILE 21
HAZE 17
- INDICATES NEGATIVE NUMBERS.
R INDICATES RECORD WAS SET OR TIED.
MM INDICATES DATA IS MISSING.
T INDICATES TRACE AMOUNT.
$$