000
CXUS56 KTFX 011110
CF6HVR
PRELIMINARY LOCAL CLIMATOLOGICAL DATA (WS FORM: F-6)
STATION: HAVRE MT
MONTH: JUNE
YEAR: 2023
LATITUDE: 48 32 N
LONGITUDE: 109 46 W
TEMPERATURE IN F: :PCPN: SNOW: WIND :SUNSHINE: SKY :PK WND
================================================================================
1 2 3 4 5 6A 6B 7 8 9 10 11 12 13 14 15 16 17 18
12Z AVG MX 2MIN
DY MAX MIN AVG DEP HDD CDD WTR SNW DPTH SPD SPD DIR MIN PSBL S-S WX SPD DR
================================================================================
1 77 55 66 7 0 1 0.25 0.0 0 6.0 18 320 M M 3 26 320
2 62 57 60 1 5 0 0.76 0.0 0 8.5 17 30 M M 10 1 22 40
3 70 57 64 5 1 0 1.14 0.0 0 9.9 17 240 M M 9 1 23 10
4 80 52 66 6 0 1 0.00 0.0 0 6.0 15 230 M M 1 18 220
5 84 60 72 12 0 7 0.00 0.0 0 4.8 14 210 M M 1 3 20 210
6 73 58 66 6 0 1 0.00 0.0 0 9.1 18 300 M M 3 24 290
7 83 55 69 9 0 4 0.00 0.0 0 5.5 22 80 M M 0 3 29 60
8 79 62 71 11 0 6 0.04 0.0 0 8.2 20 120 M M 6 3 25 70
9 79 62 71 10 0 6 0.49 0.0 0 5.7 23 70 M M 7 13 29 70
10 76 58 67 6 0 2 0.00 0.0 0 13.4 26 90 M M 1 18 34 90
11 79 53 66 5 0 1 0.00 0.0 0 9.0 17 100 M M 0 25 130
12 82 50 66 5 0 1 0.00 0.0 0 2.2 8 40 M M 0 14 30
13 85 52 69 7 0 4 0.00 0.0 0 5.3 14 140 M M 0 22 170
14 77 50 64 2 1 0 T 0.0 0 13.3 30 270 M M 3 43 280
15 69 43 56 -6 9 0 0.00 0.0 0 11.7 29 290 M M 4 8 38 280
16 78 42 60 -2 5 0 0.00 0.0 0 11.6 25 220 M M 1 18 33 210
17 74 56 65 3 0 0 T 0.0 0 11.9 21 230 M M 5 28 270
18 67 46 57 -5 8 0 0.01 0.0 0 9.3 29 270 M M 5 3 40 270
19 72 39 56 -7 9 0 T 0.0 0 14.1 28 210 M M 2 8 37 230
20 73 44 59 -4 6 0 0.00 0.0 0 11.4 21 330 M M 1 30 270
21 70 37 54 -9 11 0 T 0.0 0 6.1 22 290 M M 3 29 280
22 75 38 57 -7 8 0 0.00 0.0 0 5.3 13 230 M M 1 19 200
23 78 48 63 -1 2 0 0.00 0.0 0 8.7 18 120 M M 1 26 100
24 77 52 65 1 0 0 0.03 0.0 0 5.8 26 300 M M 3 3 35 310
25 84 45 65 1 0 0 0.00 0.0 0 6.6 24 330 M M 1 34 320
26 82 53 68 4 0 3 0.00 0.0 0 6.0 24 60 M M 4 3 29 60
27 84 50 67 2 0 2 0.00 0.0 0 4.4 21 50 M M 1 3 28 60
28 87 52 70 5 0 5 0.01 0.0 0 7.1 32 200 M M 1 3 44 190
29 88 53 71 6 0 6 0.00 0.0 0 8.3 17 230 M M 0 22 230
30 92 58 75 9 0 10 0.00 0.0 0 7.4 18 250 M M 1 24 220
================================================================================
SM 2336 1537 65 60 2.73 0.0 242.6 M 78
================================================================================
AV 77.9 51.2 8.1 FASTST M M 3 MAX(MPH)
MISC ----> 32 200 44 190
================================================================================
NOTES:
# LAST OF SEVERAL OCCURRENCES
COLUMN 17 PEAK WIND IN M.P.H.
PRELIMINARY LOCAL CLIMATOLOGICAL DATA (WS FORM: F-6) , PAGE 2
STATION: HAVRE MT
MONTH: JUNE
YEAR: 2023
LATITUDE: 48 32 N
LONGITUDE: 109 46 W
[TEMPERATURE DATA] [PRECIPITATION DATA] SYMBOLS USED IN COLUMN 16
AVERAGE MONTHLY: 64.6 TOTAL FOR MONTH: 2.73 1 = FOG OR MIST
DPTR FM NORMAL: 2.5 DPTR FM NORMAL: 0.24 2 = FOG REDUCING VISIBILITY
HIGHEST: 92 ON 30 GRTST 24HR 1.61 ON 2- 3 TO 1/4 MILE OR LESS
LOWEST: 37 ON 21 3 = THUNDER
SNOW, ICE PELLETS, HAIL 4 = ICE PELLETS
TOTAL MONTH: 0.0 INCH 5 = HAIL
GRTST 24HR 0.0 6 = FREEZING RAIN OR DRIZZLE
GRTST DEPTH: 0 7 = DUSTSTORM OR SANDSTORM:
VSBY 1/2 MILE OR LESS
8 = SMOKE OR HAZE
[NO. OF DAYS WITH] [WEATHER - DAYS WITH] 9 = BLOWING SNOW
X = TORNADO
MAX 32 OR BELOW: 0 0.01 INCH OR MORE: 8
MAX 90 OR ABOVE: 1 0.10 INCH OR MORE: 4
MIN 32 OR BELOW: 0 0.50 INCH OR MORE: 2
MIN 0 OR BELOW: 0 1.00 INCH OR MORE: 1
[HDD (BASE 65) ]
TOTAL THIS MO. 65 CLEAR (SCALE 0-3) 21
DPTR FM NORMAL -65 PTCLDY (SCALE 4-7) 7
TOTAL FM JUL 1 8671 CLOUDY (SCALE 8-10) 2
DPTR FM NORMAL 496
[CDD (BASE 65) ]
TOTAL THIS MO. 60
DPTR FM NORMAL 18 [PRESSURE DATA]
TOTAL FM JAN 1 76 HIGHEST SLP 30.19 ON 21
DPTR FM NORMAL 26 LOWEST SLP 29.43 ON 18
[REMARKS]
#FINAL-06-23#