000
CXUS55 KTFX 010920
CLMHVR
CLIMATE REPORT
NATIONAL WEATHER SERVICE GREAT FALLS MT
220 AM MST FRI MAR 01 2024
...................................
...THE HAVRE MT CLIMATE SUMMARY FOR THE MONTH OF FEBRUARY 2024...
CLIMATE NORMAL PERIOD 1991 TO 2020
CLIMATE RECORD PERIOD 1880 TO 2024
WEATHER OBSERVED NORMAL DEPART LAST YEAR`S
VALUE DATE(S) VALUE FROM VALUE
NORMAL
..............................................................
TEMPERATURE (F)
RECORD
HIGH 74 02/27/1992
LOW -55 02/03/1887
HIGHEST 60 02/29 38 22 44
LOWEST -15 02/16 6 -21 -20
AVG. MAXIMUM 34.2 32.5 1.7 31.3
AVG. MINIMUM 14.4 10.1 4.3 14.3
MEAN 24.3 21.3 3.0 22.8
DAYS MAX >= 90 0 0.0 0.0 0
DAYS MAX <= 32 11 12.2 -1.2 8
DAYS MIN <= 32 28 27.1 0.9 28
DAYS MIN <= 0 4 7.4 -3.4 5
PRECIPITATION (INCHES)
RECORD
MAXIMUM 1.66 2018
MINIMUM T
TOTALS 0.91 0.38 0.53 0.39
DAYS >= .01 10 6.3 3.7
DAYS >= .10 3 1.4 1.6
DAYS >= .50 1 0.0 1.0
DAYS >= 1.00 0 0.0 0.0
GREATEST
24 HR. TOTAL 0.54 02/03 TO 02/04
SNOWFALL (INCHES)
RECORDS
TOTAL 31.8 2018
24 HR TOTAL 10.2
SNOW DEPTH 28 02/06/1994
TOTALS 8.6 6.9 1.7 8.3
SINCE 7/1 31.2 32.7 -1.5
SNOWDEPTH AVG. 3
DAYS >= TRACE 9 5.6 3.4
DAYS >= 1.0 2 2.9 -0.9
GREATEST
SNOW DEPTH 6 02/09 7
02/10
02/11
24 HR TOTAL 5.8 02/04 TO 02/04
DEGREE DAYS
HEATING TOTAL 1174 1224 -50 1175
SINCE 7/1 5473 6118 -645 MM
COOLING TOTAL 0 0 0 0
SINCE 1/1 0 0 0 MM
..............................................................
WIND (MPH)
AVERAGE WIND SPEED 9.4
HIGHEST WIND SPEED/DIRECTION 41/270 DATE 02/29
HIGHEST GUST SPEED/DIRECTION 59/280 DATE 02/29
SKY COVER
AVERAGE SKY COVER 0.48
AVERAGE RH (PERCENT) 81
WEATHER CONDITIONS. NUMBER OF DAYS WITH
THUNDERSTORM 0 MIXED PRECIP 0
HEAVY RAIN 0 RAIN 0
LIGHT RAIN 2 FREEZING RAIN 0
LT FREEZING RAIN 1 HAIL 0
HEAVY SNOW 0 SNOW 1
LIGHT SNOW 9 SLEET 0
FOG 15 FOG W/VIS <= 1/4 MILE 6
HAZE 5
- INDICATES NEGATIVE NUMBERS.
R INDICATES RECORD WAS SET OR TIED.
MM INDICATES DATA IS MISSING.
T INDICATES TRACE AMOUNT.
$$