000
CXUS54 KHGX 011410
CF6IAH
PRELIMINARY LOCAL CLIMATOLOGICAL DATA (WS FORM: F-6)
STATION: HOUSTON INTERCONTINENTAL
MONTH: OCTOBER
YEAR: 2022
LATITUDE: 29 58 N
LONGITUDE: 95 21 W
TEMPERATURE IN F: :PCPN: SNOW: WIND :SUNSHINE: SKY :PK WND
================================================================================
1 2 3 4 5 6A 6B 7 8 9 10 11 12 13 14 15 16 17 18
12Z AVG MX 2MIN
DY MAX MIN AVG DEP HDD CDD WTR SNW DPTH SPD SPD DIR MIN PSBL S-S WX SPD DR
================================================================================
1 85 52 69 -8 0 4 0.00 0.0 0 3.4 14 50 M M 0 19 10
2 86 55 71 -5 0 6 0.00 0.0 0 3.8 13 50 M M 4 20 50
3 89 59 74 -2 0 9 0.00 0.0 0 3.7 13 20 M M 7 17 20
4 86 60 73 -3 0 8 0.00 0.0 0 4.9 12 60 M M 6 16 30
5 87 58 73 -3 0 8 0.00 0.0 0 3.7 12 140 M M 1 16 160
6 90 60 75 0 0 10 0.00 0.0 0 4.2 14 50 M M 3 1 23 40
7 88 61 75 0 0 10 0.00 0.0 0 3.4 10 320 M M 6 1 15 340
8 89 66 78 3 0 13 0.00 0.0 0 8.2 16 70 M M 3 23 50
9 88 60 74 0 0 9 0.00 0.0 0 5.6 12 140 M M 3 16 110
10 87 60 74 0 0 9 0.00 0.0 0 7.1 20 140 M M 1 25 180
11 86 60 73 -1 0 8 T 0.0 0 6.9 17 130 M M 3 24 150
12 94 68 81 8 0 16 0.00 0.0 0 4.3 18 150 M M 4 1 23 140
13 88 66 77 4 0 12 0.00 0.0 0 6.6 15 30 M M 5 19 120
14 87 61 74 1 0 9 0.00 0.0 0 6.3 16 140 M M 1 25 170
15 91 62 77 5 0 12 0.00 0.0 0 5.8 20 120 M M 3 1 24 120
16 92 66 79 7 0 14 0.00 0.0 0 4.6 17 140 M M 4 22 140
17 74 60 67 -5 0 2 0.33 0.0 0 10.4 21 20 M M 8 1 28 20
18 68 50 59 -12 6 0 0.00 0.0 0 10.4 21 330 M M 3 36 340
19 68 42 55 -16 10 0 0.00 0.0 0 4.3 13 10 M M 0 23 40
20 82 45 64 -7 1 0 0.00 0.0 0 6.2 12 230 M M 0 20 99
21 84 60 72 2 0 7 0.00 0.0 0 7.7 16 170 M M 1 26 230
22 85 59 72 2 0 7 0.00 0.0 0 9.6 23 160 M M 4 31 160
23 86 67 77 7 0 12 0.00 0.0 0 12.7 28 150 M M 7 38 150
24 81 58 70 1 0 5 0.04 0.0 0 13.7 29 300 M M 8 18 45 290
25 74 50 62 -7 3 0 0.02 0.0 0 10.7 24 320 M M 3 1 37 290
26 75 47 61 -7 4 0 0.00 0.0 0 4.3 14 70 M M 0 20 100
27 77 47 62 -6 3 0 T 0.0 0 6.2 15 140 M M 3 26 150
28 70 60 65 -3 0 0 1.44 0.0 0 10.7 24 100 M M 10 13 30 110
29 67 56 62 -5 3 0 0.00 0.0 0 8.7 17 310 M M 8 24 290
30 76 53 65 -2 0 0 0.00 0.0 0 5.2 14 310 M M 4 17 300
31 80 53 67 0 0 2 T 0.0 0 2.7 15 120 M M 6 16 110
================================================================================
SM 2560 1781 30 192 1.83 0.0 206.0 M 119
================================================================================
AV 82.6 57.5 6.6 FASTST M M 4 MAX(MPH)
MISC ----> 29 300 45 290
================================================================================
NOTES:
# LAST OF SEVERAL OCCURRENCES
COLUMN 17 PEAK WIND IN M.P.H.
PRELIMINARY LOCAL CLIMATOLOGICAL DATA (WS FORM: F-6) , PAGE 2
STATION: HOUSTON INTERCONTINENTAL
MONTH: OCTOBER
YEAR: 2022
LATITUDE: 29 58 N
LONGITUDE: 95 21 W
[TEMPERATURE DATA] [PRECIPITATION DATA] SYMBOLS USED IN COLUMN 16
AVERAGE MONTHLY: 70.0 TOTAL FOR MONTH: 1.83 1 = FOG OR MIST
DPTR FM NORMAL: -1.8 DPTR FM NORMAL: -3.63 2 = FOG REDUCING VISIBILITY
HIGHEST: 94 ON 12 GRTST 24HR 1.44 ON 27-28 TO 1/4 MILE OR LESS
LOWEST: 42 ON 19 3 = THUNDER
SNOW, ICE PELLETS, HAIL 4 = ICE PELLETS
TOTAL MONTH: 0.0 INCH 5 = HAIL
GRTST 24HR 0.0 6 = FREEZING RAIN OR DRIZZLE
GRTST DEPTH: 0 7 = DUSTSTORM OR SANDSTORM:
VSBY 1/2 MILE OR LESS
8 = SMOKE OR HAZE
[NO. OF DAYS WITH] [WEATHER - DAYS WITH] 9 = BLOWING SNOW
X = TORNADO
MAX 32 OR BELOW: 0 0.01 INCH OR MORE: 4
MAX 90 OR ABOVE: 4 0.10 INCH OR MORE: 2
MIN 32 OR BELOW: 0 0.50 INCH OR MORE: 1
MIN 0 OR BELOW: 0 1.00 INCH OR MORE: 1
[HDD (BASE 65) ]
TOTAL THIS MO. 30 CLEAR (SCALE 0-3) 13
DPTR FM NORMAL 4 PTCLDY (SCALE 4-7) 16
TOTAL FM JUL 1 30 CLOUDY (SCALE 8-10) 2
DPTR FM NORMAL 7
[CDD (BASE 65) ]
TOTAL THIS MO. 192
DPTR FM NORMAL -47 [PRESSURE DATA]
TOTAL FM JAN 1 3516 HIGHEST SLP 30.38 ON 19
DPTR FM NORMAL 327 LOWEST SLP 29.74 ON 24
[REMARKS]
#FINAL-10-22#