000
CXUS53 KUNR 010930
CF6ICR
PRELIMINARY LOCAL CLIMATOLOGICAL DATA (WS FORM: F-6)
STATION: WINNER REGIONAL AIRPORT SD
MONTH: APRIL
YEAR: 2023
LATITUDE: 43 23 N
LONGITUDE: 99 50 W
TEMPERATURE IN F: :PCPN: SNOW: WIND :SUNSHINE: SKY :PK WND
================================================================================
1 2 3 4 5 6A 6B 7 8 9 10 11 12 13 14 15 16 17 18
12Z AVG MX 2MIN
DY MAX MIN AVG DEP HDD CDD WTR SNW DPTH SPD SPD DIR MIN PSBL S-S WX SPD DR
================================================================================
1 58 16 37 -7 28 0 0.00 M M 11.1 23 320 M M 1 8 29 320
2 59 37 48 4 17 0 0.00 M M 13.0 26 310 M M 3 39 280
3 44 31 38 -6 27 0 0.03 M M 9.1 20 10 M M 8 18 25 20
4 31 21 26 -18 39 0 0.03 M M 19.9 32 310 M M 10 169 40 310
5 30 18 24 -21 41 0 T M M 19.0 32 310 M M 5 1 41 300
6 48 22 35 -10 30 0 0.00 M M 9.1 16 220 M M 0 21 300
7 67 28 48 3 17 0 0.00 M M 8.9 18 80 M M 0 23 80
8 78 30 54 8 11 0 0.00 M M 7.6 21 350 M M 0 1 25 360
9 75 41 58 12 7 0 0.00 M M 7.5 18 20 M M 1 29 350
10 80 37 59 13 6 0 0.00 M M 11.5 22 200 M M 0 28 170
11 94 57 76 29 0 11 0.00 M M 22.0 32 200 M M 0 47 200
12 84 43 64 17 1 0 0.00 M M 11.1 22 40 M M 0 27 190
13 73 37 55 8 10 0 0.03 M M 8.0 23 310 M M 2 3 30 290
14 49 38 44 -4 21 0 0.10 M M 17.4 31 310 M M 10 1 40 310
15 47 30 39 -9 26 0 0.00 M M 15.6 31 320 M M 7 39 340
16 58 30 44 -4 21 0 0.00 M M 15.9 31 320 M M 0 42 320
17 66 25 46 -2 19 0 0.00 M M 13.1 22 90 M M 0 32 120
18 71 37 54 5 11 0 0.27 M M 20.8 33 130 M M 0 13 45 290
19 64 42 53 4 12 0 T M M 9.0 23 30 M M 2 13 28 40
20 52 35 44 -5 21 0 T M M 22.6 36 310 M M 7 49 310
21 39 30 35 -15 30 0 T M M 25.2 35 300 M M 10 1 48 290
22 48 27 38 -12 27 0 0.00 M M 13.6 26 340 M M 2 37 320
23 54 23 39 -11 26 0 0.00 M M 5.5 12 130 M M 6 16 300
24 63 27 45 -6 20 0 0.00 M M 12.5 21 80 M M 2 32 100
25 61 35 48 -3 17 0 0.00 M M 15.9 24 110 M M 4 8 32 80
26 72 37 55 4 10 0 M M M 12.8 25 210 M M 2 34 180
27 69 44 57 5 8 0 0.00 M M 13.1 35 310 M M 6 138 45 320
28 58 39 49 -3 16 0 0.00 M M 14.4 31 330 M M 7 1 39 340
29 66 36 51 -1 14 0 0.00 M M 20.5 40 330 M M 1 53 330
30 58 30 44 -9 21 0 0.00 M M 13.7 26 340 M M 1 42 340
================================================================================
SM 1816 983 554 11 0.46 M 419.4 M 97
================================================================================
AV 60.5 32.8 14.0 FASTST M M 3 MAX(MPH)
MISC ----> 40 330 53 330
================================================================================
NOTES:
# LAST OF SEVERAL OCCURRENCES
COLUMN 17 PEAK WIND IN M.P.H.
PRELIMINARY LOCAL CLIMATOLOGICAL DATA (WS FORM: F-6) , PAGE 2
STATION: WINNER REGIONAL AIRPORT SD
MONTH: APRIL
YEAR: 2023
LATITUDE: 43 23 N
LONGITUDE: 99 50 W
[TEMPERATURE DATA] [PRECIPITATION DATA] SYMBOLS USED IN COLUMN 16
AVERAGE MONTHLY: 46.7 TOTAL FOR MONTH: 0.46 1 = FOG OR MIST
DPTR FM NORMAL: -1.3 DPTR FM NORMAL: -1.65 2 = FOG REDUCING VISIBILITY
HIGHEST: 94 ON 11 GRTST 24HR 0.27 ON 18-18 TO 1/4 MILE OR LESS
LOWEST: 16 ON 1 3 = THUNDER
SNOW, ICE PELLETS, HAIL 4 = ICE PELLETS
TOTAL MONTH: M 5 = HAIL
GRTST 24HR M ON M 6 = FREEZING RAIN OR DRIZZLE
GRTST DEPTH: M ON M 7 = DUSTSTORM OR SANDSTORM:
VSBY 1/2 MILE OR LESS
8 = SMOKE OR HAZE
[NO. OF DAYS WITH] [WEATHER - DAYS WITH] 9 = BLOWING SNOW
X = TORNADO
MAX 32 OR BELOW: 2 0.01 INCH OR MORE: 5
MAX 90 OR ABOVE: 1 0.10 INCH OR MORE: 2
MIN 32 OR BELOW: 15 0.50 INCH OR MORE: 0
MIN 0 OR BELOW: 0 1.00 INCH OR MORE: 0
[HDD (BASE 65) ]
TOTAL THIS MO. 554 CLEAR (SCALE 0-3) 19
DPTR FM NORMAL 42 PTCLDY (SCALE 4-7) 7
TOTAL FM JUL 1 6752 CLOUDY (SCALE 8-10) 4
DPTR FM NORMAL 600
[CDD (BASE 65) ]
TOTAL THIS MO. 11
DPTR FM NORMAL 7 [PRESSURE DATA]
TOTAL FM JAN 1 11 HIGHEST SLP 30.37 ON 6
DPTR FM NORMAL 6 LOWEST SLP 29.29 ON 19
[REMARKS]
#FINAL-04-23#