000
CXUS55 KPIH 011402
CF6IDA
PRELIMINARY LOCAL CLIMATOLOGICAL DATA (WS FORM: F-6)
STATION: IDAHO FALLS ID
MONTH: MARCH
YEAR: 2020
LATITUDE: 43 31 N
LONGITUDE: 112 4 W
TEMPERATURE IN F: :PCPN: SNOW: WIND :SUNSHINE: SKY :PK WND
================================================================================
1 2 3 4 5 6A 6B 7 8 9 10 11 12 13 14 15 16 17 18
12Z AVG MX 2MIN
DY MAX MIN AVG DEP HDD CDD WTR SNW DPTH SPD SPD DIR MIN PSBL S-S WX SPD DR
================================================================================
1 33 5 19 -11 46 0 0.06 M M 9.8 21 360 M M 4 1 25 360
2 33 3 18 -12 47 0 0.00 M M 9.5 22 220 M M 4 24 230
3 34 15 25 -6 40 0 0.00 M M 6.3 24 220 M M 4 29 220
4 44 10 27 -4 38 0 0.00 M M 9.3 29 220 M M 0 1 35 220
5 36 14 25 -7 40 0 0.00 M M 7.1 13 340 M M 0 14 360
6 43 21 32 0 33 0 0.00 M M 5.8 10 360 M M 0 13 360
7 56 20 38 6 27 0 0.01 M M 9.4 22 190 M M 3 26 200
8 43 31 37 4 28 0 0.00 M M 10.8 23 220 M M 6 28 210
9 43 26 35 2 30 0 T M M 9.1 24 220 M M 8 30 210
10 46 30 38 4 27 0 0.00 M M 8.6 20 260 M M 2 24 220
11 52 23 38 4 27 0 0.00 M M 11.1 28 230 M M 0 38 250
12 44 26 35 0 30 0 0.00 M M 5.4 13 50 M M 1 16 40
13 44 19 32 -3 33 0 0.00 M M 7.4 15 10 M M 0 18 360
14 41 30 36 0 29 0 1.08 M M 8.8 24 220 M M 8 1 30 220
15 46 31 39 3 26 0 0.28 M M 8.6 29 220 M M 8 13 37 210
16 51 31 41 5 24 0 0.03 M M 9.7 17 10 M M 5 22 10
17 53 30 42 5 23 0 0.14 M M 6.9 23 230 M M 5 3 33 230
18 45 31 38 1 27 0 0.01 M M 6.9 16 210 M M 6 12 19 210
19 50 29 40 3 25 0 0.00 M M 8.4 18 30 M M 4 23 20
20 49 30 40 2 25 0 T M M 6.5 16 220 M M 9 18 20 230
21 47 33 40 2 25 0 0.12 M M 4.2 15 160 M M 9 1 17 150
22 53 30 42 4 23 0 0.00 M M 10.4 23 220 M M 4 28 220
23 53 29 41 2 24 0 T M M 10.2 25 210 M M 3 3 31 210
24 51 34 43 4 22 0 T M M 15.8 26 250 M M 4 35 250
25 46 31 39 0 26 0 0.00 M M 16.6 30 230 M M 4 39 240
26 42 24 33 -7 32 0 0.00 M M 9.1 18 220 M M 3 23 170
27 40 20 30 -10 35 0 0.00 M M 7.2 15 230 M M 5 20 290
28 48 30 39 -1 26 0 T M M 10.7 21 220 M M 8 26 230
29 50 30 40 0 25 0 T M M 7.3 22 210 M M 7 26 220
30 53 33 43 2 22 0 T M M 15.1 29 220 M M 8 37 230
31 50 36 43 2 22 0 0.06 M M 22.8 35 220 M M 9 13 44 240
================================================================================
SM 1419 785 907 0 1.79 M 294.8 M 141
================================================================================
AV 45.8 25.3 9.5 FASTST M M 5 MAX(MPH)
MISC ----> # 35 220 # 44 240
================================================================================
NOTES:
# LAST OF SEVERAL OCCURRENCES
PRECIPITATION SUSPECT DURING FREEZING/FROZEN EVENTS
COLUMN 17 PEAK WIND IN M.P.H.
PRELIMINARY LOCAL CLIMATOLOGICAL DATA (WS FORM: F-6) , PAGE 2
STATION: IDAHO FALLS ID
MONTH: MARCH
YEAR: 2020
LATITUDE: 43 31 N
LONGITUDE: 112 4 W
[TEMPERATURE DATA] [PRECIPITATION DATA] SYMBOLS USED IN COLUMN 16
AVERAGE MONTHLY: 35.6 TOTAL FOR MONTH: 1.79 1 = FOG OR MIST
DPTR FM NORMAL: -0.4 DPTR FM NORMAL: 0.93 2 = FOG REDUCING VISIBILITY
HIGHEST: 56 ON 7 GRTST 24HR 1.08 ON 14-14 TO 1/4 MILE OR LESS
LOWEST: 3 ON 2 3 = THUNDER
SNOW, ICE PELLETS, HAIL 4 = ICE PELLETS
TOTAL MONTH: M 5 = HAIL
GRTST 24HR M ON M 6 = FREEZING RAIN OR DRIZZLE
GRTST DEPTH: M ON M 7 = DUSTSTORM OR SANDSTORM:
VSBY 1/2 MILE OR LESS
8 = SMOKE OR HAZE
[NO. OF DAYS WITH] [WEATHER - DAYS WITH] 9 = BLOWING SNOW
X = TORNADO
MAX 32 OR BELOW: 0 0.01 INCH OR MORE: 9
MAX 90 OR ABOVE: 0 0.10 INCH OR MORE: 4
MIN 32 OR BELOW: 27 0.50 INCH OR MORE: 1
MIN 0 OR BELOW: 0 1.00 INCH OR MORE: 1
[HDD (BASE 65) ]
TOTAL THIS MO. 907 CLEAR (SCALE 0-3) 8
DPTR FM NORMAL 5 PTCLDY (SCALE 4-7) 18
TOTAL FM JUL 1 7115 CLOUDY (SCALE 8-10) 5
DPTR FM NORMAL 411
[CDD (BASE 65) ]
TOTAL THIS MO. 0
DPTR FM NORMAL 0 [PRESSURE DATA]
TOTAL FM JAN 1 0 HIGHEST SLP 30.48 ON 5
DPTR FM NORMAL 0 LOWEST SLP 29.67 ON 13
[REMARKS]
14TH: RAINFALL OF 1.08 INCHES BREAKS OLD RECORD OF 0.25 SET IN 2018.
#FINAL-03-20#