000
CXUS54 KFWD 010830
CF6ILE
PRELIMINARY LOCAL CLIMATOLOGICAL DATA (WS FORM: F-6)
STATION: KILLEEN SKYLARK
MONTH: JANUARY
YEAR: 2023
LATITUDE: 31 4 N
LONGITUDE: 97 41 W
TEMPERATURE IN F: :PCPN: SNOW: WIND :SUNSHINE: SKY :PK WND
================================================================================
1 2 3 4 5 6A 6B 7 8 9 10 11 12 13 14 15 16 17 18
12Z AVG MX 2MIN
DY MAX MIN AVG DEP HDD CDD WTR SNW DPTH SPD SPD DIR MIN PSBL S-S WX SPD DR
================================================================================
1 79 50 65 18 0 0 0.00 M M 9.1 15 160 M M 0 18 160
2 81 62 72 25 0 7 0.00 M M 12.7 24 180 M M 0 1 32 190
3 71 52 62 15 3 0 0.00 M M 6.7 14 290 M M 0 21 300
4 69 44 57 10 8 0 0.00 M M 8.6 16 280 M M 0 22 280
5 67 36 52 5 13 0 0.00 M M 4.5 7 320 M M 0 M M
6 76 43 60 13 5 0 0.00 M M 8.9 18 170 M M 0 30 180
7 66 52 59 12 6 0 0.02 M M 6.6 14 190 M M 0 1 M M
8 66 41 54 7 11 0 T M M 6.3 13 330 M M 0 M M
9 72 37 55 8 10 0 0.00 M M 5.6 13 170 M M 0 M M
10 85 48 67 20 0 2 0.00 M M 7.3 12 190 M M 0 12 M M
11 86 55 71 24 0 6 0.00 M M 9.6 18 190 M M 0 25 190
12 67 44 56 9 9 0 0.00 M M 12.0 20 330 M M 0 31 330
13 61 34 48 1 17 0 0.00 M M 5.0 9 350 M M 0 M M
14 65 31 48 1 17 0 0.00 M M 8.8 18 160 M M 0 26 170
15 72 44 58 11 7 0 0.00 M M 15.9 31 170 M M 0 39 170
16 78 56 67 20 0 2 0.00 M M 9.0 20 190 M M 0 30 190
17 83 49 66 19 0 1 0.00 M M 6.6 16 150 M M 0 1 23 130
18 73 51 62 15 3 0 0.04 M M 8.8 17 290 M M 0 1 28 280
19 64 43 54 7 11 0 0.00 M M 6.4 14 350 M M 0 20 340
20 57 38 48 0 17 0 T M M 6.8 13 90 M M 0 M M
21 67 44 56 8 9 0 T M M 5.1 9 130 M M 0 M M
22 59 34 47 -1 18 0 0.00 M M 8.0 13 320 M M 0 20 300
23 57 29 43 -5 22 0 0.00 M M 6.3 14 110 M M 0 16 130
24 50 40 45 -3 20 0 0.77 M M 11.1 17 300 M M 1 1 33 300
25 52 35 44 -4 21 0 0.00 M M 9.8 17 310 M M 0 23 310
26 55 31 43 -5 22 0 0.00 M M 4.7 10 320 M M 0 17 99
27 61 32 47 -1 18 0 0.00 M M 7.5 16 170 M M 0 M M
28 64 48 56 8 9 0 0.01 M M 8.8 14 190 M M 1 1 M M
29 65 35 50 2 15 0 0.06 M M 9.3 16 350 M M 2 1 23 360
30 35 27 31 -17 34 0 T M M 12.3 16 350 M M 6 16 22 350
31 31 27 29 -19 36 0 0.03 M M 11.7 15 340 M M 5 16 22 340
================================================================================
SM 2034 1292 361 18 0.93 M 259.8 M 15
================================================================================
AV 65.6 41.7 8.4 FASTST M M 0 MAX(MPH)
MISC ----> 31 170 39 170
================================================================================
NOTES:
# LAST OF SEVERAL OCCURRENCES
COLUMN 17 PEAK WIND IN M.P.H.
PRELIMINARY LOCAL CLIMATOLOGICAL DATA (WS FORM: F-6) , PAGE 2
STATION: KILLEEN SKYLARK
MONTH: JANUARY
YEAR: 2023
LATITUDE: 31 4 N
LONGITUDE: 97 41 W
[TEMPERATURE DATA] [PRECIPITATION DATA] SYMBOLS USED IN COLUMN 16
AVERAGE MONTHLY: 53.6 TOTAL FOR MONTH: 0.93 1 = FOG OR MIST
DPTR FM NORMAL: 6.2 DPTR FM NORMAL: -1.04 2 = FOG REDUCING VISIBILITY
HIGHEST: 86 ON 11 GRTST 24HR 1.51 ON 24-24 TO 1/4 MILE OR LESS
LOWEST: 27 ON 31,30 3 = THUNDER
SNOW, ICE PELLETS, HAIL 4 = ICE PELLETS
TOTAL MONTH: M 5 = HAIL
GRTST 24HR M ON M 6 = FREEZING RAIN OR DRIZZLE
GRTST DEPTH: M ON M 7 = DUSTSTORM OR SANDSTORM:
VSBY 1/2 MILE OR LESS
8 = SMOKE OR HAZE
[NO. OF DAYS WITH] [WEATHER - DAYS WITH] 9 = BLOWING SNOW
X = TORNADO
MAX 32 OR BELOW: 1 0.01 INCH OR MORE: 6
MAX 90 OR ABOVE: 0 0.10 INCH OR MORE: 1
MIN 32 OR BELOW: 6 0.50 INCH OR MORE: 1
MIN 0 OR BELOW: 0 1.00 INCH OR MORE: 0
[HDD (BASE 65) ]
TOTAL THIS MO. 361 CLEAR (SCALE 0-3) 29
DPTR FM NORMAL -188 PTCLDY (SCALE 4-7) 2
TOTAL FM JUL 1 1159 CLOUDY (SCALE 8-10) 0
DPTR FM NORMAL -239
[CDD (BASE 65) ]
TOTAL THIS MO. 18
DPTR FM NORMAL 16 [PRESSURE DATA]
TOTAL FM JAN 1 18 HIGHEST SLP 30.49 ON 26
DPTR FM NORMAL 16 LOWEST SLP 29.64 ON 2
[REMARKS]
#FINAL-01-23#