000
CXUS53 KILX 011000
CF6ILX
PRELIMINARY LOCAL CLIMATOLOGICAL DATA (WS FORM: F-6)
STATION: LINCOLN IL
MONTH: DECEMBER
YEAR: 2023
LATITUDE: 40 9 N
LONGITUDE: 89 20 W
TEMPERATURE IN F: :PCPN: SNOW: WIND :SUNSHINE: SKY :PK WND
================================================================================
1 2 3 4 5 6A 6B 7 8 9 10 11 12 13 14 15 16 17 18
12Z AVG MX 2MIN
DY MAX MIN AVG DEP HDD CDD WTR SNW DPTH SPD SPD DIR MIN PSBL S-S WX SPD DR
================================================================================
1 46 40 43 7 22 0 0.99 0.0 0 M M M M M M 1 M M
2 41 38 40 5 25 0 0.03 0.0 0 M M M M M M 1 M M
3 43 32 38 3 27 0 0.07 0.0 0 M M M M M M 1 M M
4 39 33 36 1 29 0 T 0.0 0 M M M M M M M M
5 42 32 37 3 28 0 0.06 0.0 0 M M M M M M 1 M M
6 42 31 37 3 28 0 0.00 0.0 0 M M M M M M 18 M M
7 59 35 47 13 18 0 0.00 0.0 0 M M M M M M M M
8 56 43 50 17 15 0 0.00 0.0 0 M M M M M M M M
9 56 35 46 13 19 0 0.22 0.0 0 M M M M M M 3 M M
10 35 22 29 -4 36 0 0.00 0.0 0 M M M M M M M M
11 43 20 32 0 33 0 0.00 0.0 0 M M M M M M M M
12 42 28 35 3 30 0 0.00 0.0 0 M M M M M M M M
13 44 27 36 4 29 0 0.00 0.0 0 M M M M M M M M
14 54 23 39 7 26 0 0.00 0.0 0 M M M M M M M M
15 57 31 44 13 21 0 0.00 0.0 0 M M M M M M M M
16 45 41 43 12 22 0 0.48 0.0 0 M M M M M M 1 M M
17 42 35 39 8 26 0 T 0.0 0 M M M M M M 1 M M
18 35 19 27 -3 38 0 0.00 0.0 0 M M M M M M M M
19 35 14 25 -5 40 0 0.00 0.0 0 M M M M M M M M
20 48 22 35 5 30 0 0.00 0.0 0 M M M M M M M M
21 52 34 43 13 22 0 T 0.0 0 M M M M M M M M
22 48 42 45 16 20 0 0.42 0.0 0 M M M M M M M M
23 52 45 49 20 16 0 0.02 0.0 0 M M M M M M M M
24 60 46 53 24 12 0 0.00 0.0 0 M M M M M M M M
25 55 39 47 18 18 0 0.52 0.0 0 M M M M M M M M
26 42 31 37 9 28 0 T T 0 M M M M M M M M
27 43 33 38 10 27 0 0.02 0.0 0 M M M M M M M M
28 38 32 35 7 30 0 0.04 T 0 M M M M M M 1 M M
29 38 32 35 7 30 0 0.09 0.1 0 M M M M M M 1 M M
30 44 28 36 8 29 0 0.00 0.0 0 M M M M M M 1 M M
31 35 29 32 4 33 0 T T 0 M M M M M M M M
================================================================================
SM 1411 992 807 0 2.96 0.1 M M M
================================================================================
AV 45.5 32.0 M FASTST M M M MAX(MPH)
MISC ----> M M M M
================================================================================
NOTES:
# LAST OF SEVERAL OCCURRENCES
COLUMN 17 PEAK WIND IN M.P.H.
PRELIMINARY LOCAL CLIMATOLOGICAL DATA (WS FORM: F-6) , PAGE 2
STATION: LINCOLN IL
MONTH: DECEMBER
YEAR: 2023
LATITUDE: 40 9 N
LONGITUDE: 89 20 W
[TEMPERATURE DATA] [PRECIPITATION DATA] SYMBOLS USED IN COLUMN 16
AVERAGE MONTHLY: 38.8 TOTAL FOR MONTH: 2.96 1 = FOG OR MIST
DPTR FM NORMAL: 7.7 DPTR FM NORMAL: 0.67 2 = FOG REDUCING VISIBILITY
HIGHEST: 60 ON 24 GRTST 24HR 0.99 ON 1- 1 TO 1/4 MILE OR LESS
LOWEST: 14 ON 19 3 = THUNDER
SNOW, ICE PELLETS, HAIL 4 = ICE PELLETS
TOTAL MONTH: 0.1 INCH 5 = HAIL
GRTST 24HR 0.1 ON 29-29 6 = FREEZING RAIN OR DRIZZLE
GRTST DEPTH: 0 7 = DUSTSTORM OR SANDSTORM:
VSBY 1/2 MILE OR LESS
8 = SMOKE OR HAZE
[NO. OF DAYS WITH] [WEATHER - DAYS WITH] 9 = BLOWING SNOW
X = TORNADO
MAX 32 OR BELOW: 0 0.01 INCH OR MORE: 12
MAX 90 OR ABOVE: 0 0.10 INCH OR MORE: 5
MIN 32 OR BELOW: 17 0.50 INCH OR MORE: 2
MIN 0 OR BELOW: 0 1.00 INCH OR MORE: 0
[HDD (BASE 65) ]
TOTAL THIS MO. 807 CLEAR (SCALE 0-3) 0
DPTR FM NORMAL -242 PTCLDY (SCALE 4-7) 0
TOTAL FM JUL 1 1827 CLOUDY (SCALE 8-10) 31
DPTR FM NORMAL -365
[CDD (BASE 65) ]
TOTAL THIS MO. 0
DPTR FM NORMAL 0 [PRESSURE DATA]
TOTAL FM JAN 1 897 HIGHEST SLP M ON M
DPTR FM NORMAL -117 LOWEST SLP M ON M
[REMARKS]
#FINAL-12-23#