000
CXUS53 KIND 010700
CF6IND
PRELIMINARY LOCAL CLIMATOLOGICAL DATA (WS FORM: F-6)
STATION: INDIANAPOLIS IN
MONTH: FEBRUARY
YEAR: 2024
LATITUDE: 39 43 N
LONGITUDE: 86 17 W
TEMPERATURE IN F: :PCPN: SNOW: WIND :SUNSHINE: SKY :PK WND
================================================================================
1 2 3 4 5 6A 6B 7 8 9 10 11 12 13 14 15 16 17 18
12Z AVG MX 2MIN
DY MAX MIN AVG DEP HDD CDD WTR SNW DPTH SPD SPD DIR MIN PSBL S-S WX SPD DR
================================================================================
1 53 31 42 13 23 0 0.00 0.0 0 9.1 17 240 M M 4 23 240
2 45 32 39 10 26 0 0.00 0.0 0 10.8 17 70 M M 6 1 23 70
3 48 29 39 9 26 0 0.00 0.0 0 10.2 16 60 M M 1 23 60
4 52 27 40 10 25 0 0.00 0.0 0 11.4 17 40 M M 5 22 50
5 52 28 40 10 25 0 0.00 0.0 0 9.9 17 40 M M 3 1 23 30
6 45 31 38 8 27 0 0.00 0.0 0 7.0 14 100 M M 7 1 17 100
7 52 28 40 10 25 0 0.00 0.0 0 5.4 13 140 M M 7 19 140
8 65 40 53 23 12 0 0.00 0.0 0 14.6 25 190 M M 8 33 190
9 66 52 59 28 6 0 0.00 0.0 0 15.2 24 220 M M 7 36 210
10 56 36 46 15 19 0 0.10 0.0 0 10.4 24 220 M M 9 1 33 230
11 48 28 38 7 27 0 0.00 0.0 0 7.6 15 20 M M 6 21 40
12 47 31 39 7 26 0 0.00 0.0 0 9.2 16 10 M M 7 21 10
13 50 27 39 7 26 0 0.00 0.0 0 9.6 22 300 M M 5 27 270
14 49 31 40 8 25 0 T T 0 7.7 13 70 M M 4 16 60
15 50 31 41 9 24 0 T 0.0 0 13.7 29 300 M M 6 37 310
16 35 20 28 -5 37 0 0.35 3.9 0 10.1 18 340 M M 9 12 23 350
17 23 13 18 -15 47 0 T T 4 13.6 18 250 M M 4 1 25 300
18 34 13 24 -9 41 0 0.00 0.0 3 14.0 23 230 M M 0 28 240
19 48 19 34 0 31 0 0.00 0.0 1 5.0 10 200 M M 1 14 150
20 57 28 43 9 22 0 0.00 0.0 0 5.8 16 190 M M 1 19 210
21 68 34 51 17 14 0 0.00 0.0 0 11.1 26 210 M M 7 33 220
22 58 41 50 15 15 0 0.56 0.0 0 6.9 15 360 M M 9 13 20 190
23 54 33 44 9 21 0 T 0.0 0 10.1 23 280 M M 5 12 33 280
24 45 26 36 1 29 0 0.01 0.1 T 11.5 24 350 M M 6 1 32 330
25 60 26 43 7 22 0 0.00 0.0 0 10.0 21 200 M M 3 27 190
26 73 36 55 19 10 0 0.00 0.0 0 7.4 15 190 M M 5 22 180
27 68 58 63 27 2 0 0.00 0.0 0 15.4 23 200 M M 8 39 210
28 68 26 47 10 18 0 0.60 T 0 20.1 40 250 M M 6 135 59 250
29 44 21 33 -4 32 0 0.00 0.0 0 6.4 13 140 M M 1 18 150
================================================================================
SM 1513 876 683 0 1.62 4.0 299.2 M 150
================================================================================
AV 52.2 30.2 10.3 FASTST M M 5 MAX(MPH)
MISC ----> 40 250 59 250
================================================================================
NOTES:
# LAST OF SEVERAL OCCURRENCES
COLUMN 17 PEAK WIND IN M.P.H.
PRELIMINARY LOCAL CLIMATOLOGICAL DATA (WS FORM: F-6) , PAGE 2
STATION: INDIANAPOLIS IN
MONTH: FEBRUARY
YEAR: 2024
LATITUDE: 39 43 N
LONGITUDE: 86 17 W
[TEMPERATURE DATA] [PRECIPITATION DATA] SYMBOLS USED IN COLUMN 16
AVERAGE MONTHLY: 41.2 TOTAL FOR MONTH: 1.62 1 = FOG OR MIST
DPTR FM NORMAL: 8.7 DPTR FM NORMAL: -0.81 2 = FOG REDUCING VISIBILITY
HIGHEST: 73 ON 26 GRTST 24HR 0.60 ON 28-28 TO 1/4 MILE OR LESS
LOWEST: 13 ON 18,17 3 = THUNDER
SNOW, ICE PELLETS, HAIL 4 = ICE PELLETS
TOTAL MONTH: 4.0 INCHES 5 = HAIL
GRTST 24HR 3.9 ON 16-16 6 = FREEZING RAIN OR DRIZZLE
GRTST DEPTH: 4 ON 17 7 = DUSTSTORM OR SANDSTORM:
VSBY 1/2 MILE OR LESS
8 = SMOKE OR HAZE
[NO. OF DAYS WITH] [WEATHER - DAYS WITH] 9 = BLOWING SNOW
X = TORNADO
MAX 32 OR BELOW: 1 0.01 INCH OR MORE: 5
MAX 90 OR ABOVE: 0 0.10 INCH OR MORE: 4
MIN 32 OR BELOW: 21 0.50 INCH OR MORE: 2
MIN 0 OR BELOW: 0 1.00 INCH OR MORE: 0
[HDD (BASE 65) ]
TOTAL THIS MO. 683 CLEAR (SCALE 0-3) 7
DPTR FM NORMAL -227 PTCLDY (SCALE 4-7) 18
TOTAL FM JUL 1 3396 CLOUDY (SCALE 8-10) 4
DPTR FM NORMAL -709
[CDD (BASE 65) ]
TOTAL THIS MO. 0
DPTR FM NORMAL 0 [PRESSURE DATA]
TOTAL FM JAN 1 0 HIGHEST SLP M ON M
DPTR FM NORMAL 0 LOWEST SLP 29.31 ON 28
[REMARKS]
#FINAL-02-24#