000
CXUS54 KMAF 012319
CF6INK
PRELIMINARY LOCAL CLIMATOLOGICAL DATA (WS FORM: F-6)
STATION: WINK
MONTH: JANUARY
YEAR: 2023
LATITUDE: 31 46 N
LONGITUDE: 103 12 W
TEMPERATURE IN F: :PCPN: SNOW: WIND :SUNSHINE: SKY :PK WND
================================================================================
1 2 3 4 5 6A 6B 7 8 9 10 11 12 13 14 15 16 17 18
12Z AVG MX 2MIN
DY MAX MIN AVG DEP HDD CDD WTR SNW DPTH SPD SPD DIR MIN PSBL S-S WX SPD DR
================================================================================
1 74 44 59 15 6 0 0.00 M M 7.9 17 200 M M 0 22 210
2 75 44 60 16 5 0 0.00 M M 13.1 37 320 M M 0 48 320
3 60 39 50 6 15 0 0.00 M M 14.0 31 270 M M 0 42 260
4 66 31 49 5 16 0 0.00 M M 9.1 21 280 M M 0 29 240
5 65 29 47 3 18 0 0.00 M M 6.0 14 180 M M 0 17 170
6 79 33 56 12 9 0 0.00 M M 7.3 22 280 M M 0 30 290
7 64 33 49 5 16 0 0.00 M M 6.9 14 320 M M 1 18 320
8 65 29 47 3 18 0 0.00 M M 6.9 13 140 M M 0 17 140
9 74 33 54 10 11 0 T M M 6.2 12 240 M M 0 15 270
10 79 34 57 13 8 0 0.00 M M 8.4 25 250 M M 0 34 240
11 74 39 57 13 8 0 0.00 M M 12.7 35 260 M M 0 8 50 260
12 61 34 48 4 17 0 0.00 M M 8.3 22 360 M M 0 30 350
13 63 25 44 0 21 0 0.00 M M 7.4 15 130 M M 0 19 140
14 74 37 56 12 9 0 0.00 M M 9.4 16 140 M M 0 23 140
15 76 43 60 16 5 0 0.00 M M 10.9 28 250 M M 3 36 250
16 65 51 58 13 7 0 0.00 M M 15.5 32 240 M M 7 41 250
17 64 47 56 11 9 0 T M M 8.4 24 270 M M 4 35 250
18 58 41 50 5 15 0 0.00 M M 19.5 43 280 M M 1 8 56 280
19 57 28 43 -2 22 0 0.00 M M 5.5 14 250 M M 0 18 250
20 69 30 50 5 15 0 0.00 M M 9.2 17 130 M M 0 25 140
21 57 27 42 -3 23 0 0.00 M M 7.1 18 310 M M 0 23 310
22 54 22 38 -7 27 0 0.00 M M 5.9 14 120 M M 0 19 120
23 58 36 47 2 18 0 0.15 M M 22.5 37 130 M M 2 51 140
24 46 32 39 -7 26 0 0.11 M M 11.3 25 80 M M 6 1 34 80
25 49 30 40 -6 25 0 0.00 M M 5.4 13 50 M M 5 1 16 40
26 48 27 38 -8 27 0 0.00 M M 4.3 12 120 M M 3 15 120
27 59 23 41 -5 24 0 0.00 M M 7.5 23 240 M M 0 31 240
28 68 30 49 3 16 0 0.00 M M 7.8 24 240 M M 0 1 32 230
29 62 33 48 2 17 0 0.00 M M 8.7 17 50 M M 1 23 80
30 34 26 30 -17 35 0 0.00 M M 9.2 17 70 M M 10 21 80
31 27 23 25 -22 40 0 0.00 M M 7.6 16 40 M M 10 1 21 30
================================================================================
SM 1924 1033 528 0 0.26 M 289.9 M 53
================================================================================
AV 62.1 33.3 9.4 FASTST M M 2 MAX(MPH)
MISC ----> 43 280 56 280
================================================================================
NOTES:
# LAST OF SEVERAL OCCURRENCES
COLUMN 17 PEAK WIND IN M.P.H.
PRELIMINARY LOCAL CLIMATOLOGICAL DATA (WS FORM: F-6) , PAGE 2
STATION: WINK
MONTH: JANUARY
YEAR: 2023
LATITUDE: 31 46 N
LONGITUDE: 103 12 W
[TEMPERATURE DATA] [PRECIPITATION DATA] SYMBOLS USED IN COLUMN 16
AVERAGE MONTHLY: 47.7 TOTAL FOR MONTH: 0.26 1 = FOG OR MIST
DPTR FM NORMAL: 2.9 DPTR FM NORMAL: -0.23 2 = FOG REDUCING VISIBILITY
HIGHEST: 79 ON 10, 6 GRTST 24HR 0.15 ON 23-23 TO 1/4 MILE OR LESS
LOWEST: 22 ON 22 3 = THUNDER
SNOW, ICE PELLETS, HAIL 4 = ICE PELLETS
TOTAL MONTH: M 5 = HAIL
GRTST 24HR M ON M 6 = FREEZING RAIN OR DRIZZLE
GRTST DEPTH: M ON M 7 = DUSTSTORM OR SANDSTORM:
VSBY 1/2 MILE OR LESS
8 = SMOKE OR HAZE
[NO. OF DAYS WITH] [WEATHER - DAYS WITH] 9 = BLOWING SNOW
X = TORNADO
MAX 32 OR BELOW: 1 0.01 INCH OR MORE: 2
MAX 90 OR ABOVE: 0 0.10 INCH OR MORE: 2
MIN 32 OR BELOW: 15 0.50 INCH OR MORE: 0
MIN 0 OR BELOW: 0 1.00 INCH OR MORE: 0
[HDD (BASE 65) ]
TOTAL THIS MO. 528 CLEAR (SCALE 0-3) 25
DPTR FM NORMAL -98 PTCLDY (SCALE 4-7) 4
TOTAL FM JUL 1 1536 CLOUDY (SCALE 8-10) 2
DPTR FM NORMAL -146
[CDD (BASE 65) ]
TOTAL THIS MO. 0
DPTR FM NORMAL 0 [PRESSURE DATA]
TOTAL FM JAN 1 0 HIGHEST SLP 30.46 ON 26
DPTR FM NORMAL 0 LOWEST SLP 29.57 ON 15
[REMARKS]
#FINAL-01-23#