000
CXUS53 KDLH 011950
CF6INL
PRELIMINARY LOCAL CLIMATOLOGICAL DATA (WS FORM: F-6)
STATION: INTERNATIONAL FALLS
MONTH: JUNE
YEAR: 2023
LATITUDE: 48 34 N
LONGITUDE: 93 23 W
TEMPERATURE IN F: :PCPN: SNOW: WIND :SUNSHINE: SKY :PK WND
================================================================================
1 2 3 4 5 6A 6B 7 8 9 10 11 12 13 14 15 16 17 18
12Z AVG MX 2MIN
DY MAX MIN AVG DEP HDD CDD WTR SNW DPTH SPD SPD DIR MIN PSBL S-S WX SPD DR
================================================================================
1 88 62 75 18 0 10 T 0.0 0 7.1 15 140 M M 3 24 130
2 86 62 74 17 0 9 T 0.0 0 7.1 18 130 M M 2 26 140
3 88 59 74 16 0 9 0.00 0.0 0 3.6 10 130 M M 1 1 14 100
4 88 59 74 16 0 9 0.04 0.0 0 3.1 17 300 M M 2 13 23 320
5 81 59 70 12 0 5 0.00 0.0 0 7.1 15 70 M M 3 12 21 90
6 74 60 67 8 0 2 0.00 0.0 0 8.3 16 120 M M 8 8 23 110
7 73 56 65 6 0 0 0.00 0.0 0 7.0 15 110 M M 7 20 150
8 77 50 64 5 1 0 T 0.0 0 3.8 15 130 M M 1 21 130
9 81 50 66 6 0 1 0.01 0.0 0 3.5 28 350 M M 4 13 39 350
10 68 40 54 -6 11 0 0.00 0.0 0 8.7 16 10 M M 5 1 26 10
11 74 38 56 -4 9 0 0.00 0.0 0 4.9 16 350 M M 1 1 24 70
12 80 42 61 1 4 0 0.00 0.0 0 5.9 16 360 M M 1 22 350
13 84 43 64 4 1 0 0.00 0.0 0 5.0 18 340 M M 3 8 23 340
14 64 51 58 -3 7 0 0.00 0.0 0 8.0 14 360 M M 9 8 19 40
15 71 46 59 -2 6 0 0.00 0.0 0 6.5 15 100 M M 2 22 50
16 75 38 57 -4 8 0 0.00 0.0 0 2.4 10 150 M M 1 16 180
17 76 53 65 4 0 0 T 0.0 0 3.5 10 150 M M 3 18 190
18 81 58 70 8 0 5 0.04 0.0 0 4.5 13 140 M M 6 38 19 160
19 79 55 67 5 0 2 0.00 0.0 0 6.8 16 130 M M 4 18 23 140
20 91 61 76 14 0 11 0.00 0.0 0 8.3 16 160 M M 0 28 150
21 89 64 77 15 0 12 0.00 0.0 0 5.1 15 150 M M 1 25 150
22 90 62 76 14 0 11 1.51 0.0 0 5.8 23 260 M M 2 13 38 230
23 80 60 70 7 0 5 0.04 0.0 0 6.8 14 20 M M 3 23 60
24 66 61 64 1 1 0 0.45 0.0 0 9.3 18 90 M M 10 138 27 100
25 66 61 64 1 1 0 0.04 0.0 0 7.7 13 40 M M 10 18 21 40
26 83 52 68 5 0 3 T 0.0 0 3.9 15 340 M M 1 18 21 330
27 80 51 66 3 0 1 0.37 0.0 0 2.5 14 150 M M 3 138 23 260
28 68 55 62 -2 3 0 0.17 0.0 0 3.2 13 140 M M 8 18 19 150
29 79 54 67 3 0 2 0.11 0.0 0 4.3 20 10 M M 4 123 31 220
30 79 57 68 4 0 3 0.01 0.0 0 6.3 16 280 M M 4 18 22 280
================================================================================
SM 2359 1619 52 100 2.79 0.0 170.0 M 112
================================================================================
AV 78.6 54.0 5.7 FASTST M M 4 MAX(MPH)
MISC ----> 28 350 39 350
================================================================================
NOTES:
# LAST OF SEVERAL OCCURRENCES
COLUMN 17 PEAK WIND IN M.P.H.
PRELIMINARY LOCAL CLIMATOLOGICAL DATA (WS FORM: F-6) , PAGE 2
STATION: INTERNATIONAL FALLS
MONTH: JUNE
YEAR: 2023
LATITUDE: 48 34 N
LONGITUDE: 93 23 W
[TEMPERATURE DATA] [PRECIPITATION DATA] SYMBOLS USED IN COLUMN 16
AVERAGE MONTHLY: 66.3 TOTAL FOR MONTH: 2.79 1 = FOG OR MIST
DPTR FM NORMAL: 5.5 DPTR FM NORMAL: -0.99 2 = FOG REDUCING VISIBILITY
HIGHEST: 91 ON 20 GRTST 24HR 1.51 ON 22-22 TO 1/4 MILE OR LESS
LOWEST: 38 ON 16,11 3 = THUNDER
SNOW, ICE PELLETS, HAIL 4 = ICE PELLETS
TOTAL MONTH: 0.0 INCH 5 = HAIL
GRTST 24HR 0.0 6 = FREEZING RAIN OR DRIZZLE
GRTST DEPTH: 0 7 = DUSTSTORM OR SANDSTORM:
VSBY 1/2 MILE OR LESS
8 = SMOKE OR HAZE
[NO. OF DAYS WITH] [WEATHER - DAYS WITH] 9 = BLOWING SNOW
X = TORNADO
MAX 32 OR BELOW: 0 0.01 INCH OR MORE: 11
MAX 90 OR ABOVE: 2 0.10 INCH OR MORE: 5
MIN 32 OR BELOW: 0 0.50 INCH OR MORE: 1
MIN 0 OR BELOW: 0 1.00 INCH OR MORE: 1
[HDD (BASE 65) ]
TOTAL THIS MO. 52 CLEAR (SCALE 0-3) 15
DPTR FM NORMAL -108 PTCLDY (SCALE 4-7) 11
TOTAL FM JUL 1 8452 CLOUDY (SCALE 8-10) 4
DPTR FM NORMAL -1727
[CDD (BASE 65) ]
TOTAL THIS MO. 100
DPTR FM NORMAL 65 [PRESSURE DATA]
TOTAL FM JAN 1 114 HIGHEST SLP 30.15 ON 5
DPTR FM NORMAL 71 LOWEST SLP 29.68 ON 13
[REMARKS]
#FINAL-06-23#