000
CXUS56 KFGZ 010910
CF6INW
PRELIMINARY LOCAL CLIMATOLOGICAL DATA (WS FORM: F-6)
STATION: WINSLOW AZ AIRPORT
MONTH: FEBRUARY
YEAR: 2021
LATITUDE: 35 1 N
LONGITUDE: 110 44 W
TEMPERATURE IN F: :PCPN: SNOW: WIND :SUNSHINE: SKY :PK WND
================================================================================
1 2 3 4 5 6A 6B 7 8 9 10 11 12 13 14 15 16 17 18
12Z AVG MX 2MIN
DY MAX MIN AVG DEP HDD CDD WTR SNW DPTH SPD SPD DIR MIN PSBL S-S WX SPD DR
================================================================================
1 50 26 38 1 27 0 T M M 2.8 9 230 M M 5 11 320
2 70 40 55 17 10 0 0.00 M M 7.4 26 250 M M 7 30 260
3 69 44 57 19 8 0 0.00 M M 13.2 32 220 M M 4 39 230
4 54 26 40 2 25 0 0.00 M M 8.7 18 320 M M 0 23 310
5 60 15 38 0 27 0 0.00 M M 4.5 17 290 M M 0 23 290
6 57 20 39 1 26 0 0.00 M M 3.8 13 260 M M 0 13 260
7 65 17 41 3 24 0 0.00 M M 6.6 16 230 M M 0 19 230
8 68 19 44 5 21 0 0.00 M M 9.8 28 240 M M 0 36 260
9 66 25 46 7 19 0 0.00 M M 7.7 22 250 M M 0 28 250
10 58 32 45 6 20 0 0.00 M M 4.8 14 230 M M 5 20 220
11 63 19 41 2 24 0 0.00 M M 5.0 18 210 M M 0 23 210
12 62 34 48 8 17 0 T M M 11.1 25 230 M M 4 33 250
13 60 24 42 2 23 0 0.12 M M 14.4 46 240 M M 4 18 54 250
14 50 33 42 2 23 0 0.00 M M 9.0 21 310 M M 8 27 300
15 56 24 40 0 25 0 0.00 M M 9.8 33 230 M M 6 40 220
16 50 26 38 -3 27 0 0.04 M M 12.2 32 220 M M 8 1 40 220
17 47 19 33 -8 32 0 0.00 M M 8.3 23 340 M M 3 29 300
18 46 17 32 -9 33 0 0.00 M M 7.4 16 330 M M 0 22 330
19 60 15 38 -3 27 0 0.00 M M 6.0 15 110 M M 0 19 110
20 67 20 44 2 21 0 0.00 M M M 44 230 M M 1 53 220
21 51 18 35 -7 30 0 0.00 M M 5.9 15 310 M M 0 19 310
22 58 12 35 -7 30 0 0.00 M M 1.5 10 220 M M 0 12 340
23 70 22 46 4 19 0 0.00 M M 8.5 21 250 M M 0 27 220
24 66 27 47 4 18 0 0.00 M M 9.5 28 250 M M 0 36 230
25 53 25 39 -4 26 0 0.00 M M 10.7 25 310 M M 1 33 310
26 61 16 39 -4 26 0 0.00 M M 6.1 23 220 M M 0 30 220
27 59 28 44 1 21 0 0.00 M M 12.6 29 240 M M 1 37 220
28 45 17 31 -13 34 0 0.00 M M 12.2 23 330 M M 2 32 330
================================================================================
SM 1641 660 663 0 0.16 M 219.5 M 59
================================================================================
AV 58.6 23.6 8.1 FASTST M M 2 MAX(MPH)
MISC ----> 46 240 54 250
================================================================================
NOTES:
# LAST OF SEVERAL OCCURRENCES
COLUMN 17 PEAK WIND IN M.P.H.
PRELIMINARY LOCAL CLIMATOLOGICAL DATA (WS FORM: F-6) , PAGE 2
STATION: WINSLOW AZ AIRPORT
MONTH: FEBRUARY
YEAR: 2021
LATITUDE: 35 1 N
LONGITUDE: 110 44 W
[TEMPERATURE DATA] [PRECIPITATION DATA] SYMBOLS USED IN COLUMN 16
AVERAGE MONTHLY: 41.1 TOTAL FOR MONTH: 0.16 1 = FOG OR MIST
DPTR FM NORMAL: 0.8 DPTR FM NORMAL: -0.30 2 = FOG REDUCING VISIBILITY
HIGHEST: 70 ON 23, 2 GRTST 24HR 0.12 ON 13-13 TO 1/4 MILE OR LESS
LOWEST: 12 ON 22 3 = THUNDER
SNOW, ICE PELLETS, HAIL 4 = ICE PELLETS
TOTAL MONTH: M 5 = HAIL
GRTST 24HR M ON M 6 = FREEZING RAIN OR DRIZZLE
GRTST DEPTH: M ON M 7 = DUSTSTORM OR SANDSTORM:
VSBY 1/2 MILE OR LESS
8 = SMOKE OR HAZE
[NO. OF DAYS WITH] [WEATHER - DAYS WITH] 9 = BLOWING SNOW
X = TORNADO
MAX 32 OR BELOW: 0 0.01 INCH OR MORE: 2
MAX 90 OR ABOVE: 0 0.10 INCH OR MORE: 1
MIN 32 OR BELOW: 24 0.50 INCH OR MORE: 0
MIN 0 OR BELOW: 0 1.00 INCH OR MORE: 0
[HDD (BASE 65) ]
TOTAL THIS MO. 663 CLEAR (SCALE 0-3) 19
DPTR FM NORMAL -29 PTCLDY (SCALE 4-7) 9
TOTAL FM JUL 1 3483 CLOUDY (SCALE 8-10) 0
DPTR FM NORMAL -10
[CDD (BASE 65) ]
TOTAL THIS MO. 0
DPTR FM NORMAL 0 [PRESSURE DATA]
TOTAL FM JAN 1 0 HIGHEST SLP M ON M
DPTR FM NORMAL 0 LOWEST SLP 29.44 ON 14
[REMARKS]
#FINAL-02-21#