000
CXUS55 KPSR 290314
CF6IPL
PRELIMINARY LOCAL CLIMATOLOGICAL DATA (WS FORM: F-6)
STATION: IMPERIAL CA
MONTH: APRIL
YEAR: 2020
LATITUDE: 32 50 N
LONGITUDE: 115 35 W
TEMPERATURE IN F: :PCPN: SNOW: WIND :SUNSHINE: SKY :PK WND
================================================================================
1 2 3 4 5 6A 6B 7 8 9 10 11 12 13 14 15 16 17 18
12Z AVG MX 2MIN
DY MAX MIN AVG DEP HDD CDD WTR SNW DPTH SPD SPD DIR MIN PSBL S-S WX SPD DR
================================================================================
1 91 55 73 6 0 8 0.00 M M 8.0 20 260 M M 0 24 260
2 85 61 73 6 0 8 0.00 M M 11.1 23 250 M M 0 32 260
3 83 54 69 2 0 4 0.00 M M 9.4 21 250 M M 0 26 250
4 87 56 72 5 0 7 0.00 M M 12.7 26 280 M M 0 33 270
5 83 57 70 2 0 5 0.00 M M 12.1 22 260 M M 0 29 280
6 79 54 67 -1 0 2 0.00 M M 11.5 17 290 M M 1 23 290
7 77 52 65 -3 0 0 0.00 M M 5.9 22 290 M M 3 29 290
8 67 50 59 -9 6 0 0.08 M M 12.6 25 260 M M 4 1 30 260
9 70 46 58 -10 7 0 0.00 M M 6.7 17 340 M M 6 23 340
10 72 53 63 -5 2 0 0.50 M M 6.8 16 330 M M 9 1 21 340
11 72 49 61 -8 4 0 0.00 M M 4.7 12 310 M M 3 1 16 320
12 76 55 66 -3 0 1 0.00 M M 12.2 29 260 M M 0 34 250
13 80 56 68 -1 0 3 0.00 M M 10.3 21 270 M M 0 26 280
14 83 53 68 -2 0 3 0.00 M M 7.1 21 50 M M 0 26 50
15 85 47 66 -4 0 1 0.00 M M 5.9 15 230 M M 0 17 230
16 89 57 73 3 0 8 0.00 M M 7.6 14 120 M M 0 19 130
17 82 55 69 -1 0 4 0.00 M M 13.0 33 280 M M 0 41 290
18 79 56 68 -2 0 3 0.00 M M 12.6 24 250 M M 0 30 250
19 84 54 69 -2 0 4 0.00 M M 5.9 14 280 M M 0 19 290
20 87 55 71 0 0 6 0.00 M M 9.6 25 250 M M 0 31 260
21 86 61 74 3 0 9 0.00 M M 11.0 22 280 M M 0 28 280
22 95 59 77 5 0 12 0.00 M M 6.4 13 260 M M 0 17 280
23 98 63 81 9 0 16 0.00 M M 4.3 12 250 M M 0 13 290
24 100 65 83 11 0 18 0.00 M M 3.3 10 360 M M 0 16 10
25 102 64 83 10 0 18 0.00 M M 3.9 14 270 M M 0 16 270
26 105 65 85 12 0 20 0.00 M M 9.4 25 260 M M 0 31 270
27 102 71 87 14 0 22 0.00 M M 8.2 13 260 M M 0 8 17 260
28 101 64 83 9 0 18 0.00 M M 3.8 12 260 M M 0 14 220
29 104 68 86 12 0 21 0.00 M M 5.6 15 120 M M 0 19 120
30 98 70 84 10 0 19 0.00 M M 5.1 12 250 M M 0 16 270
================================================================================
SM 2602 1725 19 240 0.58 M 246.7 M 26
================================================================================
AV 86.7 57.5 8.2 FASTST M M 1 MAX(MPH)
MISC ----> 33 280 41 290
================================================================================
NOTES:
# LAST OF SEVERAL OCCURRENCES
COLUMN 17 PEAK WIND IN M.P.H.
PRELIMINARY LOCAL CLIMATOLOGICAL DATA (WS FORM: F-6) , PAGE 2
STATION: IMPERIAL CA
MONTH: APRIL
YEAR: 2020
LATITUDE: 32 50 N
LONGITUDE: 115 35 W
[TEMPERATURE DATA] [PRECIPITATION DATA] SYMBOLS USED IN COLUMN 16
AVERAGE MONTHLY: 72.1 TOTAL FOR MONTH: 0.58 1 = FOG OR MIST
DPTR FM NORMAL: 2.0 DPTR FM NORMAL: 0.51 2 = FOG REDUCING VISIBILITY
HIGHEST: 105 ON 26 GRTST 24HR 0.50 ON 10-10 TO 1/4 MILE OR LESS
LOWEST: 46 ON 9 3 = THUNDER
SNOW, ICE PELLETS, HAIL 4 = ICE PELLETS
TOTAL MONTH: M 5 = HAIL
GRTST 24HR M ON M 6 = FREEZING RAIN OR DRIZZLE
GRTST DEPTH: M ON M 7 = DUSTSTORM OR SANDSTORM:
VSBY 1/2 MILE OR LESS
8 = SMOKE OR HAZE
[NO. OF DAYS WITH] [WEATHER - DAYS WITH] 9 = BLOWING SNOW
X = TORNADO
MAX 32 OR BELOW: 0 0.01 INCH OR MORE: 2
MAX 90 OR ABOVE: 10 0.10 INCH OR MORE: 1
MIN 32 OR BELOW: 0 0.50 INCH OR MORE: 1
MIN 0 OR BELOW: 0 1.00 INCH OR MORE: 0
[HDD (BASE 65) ]
TOTAL THIS MO. 19 CLEAR (SCALE 0-3) 27
DPTR FM NORMAL 3 PTCLDY (SCALE 4-7) 2
TOTAL FM JUL 1 918 CLOUDY (SCALE 8-10) 1
DPTR FM NORMAL -108
[CDD (BASE 65) ]
TOTAL THIS MO. 240
DPTR FM NORMAL 71 [PRESSURE DATA]
TOTAL FM JAN 1 249 HIGHEST SLP 30.14 ON 9
DPTR FM NORMAL 6 LOWEST SLP 29.64 ON 1
[REMARKS]
#FINAL-04-20#
APR 4...APR5...APR 10 MAXT AND APR 10 PRECIP TAKEN FROM USCRN044223 LOCATED 1 NNE