000
CXUS52 TJSJ 010449
CF6IST
PRELIMINARY LOCAL CLIMATOLOGICAL DATA (WS FORM: F-6)
STATION: CYRIL E. KING AP/ST THOMAS
MONTH: DECEMBER
YEAR: 2022
LATITUDE: 18 19 N
LONGITUDE: 64 58 W
TEMPERATURE IN F: :PCPN: SNOW: WIND :SUNSHINE: SKY :PK WND
================================================================================
1 2 3 4 5 6A 6B 7 8 9 10 11 12 13 14 15 16 17 18
12Z AVG MX 2MIN
DY MAX MIN AVG DEP HDD CDD WTR SNW DPTH SPD SPD DIR MIN PSBL S-S WX SPD DR
================================================================================
1 86 74 80 -1 0 15 T M M 10.4 18 30 M M 3 26 50
2 85 75 80 -1 0 15 T M M 10.0 21 90 M M 3 29 90
3 85 73 79 -2 0 14 0.01 M M 8.8 17 60 M M 3 1 27 70
4 85 73 79 -2 0 14 0.06 M M 10.2 21 350 M M 3 18 29 320
5 84 74 79 -2 0 14 0.10 M M 11.3 25 320 M M 4 1 35 40
6 85 77 81 0 0 16 T M M 7.8 18 340 M M 3 31 330
7 84 74 79 -1 0 14 0.07 M M 10.1 21 20 M M 3 32 20
8 84 76 80 0 0 15 T M M 8.3 20 330 M M 4 30 350
9 84 77 81 1 0 16 0.00 M M 7.9 17 60 M M 2 28 360
10 84 76 80 0 0 15 0.00 M M 8.6 14 320 M M 1 22 340
11 84 78 81 1 0 16 T M M 9.1 17 40 M M 4 28 340
12 84 74 79 -1 0 14 0.00 M M 5.7 13 350 M M 2 21 350
13 82 71 77 -3 0 12 0.00 M M 4.7 10 90 M M 3 13 40
14 85 73 79 -1 0 14 0.00 M M 8.1 15 30 M M 0 26 30
15 87 76 82 2 0 17 0.00 M M 9.6 15 50 M M 1 23 20
16 86 75 81 1 0 16 T M M 10.0 17 70 M M 2 22 40
17 85 74 80 0 0 15 0.11 M M 9.5 18 90 M M 4 18 24 120
18 86 76 81 1 0 16 0.00 M M 9.8 20 90 M M 1 26 100
19 86 75 81 1 0 16 0.00 M M 8.4 14 50 M M 2 22 40
20 86 75 81 1 0 16 T M M 10.3 16 60 M M 1 27 40
21 85 75 80 0 0 15 T M M 10.8 20 120 M M 3 26 110
22 85 75 80 0 0 15 T M M 11.5 20 120 M M 2 25 120
23 84 74 79 -1 0 14 0.00 M M 9.3 16 140 M M 1 22 130
24 85 74 80 0 0 15 0.00 M M 10.6 18 130 M M 1 24 140
25 87 75 81 1 0 16 0.05 M M 12.1 21 80 M M 1 1 27 90
26 85 74 80 0 0 15 0.27 M M 11.3 29 120 M M 3 18 38 120
27 85 74 80 0 0 15 0.01 M M 11.8 22 120 M M 2 1 27 120
28 85 76 81 2 0 16 T M M 13.4 22 80 M M 2 27 80
29 87 75 81 2 0 16 0.03 M M 12.4 22 70 M M 2 28 80
30 84 74 79 0 0 14 0.07 M M 11.8 22 120 M M 2 18 26 120
31 86 74 80 1 0 15 0.04 0.0 0 9.0 18 80 M M 2 24 90
================================================================================
SM 2635 2316 0 466 0.82 0.0 302.6 M 70
================================================================================
AV 85.0 74.7 9.8 FASTST M M 2 MAX(MPH)
MISC ----> 29 120 38 120
================================================================================
NOTES:
# LAST OF SEVERAL OCCURRENCES
COLUMN 17 PEAK WIND IN M.P.H.
PRELIMINARY LOCAL CLIMATOLOGICAL DATA (WS FORM: F-6) , PAGE 2
STATION: CYRIL E. KING AP/ST THOMAS
MONTH: DECEMBER
YEAR: 2022
LATITUDE: 18 19 N
LONGITUDE: 64 58 W
[TEMPERATURE DATA] [PRECIPITATION DATA] SYMBOLS USED IN COLUMN 16
AVERAGE MONTHLY: 79.9 TOTAL FOR MONTH: 0.82 1 = FOG OR MIST
DPTR FM NORMAL: -0.2 DPTR FM NORMAL: -2.11 2 = FOG REDUCING VISIBILITY
HIGHEST: 87 ON 29,25 GRTST 24HR 0.29 ON 25-26 TO 1/4 MILE OR LESS
LOWEST: 71 ON 13 3 = THUNDER
SNOW, ICE PELLETS, HAIL 4 = ICE PELLETS
TOTAL MONTH: 0.0 INCH 5 = HAIL
GRTST 24HR 0.0 6 = FREEZING RAIN OR DRIZZLE
GRTST DEPTH: 0 7 = DUSTSTORM OR SANDSTORM:
VSBY 1/2 MILE OR LESS
8 = SMOKE OR HAZE
[NO. OF DAYS WITH] [WEATHER - DAYS WITH] 9 = BLOWING SNOW
X = TORNADO
MAX 32 OR BELOW: 0 0.01 INCH OR MORE: 11
MAX 90 OR ABOVE: 0 0.10 INCH OR MORE: 3
MIN 32 OR BELOW: 0 0.50 INCH OR MORE: 0
MIN 0 OR BELOW: 0 1.00 INCH OR MORE: 0
[HDD (BASE 65) ]
TOTAL THIS MO. 0 CLEAR (SCALE 0-3) 26
DPTR FM NORMAL 0 PTCLDY (SCALE 4-7) 5
TOTAL FM JUL 1 0 CLOUDY (SCALE 8-10) 0
DPTR FM NORMAL 0
[CDD (BASE 65) ]
TOTAL THIS MO. 466
DPTR FM NORMAL -1 [PRESSURE DATA]
TOTAL FM JAN 1 6034 HIGHEST SLP M ON M
DPTR FM NORMAL -131 LOWEST SLP 29.74 ON 5
[REMARKS]
#FINAL-12-22#