000
CXUS53 KGRB 100403
CF6ISW
PRELIMINARY LOCAL CLIMATOLOGICAL DATA (WS FORM: F-6)
STATION: WISCONSIN RAPIDS ASOS
MONTH: FEBRUARY
YEAR: 2021
LATITUDE: 44 22 N
LONGITUDE: 89 50 W
TEMPERATURE IN F: :PCPN: SNOW: WIND :SUNSHINE: SKY :PK WND
================================================================================
1 2 3 4 5 6A 6B 7 8 9 10 11 12 13 14 15 16 17 18
12Z AVG MX 2MIN
DY MAX MIN AVG DEP HDD CDD WTR SNW DPTH SPD SPD DIR MIN PSBL S-S WX SPD DR
================================================================================
1 32 8 20 3 45 0 0.00 0.0 5 6.9 16 340 M M 7 12 22 330
2 30 9 20 3 45 0 0.00 0.0 5 4.2 13 360 M M 7 18 18 340
3 36 1 19 2 46 0 0.00 0.0 5 5.1 12 180 M M 2 1 18 180
4 32 15 24 7 41 0 0.49 6.5 10 9.9 25 300 M M 10 1268 39 310
5 15 3 9 -8 56 0 T T 10 14.4 24 280 M M 8 8 36 280
6 5 -10 -2 -20 67 0 0.00 0.0 10 10.5 17 300 M M 1 26 300
7 0 -19 -9 -27 74 0 0.00 0.0 10 8.2 15 290 M M 2 21 290
8 5 -16 -5 -23 70 0 T T 8 3.8 10 300 M M 6 8 13 300
9 10 -22 -6 -24 71 0 0.00 0.0 8 6.1 18 260 M M 2 26 270
10 8 -11 -1 -19 66 0 0.00 0.0 8 5.5 15 310 M M 5 20 270
11 4 -15 -5 -24 70 0 T T 8 5.2 12 330 M M 6 18 15 350
12 2 -8 -3 -22 68 0 T T 8 9.3 17 320 M M 3 18 24 320
13 -2 -12 -7 -26 72 0 0.11 1.5 9 9.3 16 290 M M 6 8 22 310
14 -4 -18 -11 -31 76 0 0.00 0.0 9 9.0 16 320 M M 0 22 330
15 3 -23 -10 -30 75 0 0.00 0.0 9 7.0 15 10 M M 0 20 20
16 19 -8 6 -14 59 0 0.00 0.0 9 5.3 14 20 M M 0 19 10
17 22 -14 4 -16 61 0 0.00 0.0 9 2.5 12 110 M M 2 15 110
18 23 4 14 -7 51 0 T T 9 3.0 10 210 M M 9 18 14 210
19 17 1 9 -12 56 0 T T 9 4.7 12 330 M M 8 18 14 330
20 24 -9 8 -13 57 0 0.00 0.0 9 4.0 13 230 M M 1 18 17 220
21 28 11 20 -2 45 0 0.22 2.0 11 6.9 15 110 M M 6 128 22 100
22 37 24 31 9 34 0 0.03 T 11 9.8 17 230 M M 7 18 25 230
23 45 33 39 17 26 0 0.00 0.0 10 7.5 16 280 M M 4 23 280
24 39 23 31 8 34 0 0.01 T 8 8.2 20 320 M M 6 1 30 350
25 40 21 31 8 34 0 0.00 0.0 7 7.5 17 290 M M 1 24 270
26 40 20 30 7 35 0 0.00 0.0 6 9.2 25 210 M M 3 1 37 210
27 50 23 37 13 28 0 0.00 0.0 5 6.5 17 220 M M 1 12 24 220
28 38 25 32 8 33 0 0.00 0.0 4 11.2 28 320 M M 6 1 40 310
================================================================================
SM 598 36 1495 0 0.86 10.0 200.7 M 119
================================================================================
AV 21.4 1.3 7.2 FASTST M M 4 MAX(MPH)
MISC ----> 28 320 40 310
================================================================================
NOTES:
# LAST OF SEVERAL OCCURRENCES
COLUMN 17 PEAK WIND IN M.P.H.
PRELIMINARY LOCAL CLIMATOLOGICAL DATA (WS FORM: F-6) , PAGE 2
STATION: WISCONSIN RAPIDS ASOS
MONTH: FEBRUARY
YEAR: 2021
LATITUDE: 44 22 N
LONGITUDE: 89 50 W
[TEMPERATURE DATA] [PRECIPITATION DATA] SYMBOLS USED IN COLUMN 16
AVERAGE MONTHLY: 11.3 TOTAL FOR MONTH: 0.86 1 = FOG OR MIST
DPTR FM NORMAL: -8.6 DPTR FM NORMAL: 0.05 2 = FOG REDUCING VISIBILITY
HIGHEST: 50 ON 27 GRTST 24HR 0.49 ON 4- 4 TO 1/4 MILE OR LESS
LOWEST: -23 ON 15 3 = THUNDER
SNOW, ICE PELLETS, HAIL 4 = ICE PELLETS
TOTAL MONTH: 11.9 INCHES 5 = HAIL
GRTST 24HR 6.5 ON 4- 4 6 = FREEZING RAIN OR DRIZZLE
GRTST DEPTH: 11 ON 22,21 7 = DUSTSTORM OR SANDSTORM:
VSBY 1/2 MILE OR LESS
8 = SMOKE OR HAZE
[NO. OF DAYS WITH] [WEATHER - DAYS WITH] 9 = BLOWING SNOW
X = TORNADO
MAX 32 OR BELOW: 20 0.01 INCH OR MORE: 5
MAX 90 OR ABOVE: 0 0.10 INCH OR MORE: 3
MIN 32 OR BELOW: 27 0.50 INCH OR MORE: 0
MIN 0 OR BELOW: 13 1.00 INCH OR MORE: 0
[HDD (BASE 65) ]
TOTAL THIS MO. 1495 CLEAR (SCALE 0-3) 12
DPTR FM NORMAL 232 PTCLDY (SCALE 4-7) 13
TOTAL FM JUL 1 5750 CLOUDY (SCALE 8-10) 3
DPTR FM NORMAL -214
[CDD (BASE 65) ]
TOTAL THIS MO. 0
DPTR FM NORMAL 0 [PRESSURE DATA]
TOTAL FM JAN 1 0 HIGHEST SLP 30.66 ON 14
DPTR FM NORMAL 0 LOWEST SLP 29.33 ON 4
[REMARKS]
#FINAL-02-21#