000
CXHW53 PHFO 011250
CF6ITO
PRELIMINARY LOCAL CLIMATOLOGICAL DATA (WS FORM: F-6)
STATION: HILO HI
MONTH: JULY
YEAR: 2021
LATITUDE: 19 43 N
LONGITUDE: 155 4 W
TEMPERATURE IN F: :PCPN: SNOW: WIND :SUNSHINE: SKY :PK WND
================================================================================
1 2 3 4 5 6A 6B 7 8 9 10 11 12 13 14 15 16 17 18
12Z AVG MX 2MIN
DY MAX MIN AVG DEP HDD CDD WTR SNW DPTH SPD SPD DIR MIN PSBL S-S WX SPD DR
================================================================================
1 83 70 77 1 0 12 0.04 M M 5.9 16 90 M M 9 1 21 80
2 84 68 76 0 0 11 0.03 M M 7.6 16 60 M M 7 18 21 60
3 83 70 77 1 0 12 0.15 M M 6.9 18 60 M M 9 18 24 70
4 84 67 76 0 0 11 0.08 M M 7.4 17 80 M M 6 1 20 80
5 87 69 78 2 0 13 0.77 M M 6.4 18 80 M M 9 1 21 70
6 83 71 77 1 0 12 0.19 M M 5.8 13 40 M M 8 1 19 20
7 83 69 76 0 0 11 0.16 M M 5.8 17 60 M M 8 1 19 60
8 84 68 76 0 0 11 0.05 M M 6.1 14 110 M M 4 1 19 90
9 85 66 76 0 0 11 0.20 M M 6.6 15 70 M M 7 18 20 100
10 83 69 76 0 0 11 0.56 M M 7.2 24 130 M M 7 18 30 120
11 82 69 76 0 0 11 0.26 M M 5.7 15 50 M M 7 1 17 50
12 83 70 77 1 0 12 0.03 M M 5.4 16 110 M M 8 1 24 100
13 84 68 76 0 0 11 0.10 M M 7.5 14 60 M M 6 1 18 50
14 85 69 77 1 0 12 0.20 M M 5.9 20 100 M M 8 1 29 110
15 83 71 77 1 0 12 0.04 M M 5.9 15 90 M M 8 1 20 110
16 83 69 76 0 0 11 0.12 M M 5.8 14 60 M M 9 1 18 50
17 83 69 76 0 0 11 0.23 M M 7.7 16 70 M M 10 18 21 60
18 81 71 76 0 0 11 0.02 M M 4.7 14 60 M M 9 18 19 50
19 83 70 77 1 0 12 0.19 M M 5.2 17 80 M M 7 1 21 90
20 82 69 76 0 0 11 0.50 M M 5.4 13 40 M M 9 18 18 30
21 82 69 76 0 0 11 0.70 M M 5.9 17 70 M M 9 1 20 80
22 83 71 77 0 0 12 0.30 M M 7.4 20 70 M M 10 18 24 50
23 81 71 76 -1 0 11 0.51 M M 6.5 16 70 M M 10 18 19 70
24 83 73 78 1 0 13 0.30 M M 4.8 16 100 M M 9 18 21 80
25 84 72 78 1 0 13 1.39 M M 5.7 20 80 M M 10 18 27 70
26 81 72 77 0 0 12 1.45 M M 7.1 17 80 M M 10 18 21 60
27 84 73 79 2 0 14 0.45 M M 5.6 16 80 M M 10 18 20 100
28 82 72 77 0 0 12 0.13 M M 6.1 14 50 M M 10 18 18 80
29 85 73 79 2 0 14 0.05 M M 4.8 13 70 M M 9 1 17 60
30 85 71 78 1 0 13 0.29 M M 6.1 15 60 M M 9 18 18 50
31 85 69 77 0 0 12 0.03 M M 6.3 15 80 M M 7 18 19 70
================================================================================
SM 2583 2168 0 366 9.52 M 191.2 M 258
================================================================================
AV 83.3 69.9 6.2 FASTST M M 8 MAX(MPH)
MISC ----> 24 130 30 120
================================================================================
NOTES:
# LAST OF SEVERAL OCCURRENCES
COLUMN 17 PEAK WIND IN M.P.H.
PRELIMINARY LOCAL CLIMATOLOGICAL DATA (WS FORM: F-6) , PAGE 2
STATION: HILO HI
MONTH: JULY
YEAR: 2021
LATITUDE: 19 43 N
LONGITUDE: 155 4 W
[TEMPERATURE DATA] [PRECIPITATION DATA] SYMBOLS USED IN COLUMN 16
AVERAGE MONTHLY: 76.6 TOTAL FOR MONTH: 9.52 1 = FOG OR MIST
DPTR FM NORMAL: 0.3 DPTR FM NORMAL: 0.28 2 = FOG REDUCING VISIBILITY
HIGHEST: 87 ON 5 GRTST 24HR 1.79 ON 25-26 TO 1/4 MILE OR LESS
LOWEST: 66 ON 9 3 = THUNDER
SNOW, ICE PELLETS, HAIL 4 = ICE PELLETS
TOTAL MONTH: M 5 = HAIL
GRTST 24HR M ON M 6 = FREEZING RAIN OR DRIZZLE
GRTST DEPTH: M ON M 7 = DUSTSTORM OR SANDSTORM:
VSBY 1/2 MILE OR LESS
8 = SMOKE OR HAZE
[NO. OF DAYS WITH] [WEATHER - DAYS WITH] 9 = BLOWING SNOW
X = TORNADO
MAX 32 OR BELOW: 0 0.01 INCH OR MORE: 31
MAX 90 OR ABOVE: 0 0.10 INCH OR MORE: 22
MIN 32 OR BELOW: 0 0.50 INCH OR MORE: 7
MIN 0 OR BELOW: 0 1.00 INCH OR MORE: 2
[HDD (BASE 65) ]
TOTAL THIS MO. 0 CLEAR (SCALE 0-3) 0
DPTR FM NORMAL 0 PTCLDY (SCALE 4-7) 11
TOTAL FM JUL 1 0 CLOUDY (SCALE 8-10) 20
DPTR FM NORMAL 0
[CDD (BASE 65) ]
TOTAL THIS MO. 366
DPTR FM NORMAL 14 [PRESSURE DATA]
TOTAL FM JAN 1 2063 HIGHEST SLP 30.14 ON 24
DPTR FM NORMAL 313 LOWEST SLP 29.95 ON 8
[REMARKS]
#FINAL-07-21#