000
CXHW53 PHFO 011625
CLMITO
CLIMATE REPORT
NATIONAL WEATHER SERVICE HONOLULU HI
625 AM HST FRI DEC 01 2023
...................................
...THE HILO HI CLIMATE SUMMARY FOR THE MONTH OF NOVEMBER 2023...
CLIMATE NORMAL PERIOD 1991 TO 2020
CLIMATE RECORD PERIOD 1949 TO 2023
WEATHER OBSERVED NORMAL DEPART LAST YEAR`S
VALUE DATE(S) VALUE FROM VALUE DATE(S)
NORMAL
................................................................
TEMPERATURE (F)
RECORD
HIGH 94 11/28/2013
LOW 58 11/28/1985
HIGHEST 87 11/02 81 6 84 11/02
11/03
11/04
11/05
11/17
LOWEST 63 11/19 67 -4 63 11/10
11/24
11/26
AVG. MAXIMUM 82.5 80.3 2.2 81.8
AVG. MINIMUM 67.7 67.6 0.1 66.8
MEAN 75.1 74.0 1.1 74.3
DAYS MAX >= 93 0 0
DAYS MAX >= 90 0 0
DAYS MAX <= 80 5 6
DAYS MIN >= 72 0 0
DAYS MIN <= 60 0 0
DAYS MIN <= 55 0 0
PRECIPITATION (INCHES)
RECORD
MAXIMUM 45.90 2000
MINIMUM 1.01 1989
TOTALS 11.46 14.39 -2.93 16.36
DAILY AVG. 0.37 0.48 -0.11 0.55
DAYS >= .01 24 23.3 0.7 25
DAYS >= .10 12 17.3 -5.3 19
DAYS >= .50 4 8.1 -4.1 8
DAYS >= 1.00 2 4.1 -2.1 2
GREATEST
24 HR. TOTAL 6.25 11/29 TO 11/30 4.91
SNOWFALL (INCHES)
RECORDS
TOTAL MM MM
TOTALS MM MM MM MM
SINCE 7/1 MM MM MM MM
SNOWDEPTH AVG. MM MM
DAYS >= 1.0 MM MM MM MM
GREATEST
SNOW DEPTH MM MM MM
24 HR TOTAL MM MM
DEGREE DAYS
HEATING TOTAL 0 0 0 0
SINCE 7/1 0 0 0 MM
COOLING TOTAL 312 268 44 287
SINCE 1/1 3491 3057 434 MM
................................................................
WIND (MPH)
AVERAGE WIND SPEED 6.3
HIGHEST WIND SPEED/DIRECTION 22/080 DATE 11/12
22/100 11/30
HIGHEST GUST SPEED/DIRECTION 32/090 DATE 11/30
SKY COVER
POSSIBLE SUNSHINE (PERCENT) MM
AVERAGE SKY COVER 0.66
NUMBER OF DAYS FAIR 4
NUMBER OF DAYS PC 13
NUMBER OF DAYS CLOUDY 13
AVERAGE RH (PERCENT) 79
WEATHER CONDITIONS. NUMBER OF DAYS WITH
THUNDERSTORM MM MIXED PRECIP MM
HEAVY RAIN 7 RAIN 11
LIGHT RAIN 22 FREEZING RAIN MM
LT FREEZING RAIN MM HAIL MM
HEAVY SNOW MM SNOW MM
LIGHT SNOW MM SLEET MM
FOG 22 FOG W/VIS <= 1/4 MILE MM
HAZE 5
- INDICATES NEGATIVE NUMBERS.
R INDICATES RECORD WAS SET OR TIED.
MM INDICATES DATA IS MISSING.
T INDICATES TRACE AMOUNT.
$$