000
CXUS55 KGLD 021420
CF6ITR
PRELIMINARY LOCAL CLIMATOLOGICAL DATA (WS FORM: F-6)
STATION: BURLINGTON CO
MONTH: OCTOBER
YEAR: 2023
LATITUDE: 39 15 N
LONGITUDE: 102 17 W
TEMPERATURE IN F: :PCPN: SNOW: WIND :SUNSHINE: SKY :PK WND
================================================================================
1 2 3 4 5 6A 6B 7 8 9 10 11 12 13 14 15 16 17 18
12Z AVG MX 2MIN
DY MAX MIN AVG DEP HDD CDD WTR SNW DPTH SPD SPD DIR MIN PSBL S-S WX SPD DR
================================================================================
1 83 63 73 15 0 8 0.00 M M 20.4 35 190 M M 0 50 180
2 86 59 73 15 0 8 0.03 M M 20.3 33 180 M M 1 51 180
3 79 44 62 5 3 0 0.12 M M 12.0 43 280 M M 2 3 61 270
4 70 41 56 -1 9 0 0.00 M M 5.9 15 330 M M 1 19 330
5 70 43 57 1 8 0 0.00 M M 8.3 17 20 M M 4 24 360
6 58 30 44 -12 21 0 0.00 M M 11.8 29 350 M M 4 8 37 340
7 72 29 51 -4 14 0 0.00 M M 7.4 16 240 M M 0 8 22 250
8 81 39 60 5 5 0 0.00 M M 6.8 15 310 M M 0 21 310
9 75 34 55 1 10 0 0.00 M M 8.9 16 160 M M 0 25 140
10 80 45 63 9 2 0 T M M 9.5 37 190 M M 0 51 180
11 84 44 64 10 1 0 T M M 10.3 26 320 M M 1 36 220
12 64 39 52 -1 13 0 0.15 M M 17.7 40 320 M M 7 53 320
13 52 30 41 -12 24 0 0.00 M M 22.6 43 330 M M 4 58 340
14 55 26 41 -11 24 0 0.00 M M 9.7 18 340 M M 0 28 360
15 63 25 44 -8 21 0 0.00 M M 6.8 16 10 M M 0 8 21 10
16 75 32 54 3 11 0 0.00 M M 6.7 12 220 M M 0 8 16 280
17 84 39 62 11 3 0 0.00 M M 10.7 18 320 M M 0 28 220
18 71 39 55 5 10 0 0.00 M M 13.5 25 330 M M 0 37 350
19 80 39 60 10 5 0 0.00 M M 11.7 24 320 M M 0 33 340
20 86 42 64 14 1 0 0.00 M M 8.5 16 310 M M 0 24 310
21 79 38 59 10 6 0 0.00 M M 11.6 23 130 M M 0 31 140
22 68 36 52 3 13 0 0.00 M M 5.7 16 120 M M 0 22 120
23 83 35 59 11 6 0 0.00 M M 9.7 22 190 M M 0 30 190
24 69 41 55 7 10 0 0.00 M M 9.9 18 330 M M 2 8 25 50
25 65 48 57 9 8 0 0.00 M M 8.1 17 150 M M 7 12 23 140
26 60 30 45 -2 20 0 0.00 M M 12.1 28 360 M M 9 12 40 350
27 46 22 34 -13 31 0 0.00 M M 10.0 26 360 M M 2 38 360
28 30 23 27 -19 38 0 T M M 12.2 17 20 M M 7 23 140
29 30 9 20 -26 45 0 0.08 M M 12.6 22 360 M M 7 1 30 360
30 46 7 27 -19 38 0 0.00 M M 9.4 16 260 M M 0 21 250
31 49 16 33 -12 32 0 0.00 M M 9.5 17 200 M M 0 24 200
================================================================================
SM 2093 1087 432 16 0.38 M 340.3 M 58
================================================================================
AV 67.5 35.1 11.0 FASTST M M 2 MAX(MPH)
MISC ----> # 43 280 61 270
================================================================================
NOTES:
# LAST OF SEVERAL OCCURRENCES
COLUMN 17 PEAK WIND IN M.P.H.
PRELIMINARY LOCAL CLIMATOLOGICAL DATA (WS FORM: F-6) , PAGE 2
STATION: BURLINGTON CO
MONTH: OCTOBER
YEAR: 2023
LATITUDE: 39 15 N
LONGITUDE: 102 17 W
[TEMPERATURE DATA] [PRECIPITATION DATA] SYMBOLS USED IN COLUMN 16
AVERAGE MONTHLY: 51.3 TOTAL FOR MONTH: 0.38 1 = FOG OR MIST
DPTR FM NORMAL: -0.2 DPTR FM NORMAL: -0.67 2 = FOG REDUCING VISIBILITY
HIGHEST: 86 ON 20, 2 GRTST 24HR 0.15 ON 11-12 TO 1/4 MILE OR LESS
LOWEST: 7 ON 30 3 = THUNDER
SNOW, ICE PELLETS, HAIL 4 = ICE PELLETS
TOTAL MONTH: M 5 = HAIL
GRTST 24HR M ON M 6 = FREEZING RAIN OR DRIZZLE
GRTST DEPTH: M ON M 7 = DUSTSTORM OR SANDSTORM:
VSBY 1/2 MILE OR LESS
8 = SMOKE OR HAZE
[NO. OF DAYS WITH] [WEATHER - DAYS WITH] 9 = BLOWING SNOW
X = TORNADO
MAX 32 OR BELOW: 2 0.01 INCH OR MORE: 4
MAX 90 OR ABOVE: 0 0.10 INCH OR MORE: 2
MIN 32 OR BELOW: 12 0.50 INCH OR MORE: 0
MIN 0 OR BELOW: 0 1.00 INCH OR MORE: 0
[HDD (BASE 65) ]
TOTAL THIS MO. 432 CLEAR (SCALE 0-3) 23
DPTR FM NORMAL 7 PTCLDY (SCALE 4-7) 7
TOTAL FM JUL 1 467 CLOUDY (SCALE 8-10) 1
DPTR FM NORMAL -74
[CDD (BASE 65) ]
TOTAL THIS MO. 16
DPTR FM NORMAL 8 [PRESSURE DATA]
TOTAL FM JAN 1 869 HIGHEST SLP 30.62 ON 29
DPTR FM NORMAL -53 LOWEST SLP 29.21 ON 11
[REMARKS]
#FINAL-10-23#