000
CXUS53 KIWX 010810
CF6IWX
PRELIMINARY LOCAL CLIMATOLOGICAL DATA (WS FORM: F-6)
STATION: NORTH WEBSTER WFO
MONTH: JULY
YEAR: 2021
LATITUDE: 41 21 N
LONGITUDE: 85 42 W
TEMPERATURE IN F: :PCPN: SNOW: WIND :SUNSHINE: SKY :PK WND
================================================================================
1 2 3 4 5 6A 6B 7 8 9 10 11 12 13 14 15 16 17 18
12Z AVG MX 2MIN
DY MAX MIN AVG DEP HDD CDD WTR SNW DPTH SPD SPD DIR MIN PSBL S-S WX SPD DR
================================================================================
1 81 57 69 -3 0 4 0.00 0.0 0 M M M M M M M M
2 73 55 64 -8 1 0 0.00 0.0 0 M M M M M M M M
3 78 54 66 -6 0 1 0.00 0.0 0 M M M M M M M M
4 86 65 76 4 0 11 0.00 0.0 0 M M M M M M M M
5 87 69 78 6 0 13 0.00 0.0 0 M M M M M M M M
6 87 71 79 7 0 14 0.00 0.0 0 M M M M M M M M
7 85 68 77 4 0 12 1.99 0.0 0 M M M M M M 3 M M
8 76 60 68 -5 0 3 0.07 0.0 0 M M M M M M M M
9 74 58 66 -7 0 1 0.00 0.0 0 M M M M M M M M
10 75 58 67 -6 0 2 T 0.0 0 M M M M M M M M
11 67 62 65 -8 0 0 0.36 0.0 0 M M M M M M M M
12 76 64 70 -3 0 5 0.49 0.0 0 M M M M M M 3 M M
13 77 67 72 -1 0 7 0.73 0.0 0 M M M M M M 3 M M
14 81 67 74 1 0 9 T 0.0 0 M M M M M M 1 M M
15 80 69 75 2 0 10 0.30 0.0 0 M M M M M M 3 M M
16 73 68 71 -2 0 6 0.40 0.0 0 M M M M M M 3 M M
17 80 66 73 0 0 8 T 0.0 0 M M M M M M M M
18 80 64 72 -1 0 7 0.00 0.0 0 M M M M M M M M
19 83 61 72 -1 0 7 0.00 0.0 0 M M M M M M M M
20 83 61 72 -1 0 7 0.00 0.0 0 M M M M M M M M
21 76 62 69 -4 0 4 0.00 0.0 0 M M M M M M M M
22 79 58 69 -4 0 4 0.00 0.0 0 M M M M M M M M
23 80 67 74 1 0 9 T 0.0 0 M M M M M M M M
24 86 70 78 5 0 13 0.03 0.0 0 M M M M M M 138 M M
25 87 67 77 4 0 12 0.00 0.0 0 M M M M M M 1 M M
26 85 63 74 1 0 9 0.00 0.0 0 M M M M M M M M
27 86 64 75 2 0 10 0.00 0.0 0 M M M M M M M M
28 87 67 77 4 0 12 0.00 0.0 0 M M M M M M M M
29 86 67 77 4 0 12 0.34 0.0 0 M M M M M M M M
30 75 61 68 -5 0 3 0.00 0.0 0 M M M M M M M M
31 77 56 67 -5 0 2 0.00 0.0 0 M M M M M M M M
================================================================================
SM 2486 1966 1 217 4.71 0.0 M M M
================================================================================
AV 80.2 63.4 M FASTST M M M MAX(MPH)
MISC ----> M M M M
================================================================================
NOTES:
# LAST OF SEVERAL OCCURRENCES
COLUMN 17 PEAK WIND IN M.P.H.
PRELIMINARY LOCAL CLIMATOLOGICAL DATA (WS FORM: F-6) , PAGE 2
STATION: NORTH WEBSTER WFO
MONTH: JULY
YEAR: 2021
LATITUDE: 41 21 N
LONGITUDE: 85 42 W
[TEMPERATURE DATA] [PRECIPITATION DATA] SYMBOLS USED IN COLUMN 16
AVERAGE MONTHLY: 71.8 TOTAL FOR MONTH: 4.71 1 = FOG OR MIST
DPTR FM NORMAL: -0.8 DPTR FM NORMAL: 0.87 2 = FOG REDUCING VISIBILITY
HIGHEST: 87 ON 28,25 GRTST 24HR 1.99 ON 7- 7 TO 1/4 MILE OR LESS
LOWEST: 54 ON 3 3 = THUNDER
SNOW, ICE PELLETS, HAIL 4 = ICE PELLETS
TOTAL MONTH: 0.0 INCH 5 = HAIL
GRTST 24HR 0.0 6 = FREEZING RAIN OR DRIZZLE
GRTST DEPTH: 0 7 = DUSTSTORM OR SANDSTORM:
VSBY 1/2 MILE OR LESS
8 = SMOKE OR HAZE
[NO. OF DAYS WITH] [WEATHER - DAYS WITH] 9 = BLOWING SNOW
X = TORNADO
MAX 32 OR BELOW: 0 0.01 INCH OR MORE: 9
MAX 90 OR ABOVE: 0 0.10 INCH OR MORE: 7
MIN 32 OR BELOW: 0 0.50 INCH OR MORE: 2
MIN 0 OR BELOW: 0 1.00 INCH OR MORE: 1
[HDD (BASE 65) ]
TOTAL THIS MO. 1 CLEAR (SCALE 0-3) 0
DPTR FM NORMAL -5 PTCLDY (SCALE 4-7) 0
TOTAL FM JUL 1 1 CLOUDY (SCALE 8-10) 31
DPTR FM NORMAL 1
[CDD (BASE 65) ]
TOTAL THIS MO. 217
DPTR FM NORMAL -26 [PRESSURE DATA]
TOTAL FM JAN 1 505 HIGHEST SLP M ON M
DPTR FM NORMAL 48 LOWEST SLP M ON M
[REMARKS]
#FINAL-07-21#