000
CXUS53 KEAX 010836
CF6IXD
PRELIMINARY LOCAL CLIMATOLOGICAL DATA (WS FORM: F-6)
STATION: NEW CENTURY AIR CENTER KS
MONTH: DECEMBER
YEAR: 2022
LATITUDE: 38 49 N
LONGITUDE: 94 54 W
TEMPERATURE IN F: :PCPN: SNOW: WIND :SUNSHINE: SKY :PK WND
================================================================================
1 2 3 4 5 6A 6B 7 8 9 10 11 12 13 14 15 16 17 18
12Z AVG MX 2MIN
DY MAX MIN AVG DEP HDD CDD WTR SNW DPTH SPD SPD DIR MIN PSBL S-S WX SPD DR
================================================================================
1 50 21 36 -2 29 0 0.00 M M 15.4 26 190 M M 3 38 170
2 58 28 43 6 22 0 0.00 M M 22.3 38 320 M M 3 49 320
3 33 16 25 -12 40 0 0.00 M M 8.1 30 330 M M 0 40 340
4 45 23 34 -3 31 0 0.00 M M 5.8 10 200 M M 0 14 170
5 44 30 37 1 28 0 0.00 M M 5.4 13 160 M M 5 128 16 160
6 44 28 36 0 29 0 0.00 M M 5.9 12 10 M M 9 18 14 30
7 49 38 44 8 21 0 0.00 M M 2.4 7 70 M M 6 11 220
8 50 43 47 11 18 0 0.06 M M 7.9 17 250 M M 10 18 22 250
9 47 32 40 5 25 0 0.00 M M 6.8 16 260 M M 8 1 22 250
10 42 26 34 -1 31 0 0.09 M M 3.5 12 320 M M 9 12 15 310
11 41 24 33 -2 32 0 0.00 M M 5.6 15 130 M M 10 128 20 140
12 45 37 41 7 24 0 0.22 M M 12.3 24 120 M M 10 1 35 110
13 59 37 48 14 17 0 0.70 M M 11.5 23 140 M M 8 13 33 120
14 39 26 33 -1 32 0 0.00 M M 11.3 20 220 M M 4 26 240
15 35 26 31 -3 34 0 0.00 M M 16.4 24 280 M M 9 35 290
16 33 23 28 -5 37 0 0.00 M M 14.1 24 280 M M 6 36 300
17 33 18 26 -7 39 0 0.00 M M 11.2 22 280 M M 5 29 310
18 38 12 25 -8 40 0 0.00 M M 6.5 13 130 M M 0 19 130
19 38 32 35 2 30 0 0.10 M M 8.0 21 200 M M 8 1 28 200
20 35 18 27 -5 38 0 0.00 M M 11.2 17 340 M M 10 1 24 330
21 35 20 28 -4 37 0 0.00 M M 7.8 17 140 M M 8 1 21 140
22 32 -7 13 -19 52 0 0.02 M M 22.7 35 330 M M 8 1689 47 340
23 9 -6 2 -30 63 0 0.00 M M 16.6 24 290 M M 1 34 290
24 17 3 10 -22 55 0 0.00 M M 11.1 17 300 M M 4 23 300
25 27 3 15 -16 50 0 T M M 8.3 18 220 M M 2 6 27 210
26 32 9 21 -10 44 0 T M M 12.1 28 330 M M 4 37 320
27 37 8 23 -8 42 0 0.00 M M 14.3 25 170 M M 0 39 160
28 59 36 48 17 17 0 0.00 M M 17.7 29 180 M M 0 44 200
29 66 37 52 21 13 0 0.00 M M 17.4 37 200 M M 0 50 220
30 47 29 38 7 27 0 0.00 M M 6.0 15 300 M M 1 22 290
31 60 32 46 16 19 0 T M M 9.4 23 190 M M 4 31 200
================================================================================
SM 1279 702 1016 0 1.19 M 335.0 M 155
================================================================================
AV 41.3 22.6 10.8 FASTST M M 5 MAX(MPH)
MISC ----> 38 320 50 220
================================================================================
NOTES:
# LAST OF SEVERAL OCCURRENCES
COLUMN 17 PEAK WIND IN M.P.H.
PRELIMINARY LOCAL CLIMATOLOGICAL DATA (WS FORM: F-6) , PAGE 2
STATION: NEW CENTURY AIR CENTER KS
MONTH: DECEMBER
YEAR: 2022
LATITUDE: 38 49 N
LONGITUDE: 94 54 W
[TEMPERATURE DATA] [PRECIPITATION DATA] SYMBOLS USED IN COLUMN 16
AVERAGE MONTHLY: 32.0 TOTAL FOR MONTH: 1.19 1 = FOG OR MIST
DPTR FM NORMAL: -1.6 DPTR FM NORMAL: -0.31 2 = FOG REDUCING VISIBILITY
HIGHEST: 66 ON 29 GRTST 24HR 0.92 ON 12-13 TO 1/4 MILE OR LESS
LOWEST: -7 ON 22 3 = THUNDER
SNOW, ICE PELLETS, HAIL 4 = ICE PELLETS
TOTAL MONTH: M 5 = HAIL
GRTST 24HR M ON M 6 = FREEZING RAIN OR DRIZZLE
GRTST DEPTH: M ON M 7 = DUSTSTORM OR SANDSTORM:
VSBY 1/2 MILE OR LESS
8 = SMOKE OR HAZE
[NO. OF DAYS WITH] [WEATHER - DAYS WITH] 9 = BLOWING SNOW
X = TORNADO
MAX 32 OR BELOW: 5 0.01 INCH OR MORE: 6
MAX 90 OR ABOVE: 0 0.10 INCH OR MORE: 3
MIN 32 OR BELOW: 25 0.50 INCH OR MORE: 1
MIN 0 OR BELOW: 2 1.00 INCH OR MORE: 0
[HDD (BASE 65) ]
TOTAL THIS MO. 1016 CLEAR (SCALE 0-3) 11
DPTR FM NORMAL 43 PTCLDY (SCALE 4-7) 12
TOTAL FM JUL 1 1968 CLOUDY (SCALE 8-10) 8
DPTR FM NORMAL 13
[CDD (BASE 65) ]
TOTAL THIS MO. 0
DPTR FM NORMAL 0 [PRESSURE DATA]
TOTAL FM JAN 1 1669 HIGHEST SLP 30.65 ON 3
DPTR FM NORMAL 253 LOWEST SLP 29.52 ON 28
[REMARKS]
#FINAL-12-22#