000
CXUS54 KJAN 011410
CF6JAN
PRELIMINARY LOCAL CLIMATOLOGICAL DATA (WS FORM: F-6)
STATION: JACKSON
MONTH: SEPTEMBER
YEAR: 2022
LATITUDE: 32 19 N
LONGITUDE: 90 5 W
TEMPERATURE IN F: :PCPN: SNOW: WIND :SUNSHINE: SKY :PK WND
================================================================================
1 2 3 4 5 6A 6B 7 8 9 10 11 12 13 14 15 16 17 18
12Z AVG MX 2MIN
DY MAX MIN AVG DEP HDD CDD WTR SNW DPTH SPD SPD DIR MIN PSBL S-S WX SPD DR
================================================================================
1 91 68 80 0 0 15 0.00 0.0 0 1.8 12 360 M M 2 16 360
2 91 68 80 0 0 15 0.00 0.0 0 2.3 12 130 M M 4 18 110
3 91 72 82 2 0 17 0.01 0.0 0 3.0 15 150 M M 4 13 19 140
4 84 73 79 -1 0 14 0.01 0.0 0 5.4 10 250 M M 6 1 16 260
5 85 71 78 -2 0 13 0.00 0.0 0 4.3 9 230 M M 7 1 13 220
6 86 68 77 -2 0 12 0.01 0.0 0 2.0 12 320 M M 4 13 18 190
7 90 67 79 0 0 14 T 0.0 0 2.7 24 10 M M 4 123 35 360
8 86 66 76 -3 0 11 0.00 0.0 0 6.2 15 350 M M 1 1 23 360
9 87 66 77 -2 0 12 0.55 0.0 0 3.2 26 40 M M 5 13 42 40
10 87 70 79 1 0 14 T 0.0 0 2.2 14 350 M M 8 13 19 360
11 86 68 77 -1 0 12 0.01 0.0 0 2.8 15 350 M M 3 12 20 360
12 82 58 70 -8 0 5 0.00 0.0 0 6.0 13 350 M M 4 17 20
13 83 53 68 -10 0 3 0.00 0.0 0 3.5 14 350 M M 0 21 50
14 85 55 70 -8 0 5 0.00 0.0 0 3.2 15 10 M M 0 23 20
15 87 58 73 -4 0 8 0.00 0.0 0 2.3 12 90 M M 2 1 16 110
16 88 62 75 -2 0 10 0.00 0.0 0 3.4 9 110 M M 3 1 14 110
17 88 62 75 -2 0 10 0.00 0.0 0 4.0 9 120 M M 0 1 15 20
18 92 65 79 3 0 14 0.00 0.0 0 2.4 9 10 M M 1 1 12 70
19 92 67 80 4 0 15 0.00 0.0 0 2.5 13 360 M M 2 1 16 10
20 93 66 80 4 0 15 0.00 0.0 0 1.7 9 340 M M 0 1 14 340
21 95 68 82 6 0 17 0.00 0.0 0 3.7 15 360 M M 1 12 31 350
22 97 68 83 8 0 18 0.00 0.0 0 4.7 15 20 M M 1 1 23 40
23 86 65 76 1 0 11 0.00 0.0 0 6.8 14 20 M M 1 20 40
24 92 60 76 1 0 11 0.00 0.0 0 2.6 9 350 M M 0 13 360
25 93 67 80 6 0 15 0.00 0.0 0 3.4 13 360 M M 2 16 290
26 85 55 70 -4 0 5 0.00 0.0 0 6.1 16 360 M M 2 24 360
27 81 49 65 -9 0 0 0.00 0.0 0 5.2 16 20 M M 0 24 360
28 80 54 67 -6 0 2 0.00 0.0 0 10.5 22 10 M M 0 31 10
29 75 51 63 -10 2 0 0.00 0.0 0 8.5 17 10 M M 0 26 20
30 81 51 66 -7 0 1 0.00 0.0 M 6.5 17 20 M M 0 26 360
================================================================================
SM 2619 1891 2 314 0.59 0.0 122.9 M 67
================================================================================
AV 87.3 63.0 4.1 FASTST M M 2 MAX(MPH)
MISC ----> 26 40 42 40
================================================================================
NOTES:
# LAST OF SEVERAL OCCURRENCES
COLUMN 17 PEAK WIND IN M.P.H.
PRELIMINARY LOCAL CLIMATOLOGICAL DATA (WS FORM: F-6) , PAGE 2
STATION: JACKSON
MONTH: SEPTEMBER
YEAR: 2022
LATITUDE: 32 19 N
LONGITUDE: 90 5 W
[TEMPERATURE DATA] [PRECIPITATION DATA] SYMBOLS USED IN COLUMN 16
AVERAGE MONTHLY: 75.2 TOTAL FOR MONTH: 0.59 1 = FOG OR MIST
DPTR FM NORMAL: -1.7 DPTR FM NORMAL: -2.89 2 = FOG REDUCING VISIBILITY
HIGHEST: 97 ON 22 GRTST 24HR 0.55 ON 9- 9 TO 1/4 MILE OR LESS
LOWEST: 49 ON 27 3 = THUNDER
SNOW, ICE PELLETS, HAIL 4 = ICE PELLETS
TOTAL MONTH: 0.0 INCH 5 = HAIL
GRTST 24HR 0.0 6 = FREEZING RAIN OR DRIZZLE
GRTST DEPTH: 0 7 = DUSTSTORM OR SANDSTORM:
VSBY 1/2 MILE OR LESS
8 = SMOKE OR HAZE
[NO. OF DAYS WITH] [WEATHER - DAYS WITH] 9 = BLOWING SNOW
X = TORNADO
MAX 32 OR BELOW: 0 0.01 INCH OR MORE: 5
MAX 90 OR ABOVE: 11 0.10 INCH OR MORE: 1
MIN 32 OR BELOW: 0 0.50 INCH OR MORE: 1
MIN 0 OR BELOW: 0 1.00 INCH OR MORE: 0
[HDD (BASE 65) ]
TOTAL THIS MO. 2 CLEAR (SCALE 0-3) 20
DPTR FM NORMAL -1 PTCLDY (SCALE 4-7) 9
TOTAL FM JUL 1 2 CLOUDY (SCALE 8-10) 1
DPTR FM NORMAL 2
[CDD (BASE 65) ]
TOTAL THIS MO. 314
DPTR FM NORMAL -46 [PRESSURE DATA]
TOTAL FM JAN 1 2354 HIGHEST SLP 30.26 ON 28
DPTR FM NORMAL 106 LOWEST SLP 29.75 ON 9
[REMARKS]
#FINAL-09-22#