000
CXUS54 KJAN 020307
CF6JAN
PRELIMINARY LOCAL CLIMATOLOGICAL DATA (WS FORM: F-6)
STATION: JACKSON
MONTH: APRIL
YEAR: 2021
LATITUDE: 32 19 N
LONGITUDE: 90 5 W
TEMPERATURE IN F: :PCPN: SNOW: WIND :SUNSHINE: SKY :PK WND
================================================================================
1 2 3 4 5 6A 6B 7 8 9 10 11 12 13 14 15 16 17 18
12Z AVG MX 2MIN
DY MAX MIN AVG DEP HDD CDD WTR SNW DPTH SPD SPD DIR MIN PSBL S-S WX SPD DR
================================================================================
1 61 41 51 -10 14 0 0.00 0.0 0 12.2 24 350 M M 0 33 10
2 63 37 50 -11 15 0 0.00 0.0 0 6.0 15 80 M M 0 26 10
3 71 36 54 -7 11 0 0.00 0.0 0 2.3 12 200 M M 2 15 200
4 77 47 62 1 3 0 0.00 0.0 0 1.4 9 250 M M 3 12 140
5 80 49 65 4 0 0 0.00 0.0 0 5.5 13 170 M M 3 20 200
6 82 54 68 6 0 3 0.00 0.0 0 8.3 17 160 M M 3 1 25 160
7 82 60 71 9 0 6 0.08 0.0 0 12.2 24 180 M M 6 13 31 180
8 83 59 71 9 0 6 T 0.0 0 6.4 18 220 M M 3 123 27 200
9 88 60 74 12 0 9 2.55 0.0 0 9.1 37 360 M M 7 13 48 360
10 79 60 70 7 0 5 0.71 0.0 0 8.4 23 150 M M 6 13 34 310
11 78 48 63 0 2 0 0.00 0.0 0 3.5 12 330 M M 0 17 310
12 86 46 66 3 0 1 0.00 0.0 0 3.9 14 180 M M 1 17 180
13 75 51 63 0 2 0 0.00 0.0 0 3.8 24 160 M M 4 32 170
14 64 51 58 -6 7 0 0.84 0.0 0 3.2 23 160 M M 7 138 31 130
15 74 58 66 2 0 1 T 0.0 0 8.0 17 20 M M 5 1 22 350
16 68 57 63 -1 2 0 0.09 0.0 0 5.6 14 80 M M 9 20 100
17 66 51 59 -5 6 0 T 0.0 0 5.0 13 340 M M 8 1 17 340
18 72 47 60 -5 5 0 0.00 0.0 0 5.2 14 320 M M 2 27 330
19 73 41 57 -8 8 0 0.00 0.0 0 3.3 14 20 M M 1 18 21 350
20 78 48 63 -2 2 0 0.00 0.0 0 4.6 23 360 M M 0 32 340
21 62 42 52 -13 13 0 0.00 0.0 0 10.4 23 350 M M 2 33 330
22 70 39 55 -11 10 0 0.00 0.0 0 5.9 13 120 M M 1 17 100
23 67 52 60 -6 5 0 1.14 0.0 0 5.5 16 120 M M 9 13 23 140
24 81 56 69 3 0 4 1.81 0.0 0 10.7 28 270 M M 5 13 42 310
25 78 51 65 -1 0 0 0.00 0.0 0 4.9 12 350 M M 1 18 30
26 81 50 66 -1 0 1 0.00 0.0 0 4.4 13 140 M M 2 18 150
27 83 57 70 3 0 5 0.00 0.0 0 8.7 18 160 M M 5 18 26 170
28 87 71 79 12 0 14 T 0.0 0 9.7 21 160 M M 7 28 170
29 85 69 77 9 0 12 0.11 0.0 0 5.3 15 180 M M 5 18 20 180
30 73 60 67 -1 0 2 0.16 0.0 0 5.2 15 10 M M 7 138 21 10
================================================================================
SM 2267 1548 105 69 7.49 0.0 188.6 M 114
================================================================================
AV 75.6 51.6 6.3 FASTST M M 4 MAX(MPH)
MISC ----> 37 360 48 360
================================================================================
NOTES:
# LAST OF SEVERAL OCCURRENCES
COLUMN 17 PEAK WIND IN M.P.H.
PRELIMINARY LOCAL CLIMATOLOGICAL DATA (WS FORM: F-6) , PAGE 2
STATION: JACKSON
MONTH: APRIL
YEAR: 2021
LATITUDE: 32 19 N
LONGITUDE: 90 5 W
[TEMPERATURE DATA] [PRECIPITATION DATA] SYMBOLS USED IN COLUMN 16
AVERAGE MONTHLY: 63.6 TOTAL FOR MONTH: 7.49 1 = FOG OR MIST
DPTR FM NORMAL: -0.5 DPTR FM NORMAL: 2.53 2 = FOG REDUCING VISIBILITY
HIGHEST: 88 ON 9 GRTST 24HR 3.26 ON 9-10 TO 1/4 MILE OR LESS
LOWEST: 36 ON 3 3 = THUNDER
SNOW, ICE PELLETS, HAIL 4 = ICE PELLETS
TOTAL MONTH: 0.0 INCH 5 = HAIL
GRTST 24HR 0.0 6 = FREEZING RAIN OR DRIZZLE
GRTST DEPTH: 0 7 = DUSTSTORM OR SANDSTORM:
VSBY 1/2 MILE OR LESS
8 = SMOKE OR HAZE
[NO. OF DAYS WITH] [WEATHER - DAYS WITH] 9 = BLOWING SNOW
X = TORNADO
MAX 32 OR BELOW: 0 0.01 INCH OR MORE: 9
MAX 90 OR ABOVE: 0 0.10 INCH OR MORE: 7
MIN 32 OR BELOW: 0 0.50 INCH OR MORE: 5
MIN 0 OR BELOW: 0 1.00 INCH OR MORE: 3
[HDD (BASE 65) ]
TOTAL THIS MO. 105 CLEAR (SCALE 0-3) 13
DPTR FM NORMAL -4 PTCLDY (SCALE 4-7) 15
TOTAL FM JUL 1 2106 CLOUDY (SCALE 8-10) 2
DPTR FM NORMAL -272
[CDD (BASE 65) ]
TOTAL THIS MO. 69
DPTR FM NORMAL -12 [PRESSURE DATA]
TOTAL FM JAN 1 165 HIGHEST SLP 30.52 ON 2
DPTR FM NORMAL 47 LOWEST SLP 29.60 ON 24
[REMARKS]
#FINAL-04-21#