000
CXUS52 KJAX 070118
CF6JAX
PRELIMINARY LOCAL CLIMATOLOGICAL DATA (WS FORM: F-6)
STATION: JACKSONVILLE
MONTH: MAY
YEAR: 2022
LATITUDE: 30 30 N
LONGITUDE: 81 42 W
TEMPERATURE IN F: :PCPN: SNOW: WIND :SUNSHINE: SKY :PK WND
================================================================================
1 2 3 4 5 6A 6B 7 8 9 10 11 12 13 14 15 16 17 18
12Z AVG MX 2MIN
DY MAX MIN AVG DEP HDD CDD WTR SNW DPTH SPD SPD DIR MIN PSBL S-S WX SPD DR
================================================================================
1 84 60 72 0 0 7 0.00 0.0 0 3.9 16 130 M M 6 3 21 100
2 87 62 75 3 0 10 0.00 0.0 0 4.7 16 130 M M 7 21 130
3 87 68 78 6 0 13 0.06 0.0 0 7.4 23 170 M M 8 3 30 170
4 89 63 76 4 0 11 0.01 0.0 0 3.5 20 330 M M 6 31 330
5 92 67 80 8 0 15 0.00 0.0 0 5.8 15 170 M M 4 20 160
6 88 67 78 5 0 13 0.04 0.0 0 9.7 24 230 M M 7 3 33 250
7 85 66 76 3 0 11 0.00 0.0 0 12.2 28 260 M M 4 37 250
8 83 56 70 -3 0 5 0.00 0.0 0 7.1 18 60 M M 4 23 90
9 71 53 62 -11 3 0 0.00 0.0 0 8.6 18 40 M M 5 25 40
10 80 52 66 -8 0 1 0.00 0.0 0 5.2 18 360 M M 1 24 10
11 82 53 68 -6 0 3 0.00 0.0 0 6.9 18 60 M M 1 26 20
12 79 57 68 -6 0 3 0.00 0.0 0 6.7 20 70 M M 5 25 70
13 78 62 70 -4 0 5 0.16 0.0 0 4.6 15 80 M M 7 13 23 50
14 84 60 72 -3 0 7 T 0.0 0 4.5 17 100 M M 6 13 24 100
15 85 66 76 1 0 11 2.58 0.0 0 3.3 35 80 M M 8 13 53 80
16 89 64 77 2 0 12 0.00 0.0 0 7.0 17 250 M M 5 1 22 240
17 92 69 81 6 0 16 0.00 0.0 0 5.7 15 60 M M 4 19 70
18 92 67 80 5 0 15 0.00 0.0 0 5.3 15 130 M M 4 12 20 110
19 93 69 81 5 0 16 0.00 0.0 0 6.6 15 240 M M 4 20 230
20 92 68 80 4 0 15 T 0.0 0 7.0 28 180 M M 7 13 43 190
21 87 68 78 2 0 13 0.84 0.0 0 6.9 32 350 M M 10 13 43 350
22 90 68 79 3 0 14 0.03 0.0 0 7.3 17 170 M M 8 13 23 170
23 89 70 80 3 0 15 0.00 0.0 0 7.1 15 60 M M 9 21 180
24 88 70 79 2 0 14 0.00 0.0 0 7.8 17 130 M M 7 22 130
25 86 69 78 1 0 13 0.00 0.0 0 9.8 23 100 M M 7 29 110
26 88 71 80 3 0 15 0.02 0.0 0 9.3 21 110 M M 8 13 28 110
27 84 69 77 0 0 12 1.14 0.0 0 6.6 26 260 M M 7 13 38 250
28 89 66 78 0 0 13 0.00 0.0 0 7.4 15 250 M M 3 1 22 280
29 89 65 77 -1 0 12 0.00 0.0 0 6.0 17 110 M M 4 23 120
30 87 72 80 2 0 15 0.00 0.0 0 8.4 18 120 M M 7 25 130
31 86 70 78 0 0 13 T 0.0 0 5.1 17 70 M M 6 25 70
================================================================================
SM 2675 2007 3 338 4.88 0.0 207.4 M 179
================================================================================
AV 86.3 64.7 6.7 FASTST M M 6 MAX(MPH)
MISC ----> 35 80 53 80
================================================================================
NOTES:
# LAST OF SEVERAL OCCURRENCES
COLUMN 17 PEAK WIND IN M.P.H.
PRELIMINARY LOCAL CLIMATOLOGICAL DATA (WS FORM: F-6) , PAGE 2
STATION: JACKSONVILLE
MONTH: MAY
YEAR: 2022
LATITUDE: 30 30 N
LONGITUDE: 81 42 W
[TEMPERATURE DATA] [PRECIPITATION DATA] SYMBOLS USED IN COLUMN 16
AVERAGE MONTHLY: 75.5 TOTAL FOR MONTH: 4.88 1 = FOG OR MIST
DPTR FM NORMAL: 0.6 DPTR FM NORMAL: 1.46 2 = FOG REDUCING VISIBILITY
HIGHEST: 93 ON 19 GRTST 24HR 2.58 ON 15-15 TO 1/4 MILE OR LESS
LOWEST: 52 ON 10 3 = THUNDER
SNOW, ICE PELLETS, HAIL 4 = ICE PELLETS
TOTAL MONTH: 0.0 INCH 5 = HAIL
GRTST 24HR 0.0 6 = FREEZING RAIN OR DRIZZLE
GRTST DEPTH: 0 7 = DUSTSTORM OR SANDSTORM:
VSBY 1/2 MILE OR LESS
8 = SMOKE OR HAZE
[NO. OF DAYS WITH] [WEATHER - DAYS WITH] 9 = BLOWING SNOW
X = TORNADO
MAX 32 OR BELOW: 0 0.01 INCH OR MORE: 9
MAX 90 OR ABOVE: 6 0.10 INCH OR MORE: 4
MIN 32 OR BELOW: 0 0.50 INCH OR MORE: 3
MIN 0 OR BELOW: 0 1.00 INCH OR MORE: 2
[HDD (BASE 65) ]
TOTAL THIS MO. 3 CLEAR (SCALE 0-3) 2
DPTR FM NORMAL -1 PTCLDY (SCALE 4-7) 27
TOTAL FM JUL 1 1069 CLOUDY (SCALE 8-10) 2
DPTR FM NORMAL -155
[CDD (BASE 65) ]
TOTAL THIS MO. 338
DPTR FM NORMAL 27 [PRESSURE DATA]
TOTAL FM JAN 1 610 HIGHEST SLP 30.29 ON 21
DPTR FM NORMAL 60 LOWEST SLP 29.66 ON 7
[REMARKS]
#FINAL-05-22#