000
CXUS52 KJAX 011901
CF6JAX
PRELIMINARY LOCAL CLIMATOLOGICAL DATA (WS FORM: F-6)
STATION: JACKSONVILLE
MONTH: SEPTEMBER
YEAR: 2020
LATITUDE: 30 30 N
LONGITUDE: 81 42 W
TEMPERATURE IN F: :PCPN: SNOW: WIND :SUNSHINE: SKY :PK WND
================================================================================
1 2 3 4 5 6A 6B 7 8 9 10 11 12 13 14 15 16 17 18
12Z AVG MX 2MIN
DY MAX MIN AVG DEP HDD CDD WTR SNW DPTH SPD SPD DIR MIN PSBL S-S WX SPD DR
================================================================================
1 94 74 84 3 0 19 0.00 0.0 0 4.6 13 170 M M 8 1 18 170
2 94 76 85 5 0 20 0.00 0.0 0 4.2 13 260 M M 6 1 17 290
3 94 76 85 5 0 20 T 0.0 0 4.1 13 10 M M 5 3 14 120
4 96 77 87 7 0 22 0.00 0.0 0 4.2 12 90 M M 6 14 350
5 97 73 85 5 0 20 0.00 0.0 0 4.3 12 90 M M 5 1 16 320
6 90 73 82 2 0 17 0.01 0.0 0 7.5 20 70 M M 8 13 24 60
7 89 72 81 1 0 16 0.13 0.0 0 5.3 21 120 M M 8 3 25 120
8 89 73 81 1 0 16 0.33 0.0 0 7.3 23 50 M M 8 1 29 30
9 87 74 81 1 0 16 3.13 0.0 0 3.3 20 180 M M 8 13 23 170
10 89 75 82 3 0 17 0.11 0.0 0 6.0 18 70 M M 8 13 22 70
11 89 76 83 4 0 18 0.77 0.0 0 7.8 21 60 M M 7 13 24 80
12 88 75 82 3 0 17 0.27 0.0 0 8.7 22 130 M M 6 13 30 120
13 83 74 79 0 0 14 1.58 0.0 0 7.2 26 120 M M 9 13 35 120
14 85 75 80 1 0 15 0.17 0.0 0 7.2 21 70 M M 8 13 28 70
15 88 74 81 3 0 16 1.09 0.0 0 6.0 20 60 M M 9 1 23 70
16 87 75 81 3 0 16 0.08 0.0 0 6.7 15 140 M M 9 13 21 140
17 87 77 82 4 0 17 0.02 0.0 0 12.3 26 190 M M 7 13 37 200
18 81 72 77 -1 0 12 T 0.0 0 8.1 18 280 M M 8 1 22 300
19 76 69 73 -5 0 8 0.05 0.0 0 12.5 22 30 M M 10 1 29 30
20 75 65 70 -8 0 5 T 0.0 0 15.1 23 50 M M 10 1 30 50
21 76 66 71 -6 0 6 T 0.0 0 17.4 30 40 M M 9 1 38 50
22 80 63 72 -5 0 7 0.00 0.0 0 11.6 21 30 M M 8 29 50
23 83 60 72 -5 0 7 0.00 0.0 0 3.6 14 40 M M 7 16 40
24 86 65 76 -1 0 11 0.00 0.0 0 7.6 20 130 M M 7 25 130
25 93 71 82 6 0 17 0.00 0.0 0 4.3 10 100 M M 6 14 280
26 90 72 81 5 0 16 0.00 0.0 0 4.0 13 320 M M 4 1 16 290
27 82 71 77 1 0 12 0.07 0.0 0 5.5 14 70 M M 8 13 16 80
28 83 73 78 2 0 13 0.99 0.0 0 4.6 20 200 M M 9 13 24 200
29 87 61 74 -1 0 9 0.45 0.0 0 6.8 28 250 M M 8 13 34 330
30 78 57 68 -7 0 3 0.00 0.0 0 3.8 13 10 M M 5 16 330
================================================================================
SM 2596 2134 0 422 9.25 0.0 211.6 M 224
================================================================================
AV 86.5 71.1 7.1 FASTST M M 7 MAX(MPH)
MISC ----> 30 40 38 50
================================================================================
NOTES:
# LAST OF SEVERAL OCCURRENCES
COLUMN 17 PEAK WIND IN M.P.H.
PRELIMINARY LOCAL CLIMATOLOGICAL DATA (WS FORM: F-6) , PAGE 2
STATION: JACKSONVILLE
MONTH: SEPTEMBER
YEAR: 2020
LATITUDE: 30 30 N
LONGITUDE: 81 42 W
[TEMPERATURE DATA] [PRECIPITATION DATA] SYMBOLS USED IN COLUMN 16
AVERAGE MONTHLY: 78.8 TOTAL FOR MONTH: 9.25 1 = FOG OR MIST
DPTR FM NORMAL: 0.6 DPTR FM NORMAL: 1.06 2 = FOG REDUCING VISIBILITY
HIGHEST: 97 ON 5 GRTST 24HR 3.24 ON 9-10 TO 1/4 MILE OR LESS
LOWEST: 57 ON 30 3 = THUNDER
SNOW, ICE PELLETS, HAIL 4 = ICE PELLETS
TOTAL MONTH: 0.0 INCH 5 = HAIL
GRTST 24HR 0.0 6 = FREEZING RAIN OR DRIZZLE
GRTST DEPTH: 0 7 = DUSTSTORM OR SANDSTORM:
VSBY 1/2 MILE OR LESS
8 = SMOKE OR HAZE
[NO. OF DAYS WITH] [WEATHER - DAYS WITH] 9 = BLOWING SNOW
X = TORNADO
MAX 32 OR BELOW: 0 0.01 INCH OR MORE: 16
MAX 90 OR ABOVE: 8 0.10 INCH OR MORE: 11
MIN 32 OR BELOW: 0 0.50 INCH OR MORE: 5
MIN 0 OR BELOW: 0 1.00 INCH OR MORE: 3
[HDD (BASE 65) ]
TOTAL THIS MO. 0 CLEAR (SCALE 0-3) 0
DPTR FM NORMAL 0 PTCLDY (SCALE 4-7) 21
TOTAL FM JUL 1 0 CLOUDY (SCALE 8-10) 9
DPTR FM NORMAL 0
[CDD (BASE 65) ]
TOTAL THIS MO. 422
DPTR FM NORMAL 26 [PRESSURE DATA]
TOTAL FM JAN 1 2785 HIGHEST SLP 30.22 ON 21
DPTR FM NORMAL 399 LOWEST SLP 29.72 ON 17
[REMARKS]
#FINAL-09-20#