000
CXUS54 KMEG 011329
CLMJBR
CLIMATE REPORT
NATIONAL WEATHER SERVICE MEMPHIS TN
729 AM CST MON JAN 01 2024
...................................
...THE JONESBORO CLIMATE SUMMARY FOR THE MONTH OF DECEMBER 2023...
CLIMATE NORMAL PERIOD 1991 TO 2020
CLIMATE RECORD PERIOD 1897 TO 2023
WEATHER OBSERVED NORMAL DEPART LAST YEAR`S
VALUE DATE(S) VALUE FROM VALUE DATE(S)
NORMAL
................................................................
TEMPERATURE (F)
RECORD
HIGH 81 12/02/1982
LOW -7 12/22/1989
HIGHEST 66 12/24 54 12 69 12/06
LOWEST 23 12/19 33 -10 -3 12/23
12/18
12/28
AVG. MAXIMUM 54.7 49.6 5.1 48.9
AVG. MINIMUM 36.4 33.4 3.0 33.9
MEAN 45.5 41.5 4.0 41.4
DAYS MAX >= 90 0 0.0 0.0 0
DAYS MAX <= 32 0 1.9 -1.9 3
DAYS MIN <= 32 10 16.8 -6.8 13
DAYS MIN <= 0 0 0.0 0.0 2
PRECIPITATION (INCHES)
RECORD
MAXIMUM 10.92 1990
MINIMUM 0.40 2005
TOTALS 1.50 4.45 -2.95 6.17
DAILY AVG. 0.05 0.14 -0.09 0.20
DAYS >= .01 8 9.4 -1.4 11
DAYS >= .10 5 6.7 -1.7 9
DAYS >= .50 1 3.2 -2.2 5
DAYS >= 1.00 0 1.3 -1.3 3
GREATEST
24 HR. TOTAL 1.26 11/30 TO 12/01
SNOWFALL (INCHES)
RECORDS
TOTAL 20.0 1917
TOTALS MM MM MM MM
SINCE 7/1 MM MM MM MM
SNOWDEPTH AVG. MM MM
DAYS >= 1.0 MM MM MM MM
GREATEST
SNOW DEPTH MM MM MM
24 HR TOTAL MM
DEGREE DAYS
HEATING TOTAL 598 729 -131 724
SINCE 7/1 1115 1353 -238 MM
COOLING TOTAL 0 0 0 0
SINCE 1/1 2125 1994 131 MM
................................................................
WIND (MPH)
AVERAGE WIND SPEED 7.1
HIGHEST WIND SPEED/DIRECTION 28/290 DATE 12/05
HIGHEST GUST SPEED/DIRECTION 43/270 DATE 12/05
SKY COVER
POSSIBLE SUNSHINE (PERCENT) MM
AVERAGE SKY COVER 0.33
NUMBER OF DAYS FAIR 19
NUMBER OF DAYS PC 6
NUMBER OF DAYS CLOUDY 6
AVERAGE RH (PERCENT) 69
WEATHER CONDITIONS. NUMBER OF DAYS WITH
THUNDERSTORM 1 MIXED PRECIP 0
HEAVY RAIN 2 RAIN 2
LIGHT RAIN 9 FREEZING RAIN 0
LT FREEZING RAIN 0 HAIL 0
HEAVY SNOW 0 SNOW 0
LIGHT SNOW 0 SLEET 0
FOG 11 FOG W/VIS <= 1/4 MILE 2
HAZE 3
- INDICATES NEGATIVE NUMBERS.
R INDICATES RECORD WAS SET OR TIED.
MM INDICATES DATA IS MISSING.
T INDICATES TRACE AMOUNT.
$$