000
CXUS53 KLSX 011400
CF6JEF
PRELIMINARY LOCAL CLIMATOLOGICAL DATA (WS FORM: F-6)
STATION: JEFFERSON CITY
MONTH: AUGUST
YEAR: 2021
LATITUDE: 38 35 N
LONGITUDE: 92 10 W
TEMPERATURE IN F: :PCPN: SNOW: WIND :SUNSHINE: SKY :PK WND
================================================================================
1 2 3 4 5 6A 6B 7 8 9 10 11 12 13 14 15 16 17 18
12Z AVG MX 2MIN
DY MAX MIN AVG DEP HDD CDD WTR SNW DPTH SPD SPD DIR MIN PSBL S-S WX SPD DR
================================================================================
1 87 64 76 -3 0 11 0.00 0.0 0 4.3 13 350 M M 1 18 16 360
2 84 66 75 -4 0 10 0.00 0.0 0 4.7 12 60 M M 4 18 18 360
3 81 64 73 -6 0 8 0.00 0.0 0 1.8 9 110 M M 5 12 110
4 83 59 71 -8 0 6 0.00 0.0 0 3.0 9 80 M M 0 18 14 120
5 83 62 73 -5 0 8 0.00 0.0 0 5.2 12 170 M M 2 1 18 190
6 89 71 80 2 0 15 0.00 0.0 0 4.5 13 200 M M 0 17 180
7 92 70 81 3 0 16 0.00 0.0 0 5.4 14 210 M M 0 18 21 210
8 88 75 82 4 0 17 0.34 0.0 0 7.7 18 230 M M 3 3 26 240
9 94 74 84 6 0 19 0.03 0.0 0 5.8 15 220 M M 2 3 24 270
10 93 80 87 9 0 22 0.00 0.0 0 6.8 16 280 M M 3 26 280
11 96 78 87 9 0 22 0.00 0.0 0 8.0 18 190 M M 0 31 180
12 99 71 85 7 0 20 0.32 0.0 0 5.8 28 340 M M 1 13 44 330
13 84 70 77 -1 0 12 T 0.0 0 2.7 12 350 M M 3 16 360
14 85 65 75 -3 0 10 0.00 0.0 0 2.9 9 80 M M 1 14 80
15 85 62 74 -3 0 9 0.00 0.0 0 3.5 10 70 M M 1 15 70
16 85 61 73 -4 0 8 0.00 0.0 0 2.9 9 80 M M 0 13 120
17 87 66 77 0 0 12 0.00 0.0 0 2.8 8 50 M M 1 1 12 100
18 88 69 79 2 0 14 0.00 0.0 0 5.2 16 170 M M 1 18 24 130
19 87 67 77 0 0 12 0.00 0.0 0 4.6 9 80 M M 3 1 12 80
20 89 71 80 3 0 15 0.16 0.0 0 5.8 17 180 M M 2 1 25 180
21 87 71 79 3 0 14 0.46 0.0 0 5.5 24 310 M M 4 13 36 310
22 89 66 78 2 0 13 0.00 0.0 0 1.8 7 90 M M 0 10 110
23 96 70 83 7 0 18 0.00 0.0 0 4.9 14 130 M M 1 19 120
24 97 74 86 10 0 21 0.00 0.0 0 5.8 15 190 M M 0 22 220
25 98 73 86 10 0 21 0.00 0.0 0 3.2 10 220 M M 1 15 170
26 98 75 87 12 0 22 0.00 0.0 0 3.9 15 50 M M 2 3 24 40
27 96 72 84 9 0 19 0.00 0.0 0 5.5 15 210 M M 1 3 20 220
28 94 75 85 10 0 20 0.00 0.0 0 5.2 15 170 M M 2 21 180
29 95 72 84 10 0 19 0.00 0.0 0 3.8 17 60 M M 2 3 24 60
30 90 72 81 7 0 16 0.00 0.0 0 3.4 12 120 M M 1 3 17 120
31 90 70 80 6 0 15 T 0.0 0 3.9 14 160 M M 5 19 190
================================================================================
SM 2789 2155 0 464 1.31 0.0 140.3 M 52
================================================================================
AV 90.0 69.5 4.5 FASTST M M 2 MAX(MPH)
MISC ----> 28 340 44 330
================================================================================
NOTES:
# LAST OF SEVERAL OCCURRENCES
COLUMN 17 PEAK WIND IN M.P.H.
PRELIMINARY LOCAL CLIMATOLOGICAL DATA (WS FORM: F-6) , PAGE 2
STATION: JEFFERSON CITY
MONTH: AUGUST
YEAR: 2021
LATITUDE: 38 35 N
LONGITUDE: 92 10 W
[TEMPERATURE DATA] [PRECIPITATION DATA] SYMBOLS USED IN COLUMN 16
AVERAGE MONTHLY: 79.7 TOTAL FOR MONTH: 1.31 1 = FOG OR MIST
DPTR FM NORMAL: 2.8 DPTR FM NORMAL: -2.30 2 = FOG REDUCING VISIBILITY
HIGHEST: 99 ON 12 GRTST 24HR 0.62 ON 20-21 TO 1/4 MILE OR LESS
LOWEST: 59 ON 4 3 = THUNDER
SNOW, ICE PELLETS, HAIL 4 = ICE PELLETS
TOTAL MONTH: 0.0 INCH 5 = HAIL
GRTST 24HR 0.0 6 = FREEZING RAIN OR DRIZZLE
GRTST DEPTH: 0 7 = DUSTSTORM OR SANDSTORM:
VSBY 1/2 MILE OR LESS
8 = SMOKE OR HAZE
[NO. OF DAYS WITH] [WEATHER - DAYS WITH] 9 = BLOWING SNOW
X = TORNADO
MAX 32 OR BELOW: 0 0.01 INCH OR MORE: 5
MAX 90 OR ABOVE: 14 0.10 INCH OR MORE: 4
MIN 32 OR BELOW: 0 0.50 INCH OR MORE: 0
MIN 0 OR BELOW: 0 1.00 INCH OR MORE: 0
[HDD (BASE 65) ]
TOTAL THIS MO. 0 CLEAR (SCALE 0-3) 26
DPTR FM NORMAL -1 PTCLDY (SCALE 4-7) 5
TOTAL FM JUL 1 0 CLOUDY (SCALE 8-10) 0
DPTR FM NORMAL 0
[CDD (BASE 65) ]
TOTAL THIS MO. 464
DPTR FM NORMAL 93 [PRESSURE DATA]
TOTAL FM JAN 1 1413 HIGHEST SLP 30.22 ON 14
DPTR FM NORMAL 154 LOWEST SLP 29.63 ON 31
[REMARKS]
#FINAL-08-21#