000
CXUS53 KLSX 011400
CF6JEF
PRELIMINARY LOCAL CLIMATOLOGICAL DATA (WS FORM: F-6)
STATION: JEFFERSON CITY
MONTH: MAY
YEAR: 2020
LATITUDE: 38 35 N
LONGITUDE: 92 10 W
TEMPERATURE IN F: :PCPN: SNOW: WIND :SUNSHINE: SKY :PK WND
================================================================================
1 2 3 4 5 6A 6B 7 8 9 10 11 12 13 14 15 16 17 18
12Z AVG MX 2MIN
DY MAX MIN AVG DEP HDD CDD WTR SNW DPTH SPD SPD DIR MIN PSBL S-S WX SPD DR
================================================================================
1 82 45 64 3 1 0 0.00 0.0 0 6.9 20 160 M M 0 26 150
2 88 58 73 12 0 8 0.00 0.0 0 4.7 12 40 M M 3 19 50
3 75 52 64 2 1 0 0.00 0.0 0 6.1 23 350 M M 1 32 70
4 68 48 58 -4 7 0 0.38 0.0 0 9.1 38 290 M M 5 13 50 280
5 71 52 62 0 3 0 0.02 0.0 0 14.0 29 290 M M 6 1 41 320
6 63 47 55 -7 10 0 0.00 0.0 0 6.5 15 330 M M 8 23 300
7 70 43 57 -6 8 0 0.09 0.0 0 3.4 15 240 M M 3 1 19 240
8 61 40 51 -12 14 0 0.09 0.0 0 8.4 22 360 M M 4 18 30 340
9 66 37 52 -11 13 0 0.00 0.0 0 2.4 13 190 M M 0 16 210
10 62 41 52 -12 13 0 0.00 0.0 0 11.0 25 290 M M 4 37 290
11 60 36 48 -16 17 0 0.00 0.0 0 6.7 17 320 M M 3 27 310
12 53 48 51 -13 14 0 T 0.0 0 6.7 14 130 M M 10 1 19 120
13 65 50 58 -6 7 0 T 0.0 0 9.5 16 120 M M 10 1 21 110
14 82 61 72 7 0 7 0.00 0.0 0 10.3 20 170 M M 5 1 27 160
15 72 62 67 2 0 2 0.75 0.0 0 5.8 25 310 M M 5 138 42 310
16 75 61 68 3 0 3 0.40 0.0 0 5.4 18 200 M M 7 1238 23 200
17 73 59 66 0 0 1 0.03 0.0 0 9.0 21 280 M M 8 12 29 280
18 64 57 61 -5 4 0 0.01 0.0 0 9.9 17 290 M M 10 18 27 290
19 68 57 63 -3 2 0 0.01 0.0 0 6.6 14 360 M M 10 1 18 340
20 71 60 66 0 0 1 T 0.0 0 5.7 14 90 M M 10 1 21 100
21 69 60 65 -2 0 0 0.00 0.0 0 6.6 12 120 M M 8 16 110
22 75 58 67 0 0 2 T 0.0 0 6.9 14 140 M M 5 18 20 140
23 87 62 75 8 0 10 0.00 0.0 0 6.2 18 240 M M 2 25 240
24 90 65 78 10 0 13 0.08 0.0 0 7.8 20 200 M M 2 3 30 200
25 87 65 76 8 0 11 0.04 0.0 0 8.5 24 120 M M 1 36 120
26 84 69 77 9 0 12 0.44 0.0 0 10.9 28 150 M M 5 138 40 160
27 77 68 73 5 0 8 0.02 0.0 0 1.6 15 220 M M 9 12 19 220
28 78 65 72 3 0 7 0.17 0.0 0 4.5 18 290 M M 8 138 26 280
29 78 57 68 -1 0 3 0.00 0.0 0 6.5 16 320 M M 2 1 26 310
30 80 54 67 -2 0 2 0.00 0.0 0 3.7 13 330 M M 1 19 50
31 82 58 70 0 0 5 0.00 0.0 0 4.1 13 120 M M 0 18 100
================================================================================
SM 2276 1695 114 95 2.53 0.0 215.4 M 155
================================================================================
AV 73.4 54.7 6.9 FASTST M M 5 MAX(MPH)
MISC ----> 38 290 50 280
================================================================================
NOTES:
# LAST OF SEVERAL OCCURRENCES
COLUMN 17 PEAK WIND IN M.P.H.
PRELIMINARY LOCAL CLIMATOLOGICAL DATA (WS FORM: F-6) , PAGE 2
STATION: JEFFERSON CITY
MONTH: MAY
YEAR: 2020
LATITUDE: 38 35 N
LONGITUDE: 92 10 W
[TEMPERATURE DATA] [PRECIPITATION DATA] SYMBOLS USED IN COLUMN 16
AVERAGE MONTHLY: 64.0 TOTAL FOR MONTH: 2.53 1 = FOG OR MIST
DPTR FM NORMAL: -1.2 DPTR FM NORMAL: -2.45 2 = FOG REDUCING VISIBILITY
HIGHEST: 90 ON 24 GRTST 24HR 0.75 ON 15-15 TO 1/4 MILE OR LESS
LOWEST: 36 ON 11 3 = THUNDER
SNOW, ICE PELLETS, HAIL 4 = ICE PELLETS
TOTAL MONTH: 0.0 INCH 5 = HAIL
GRTST 24HR 0.0 6 = FREEZING RAIN OR DRIZZLE
GRTST DEPTH: 0 7 = DUSTSTORM OR SANDSTORM:
VSBY 1/2 MILE OR LESS
8 = SMOKE OR HAZE
[NO. OF DAYS WITH] [WEATHER - DAYS WITH] 9 = BLOWING SNOW
X = TORNADO
MAX 32 OR BELOW: 0 0.01 INCH OR MORE: 14
MAX 90 OR ABOVE: 1 0.10 INCH OR MORE: 5
MIN 32 OR BELOW: 0 0.50 INCH OR MORE: 1
MIN 0 OR BELOW: 0 1.00 INCH OR MORE: 0
[HDD (BASE 65) ]
TOTAL THIS MO. 114 CLEAR (SCALE 0-3) 11
DPTR FM NORMAL 24 PTCLDY (SCALE 4-7) 14
TOTAL FM JUL 1 4279 CLOUDY (SCALE 8-10) 6
DPTR FM NORMAL -361
[CDD (BASE 65) ]
TOTAL THIS MO. 95
DPTR FM NORMAL -3 [PRESSURE DATA]
TOTAL FM JAN 1 128 HIGHEST SLP 30.34 ON 11
DPTR FM NORMAL 0 LOWEST SLP 29.71 ON 17
[REMARKS]
#FINAL-05-20#