000
CXUS53 KJKL 011755
CLSJKL
CLIMATE REPORT
NATIONAL WEATHER SERVICE JACKSON KY
155 PM EDT WED JUN 01 2022
...................................
...THE JACKSON KY CLIMATE SUMMARY FOR THE SEASON, FROM
3/1/2022 TO 5/31/2022...
CLIMATE NORMAL PERIOD 1991 TO 2020
CLIMATE RECORD PERIOD 1981 TO 2022
WEATHER OBSERVED NORMAL DEPART LAST YEAR`S
VALUE DATE(S) VALUE FROM VALUE DATE(S)
NORMAL
................................................................
TEMPERATURE (F)
RECORD
HIGH 92 04/27/1986
LOW 7 03/09/1996
HIGHEST 89 05/31 MM MM 89 05/25
LOWEST 15 03/13 MM MM 24 03/05
AVG. MAXIMUM 69.0 67.6 1.4 68.3
AVG. MINIMUM 48.3 46.8 1.5 47.3
MEAN 58.7 57.2 1.5 57.8
DAYS MAX >= 90 0 0.2 -0.2 0
DAYS MAX <= 32 1 0.8 0.2 0
DAYS MIN <= 32 9 13.6 -4.6 12
DAYS MIN <= 0 0 0.0 0.0 0
PRECIPITATION (INCHES)
RECORD
MAXIMUM 21.63 2011
MINIMUM 4.93 1986
TOTALS 12.32 14.42 -2.10 11.07
DAILY AVG. 0.13 0.16 -0.03 0.12
DAYS >= .01 39 41.4 -2.4 33
DAYS >= .10 23 27.2 -4.2 21
DAYS >= .50 8 10.2 -2.2 7
DAYS >= 1.00 1 3.4 -2.4 3
GREATEST
24 HR. TOTAL 2.77 05/05 TO 05/06 1.55
SNOWFALL (INCHES)
RECORDS
TOTAL 22.1 1993
24 HR TOTAL 19.8 03/13/1993 TO 03/13/1993
TOTALS 6.3 4.4 1.9 0.2
SINCE 7/1 22.1 23.4 -1.3 MM
SNOWDEPTH AVG. 0 0
DAYS >= 1.0 1 1.3 -0.3 0
GREATEST
24 HR TOTAL T 04/19 TO 04/19 MM
04/09 TO 04/09
04/08 TO 04/08
DEGREE DAYS
HEATING TOTAL 745 874 -129 773
SINCE 7/1 3577 4059 -482 MM
COOLING TOTAL 190 159 31 136
SINCE 1/1 190 159 31 MM
................................................................
WIND (MPH)
AVERAGE WIND SPEED 4.5
RESULTANT WIND SPEED/DIRECTION 1/190
HIGHEST WIND SPEED/DIRECTION 28/280 DATE 04/09
HIGHEST GUST SPEED/DIRECTION 50/210 DATE 03/31
SKY COVER
POSSIBLE SUNSHINE (PERCENT) MM
NUMBER OF DAYS FAIR 47
NUMBER OF DAYS PC 29
NUMBER OF DAYS CLOUDY 16
AVERAGE RH (PERCENT) 59
WEATHER CONDITIONS. NUMBER OF DAYS WITH
THUNDERSTORM 12 MIXED PRECIP 0
HEAVY RAIN 17 RAIN 21
LIGHT RAIN 46 FREEZING RAIN 0
LT FREEZING RAIN 0 HAIL 1
HEAVY SNOW 1 SNOW 1
LIGHT SNOW 7 SLEET 1
FOG 32 FOG W/VIS <= 1/4 MILE 8
HAZE 2
- INDICATES NEGATIVE NUMBERS.
R INDICATES RECORD WAS SET OR TIED.
MM INDICATES DATA IS MISSING.
T INDICATES TRACE AMOUNT.
$$
TAB