000
CXUS53 KSGF 010810
CF6JLN
PRELIMINARY LOCAL CLIMATOLOGICAL DATA (WS FORM: F-6)
STATION: JOPLIN MO
MONTH: NOVEMBER
YEAR: 2023
LATITUDE: 37 10 N
LONGITUDE: 94 30 W
TEMPERATURE IN F: :PCPN: SNOW: WIND :SUNSHINE: SKY :PK WND
================================================================================
1 2 3 4 5 6A 6B 7 8 9 10 11 12 13 14 15 16 17 18
12Z AVG MX 2MIN
DY MAX MIN AVG DEP HDD CDD WTR SNW DPTH SPD SPD DIR MIN PSBL S-S WX SPD DR
================================================================================
1 51 19 35 -18 30 0 0.00 M M 7.7 16 190 M M 0 21 170
2 64 37 51 -2 14 0 0.00 M M 13.3 21 210 M M 0 28 200
3 71 45 58 5 7 0 0.00 M M 15.0 29 210 M M 1 37 210
4 69 49 59 7 6 0 T M M 6.5 16 20 M M 6 20 10
5 74 51 63 11 2 0 0.00 M M 9.7 22 190 M M 4 30 200
6 78 61 70 19 0 5 0.00 M M 10.4 20 200 M M 3 26 220
7 84 60 72 21 0 7 0.00 M M 12.3 23 190 M M 0 33 210
8 82 57 70 19 0 5 0.00 M M 16.8 28 220 M M 1 37 210
9 57 43 50 0 15 0 0.00 M M 9.0 18 10 M M 4 31 360
10 63 32 48 -2 17 0 0.00 M M 4.7 12 20 M M 0 18 10
11 62 36 49 0 16 0 0.00 M M 6.8 15 120 M M 5 20 150
12 67 39 53 4 12 0 0.00 M M 4.8 10 250 M M 1 16 240
13 72 39 56 7 9 0 0.00 M M 3.1 14 110 M M 0 21 110
14 69 40 55 7 10 0 0.00 M M 6.6 16 180 M M 0 21 160
15 71 44 58 10 7 0 0.00 M M 5.0 9 190 M M 1 M M
16 62 43 53 5 12 0 0.00 M M 11.7 24 190 M M 6 31 190
17 61 37 49 2 16 0 0.00 M M 5.5 15 350 M M 4 19 10
18 65 32 49 2 16 0 0.00 M M 2.3 8 330 M M 0 8 11 330
19 57 42 50 4 15 0 0.33 M M 7.4 20 110 M M 7 18 26 100
20 49 45 47 1 18 0 0.30 M M 7.7 20 100 M M 10 1 27 90
21 48 31 40 -6 25 0 0.02 M M 10.2 21 320 M M 8 18 27 340
22 50 25 38 -7 27 0 0.00 M M 5.3 13 260 M M 0 20 270
23 63 34 49 4 16 0 0.00 M M 7.2 13 210 M M 0 16 30
24 44 31 38 -6 27 0 0.00 M M 10.2 17 40 M M 0 25 40
25 52 29 41 -3 24 0 0.11 M M 4.5 10 110 M M 4 1 13 130
26 42 28 35 -9 30 0 0.03 M M 10.9 22 300 M M 5 1 29 300
27 50 22 36 -7 29 0 0.00 M M 7.2 16 230 M M 0 21 260
28 52 24 38 -5 27 0 0.00 M M 7.7 17 220 M M 0 24 230
29 62 38 50 7 15 0 0.00 M M 11.3 21 190 M M 1 26 190
30 54 50 52 10 13 0 0.77 M M 11.0 21 190 M M 9 1 28 190
================================================================================
SM 1845 1163 455 17 1.56 M 251.8 M 80
================================================================================
AV 61.5 38.8 8.4 FASTST M M 3 MAX(MPH)
MISC ----> 29 210 # 37 210
================================================================================
NOTES:
# LAST OF SEVERAL OCCURRENCES
COLUMN 17 PEAK WIND IN M.P.H.
PRELIMINARY LOCAL CLIMATOLOGICAL DATA (WS FORM: F-6) , PAGE 2
STATION: JOPLIN MO
MONTH: NOVEMBER
YEAR: 2023
LATITUDE: 37 10 N
LONGITUDE: 94 30 W
[TEMPERATURE DATA] [PRECIPITATION DATA] SYMBOLS USED IN COLUMN 16
AVERAGE MONTHLY: 50.1 TOTAL FOR MONTH: 1.56 1 = FOG OR MIST
DPTR FM NORMAL: 2.3 DPTR FM NORMAL: -1.77 2 = FOG REDUCING VISIBILITY
HIGHEST: 84 ON 7 GRTST 24HR 0.77 ON 30-30 TO 1/4 MILE OR LESS
LOWEST: 19 ON 1 3 = THUNDER
SNOW, ICE PELLETS, HAIL 4 = ICE PELLETS
TOTAL MONTH: M 5 = HAIL
GRTST 24HR M ON M 6 = FREEZING RAIN OR DRIZZLE
GRTST DEPTH: M ON M 7 = DUSTSTORM OR SANDSTORM:
VSBY 1/2 MILE OR LESS
8 = SMOKE OR HAZE
[NO. OF DAYS WITH] [WEATHER - DAYS WITH] 9 = BLOWING SNOW
X = TORNADO
MAX 32 OR BELOW: 0 0.01 INCH OR MORE: 6
MAX 90 OR ABOVE: 0 0.10 INCH OR MORE: 4
MIN 32 OR BELOW: 10 0.50 INCH OR MORE: 1
MIN 0 OR BELOW: 0 1.00 INCH OR MORE: 0
[HDD (BASE 65) ]
TOTAL THIS MO. 455 CLEAR (SCALE 0-3) 18
DPTR FM NORMAL -68 PTCLDY (SCALE 4-7) 10
TOTAL FM JUL 1 676 CLOUDY (SCALE 8-10) 2
DPTR FM NORMAL -109
[CDD (BASE 65) ]
TOTAL THIS MO. 17
DPTR FM NORMAL 12 [PRESSURE DATA]
TOTAL FM JAN 1 1947 HIGHEST SLP M ON M
DPTR FM NORMAL 297 LOWEST SLP 29.62 ON 30
[REMARKS]
#FINAL-11-23#