000
CXUS51 KCTP 010819
CLMJST
CLIMATE REPORT
NATIONAL WEATHER SERVICE STATE COLLEGE PA
419 AM EDT SAT JUL 01 2023
...................................
...THE JOHNSTOWN CLIMATE SUMMARY FOR THE MONTH OF JUNE 2023...
CLIMATE NORMAL PERIOD 1991 TO 2020
CLIMATE RECORD PERIOD 1892 TO 2023
WEATHER OBSERVED NORMAL DEPART LAST YEAR`S
VALUE DATE(S) VALUE FROM VALUE DATE(S)
NORMAL
................................................................
TEMPERATURE (F)
RECORD
HIGH 102 06/04/1895
LOW 33 06/03/1986
HIGHEST 85 06/02 88 06/22
LOWEST 44 06/08 45 06/19
AVG. MAXIMUM 72.4 74.9 -2.5 75.6
AVG. MINIMUM 54.3 57.2 -2.9 57.0
MEAN 63.3 66.0 -2.7 66.3
DAYS MAX >= 90 0 0.0 0.0 0
DAYS MAX <= 32 0 0.0 0.0 0
DAYS MIN <= 32 0 0.0 0.0 0
DAYS MIN <= 0 0 0.0 0.0 0
PRECIPITATION (INCHES)
RECORD
MAXIMUM 11.96 2015
MINIMUM 0.73 1966
TOTALS 4.98 4.40 0.58 4.02
DAILY AVG. 0.17 0.15 0.02 0.13
DAYS >= .01 15 14.6 0.4 11
DAYS >= .10 11 9.3 1.7 7
DAYS >= .50 5 3.0 2.0 4
DAYS >= 1.00 0 1.1 -1.1 0
GREATEST
24 HR. TOTAL 1.31 06/13 TO 06/14 0.85 06/01 TO 06/02
DEGREE DAYS
HEATING TOTAL 89 59 30 59
SINCE 7/1 5720 6325 -605 MM
COOLING TOTAL 45 91 -46 104
SINCE 1/1 66 129 -63 MM
................................................................
WIND (MPH)
AVERAGE WIND SPEED 7.1
HIGHEST WIND SPEED/DIRECTION 23/010 DATE 06/03
HIGHEST GUST SPEED/DIRECTION 32/010 DATE 06/03
SKY COVER
POSSIBLE SUNSHINE (PERCENT) MM
AVERAGE SKY COVER 0.49
NUMBER OF DAYS FAIR 12
NUMBER OF DAYS PC 10
NUMBER OF DAYS CLOUDY 8
AVERAGE RH (PERCENT) 68
WEATHER CONDITIONS. NUMBER OF DAYS WITH
THUNDERSTORM 4 MIXED PRECIP 0
HEAVY RAIN 10 RAIN 10
LIGHT RAIN 19 FREEZING RAIN 0
LT FREEZING RAIN 0 HAIL 0
HEAVY SNOW 0 SLEET 0
FOG 18 FOG W/VIS <= 1/4 MILE 7
HAZE 8
- INDICATES NEGATIVE NUMBERS.
R INDICATES RECORD WAS SET OR TIED.
MM INDICATES DATA IS MISSING.
T INDICATES TRACE AMOUNT.
$$