000
CXUS53 KGRR 020002
CLMJXN
CLIMATE REPORT
NATIONAL WEATHER SERVICE GRAND RAPIDS, MICHIGAN
802 PM EDT SAT APR 01 2023
...................................
...THE JACKSON CLIMATE SUMMARY FOR THE MONTH OF MARCH 2023...
CLIMATE NORMAL PERIOD: 1991 TO 2020
CLIMATE RECORD PERIOD: 1944 TO 2023
WEATHER OBSERVED NORMAL DEPART LAST YEAR`S
VALUE DATE(S) VALUE FROM VALUE DATE(S)
NORMAL
................................................................
TEMPERATURE (F)
HIGHEST 58 03/31 MM MM 71 03/17
LOWEST 16 03/15 MM MM 10 03/12
03/19
03/30
AVG. MAXIMUM 44.5 45.3 -0.8 47.2
AVG. MINIMUM 27.8 26.7 1.1 27.2
MEAN 36.2 36.0 0.2 37.2
DAYS MAX >= 90 0 0.0 0.0 0
DAYS MAX <= 32 2 4.7 -2.7 5
DAYS MIN <= 32 22 23.2 -1.2 22
DAYS MIN <= 0 0 0.3 -0.3 0
PRECIPITATION (INCHES)
TOTALS 4.07 1.93 2.14 2.75
DAILY AVG. 0.14 0.06 0.08 0.09
DAYS >= .01 16 10.9 5.1 14
DAYS >= .10 8 5.0 3.0 6
DAYS >= .50 2 1.1 0.9 2
DAYS >= 1.00 1 0.1 0.9 0
GREATEST
24 HR. TOTAL 1.43 03/31 TO 03/31
DEGREE DAYS
HEATING TOTAL 885 900 -15 851
SINCE 7/1 5107 5669 -562 MM
COOLING TOTAL 0 1 -1 0
SINCE 1/1 0 1 -1 MM
................................................................
WIND (MPH)
AVERAGE WIND SPEED 9.0
RESULTANT WIND SPEED/DIRECTION 2/220
HIGHEST WIND SPEED/DIRECTION 35/210 DATE 03/25
HIGHEST GUST SPEED/DIRECTION 50/220 DATE 03/25
SKY COVER
POSSIBLE SUNSHINE (PERCENT) MM
AVERAGE SKY COVER 0.53
NUMBER OF DAYS FAIR 11
NUMBER OF DAYS PC 10
NUMBER OF DAYS CLOUDY 10
AVERAGE RH (PERCENT) 69
WEATHER CONDITIONS. NUMBER OF DAYS WITH
THUNDERSTORM 3 MIXED PRECIP 0
HEAVY RAIN 4 RAIN 7
LIGHT RAIN 13 FREEZING RAIN 0
LT FREEZING RAIN 0 HAIL 0
HEAVY SNOW 2 SNOW 4
LIGHT SNOW 14 SLEET 0
FOG 22 FOG W/VIS <= 1/4 MILE 2
HAZE 8
- INDICATES NEGATIVE NUMBERS.
R INDICATES RECORD WAS SET OR TIED.
MM INDICATES DATA IS MISSING.
T INDICATES TRACE AMOUNT.
$$