000
CXUS53 KGRR 012031
CLSJXN
CLIMATE REPORT
NATIONAL WEATHER SERVICE GRAND RAPIDS, MICHIGAN
310 PM EST FRI MAR 01 2024
...................................
...THE JACKSON CLIMATE SUMMARY FOR THE SEASON, FROM
12/1/2023 TO 2/29/2024...
CLIMATE NORMAL PERIOD: 1991 TO 2020
CLIMATE RECORD PERIOD: 1944 TO 2024
WEATHER OBSERVED NORMAL DEPART LAST YEAR`S
VALUE DATE(S) VALUE FROM VALUE DATE(S)
NORMAL
................................................................
TEMPERATURE (F)
HIGHEST 73 02/27 MM MM 59 02/09
LOWEST -8 01/15 MM MM -2 12/23
AVG. MAXIMUM 40.1 34.0 6.1 38.2
AVG. MINIMUM 26.7 19.9 6.8 25.5
MEAN 33.4 27.0 6.4 31.9
DAYS MAX >= 90 0 0.0 0.0 0
DAYS MAX <= 32 16 42.7 -26.7 21
DAYS MIN <= 32 63 79.6 -16.6 71
DAYS MIN <= 0 3 6.4 -3.4 2
PRECIPITATION (INCHES)
TOTALS 6.10 4.95 1.15 6.50
DAILY AVG. 0.06 NAN NAN 0.07
DAYS >= .01 34 34.9 -0.9 31
DAYS >= .10 17 12.9 4.1 15
DAYS >= .50 4 2.3 1.7 4
DAYS >= 1.00 1 0.3 0.7 1
GREATEST
24 HR. TOTAL 1.48 01/25 TO 01/26
DEGREE DAYS
HEATING TOTAL 2856 3423 -567 2963
SINCE 7/1 4160 4841 -681 MM
COOLING TOTAL 0 0 0 0
SINCE 1/1 0 0 0 MM
FREEZE DATES
EARLIEST 10/22
LATEST 05/26
................................................................
WIND (MPH)
AVERAGE WIND SPEED 7.8
RESULTANT WIND SPEED/DIRECTION 3/220
HIGHEST WIND SPEED/DIRECTION 32/210 DATE 01/13
HIGHEST GUST SPEED/DIRECTION 47/210 DATE 01/13
SKY COVER
POSSIBLE SUNSHINE (PERCENT) MM
AVERAGE SKY COVER 0.68
NUMBER OF DAYS FAIR 18
NUMBER OF DAYS PC 23
NUMBER OF DAYS CLOUDY 50
AVERAGE RH (PERCENT) 78
WEATHER CONDITIONS. NUMBER OF DAYS WITH
THUNDERSTORM 3 MIXED PRECIP 1
HEAVY RAIN 3 RAIN 5
LIGHT RAIN 25 FREEZING RAIN 1
LT FREEZING RAIN 2 HAIL 0
HEAVY SNOW 2 SNOW 4
LIGHT SNOW 26 SLEET 0
FOG 53 FOG W/VIS <= 1/4 MILE 10
HAZE 13
- INDICATES NEGATIVE NUMBERS.
R INDICATES RECORD WAS SET OR TIED.
MM INDICATES DATA IS MISSING.
T INDICATES TRACE AMOUNT.
$$