000
CXUS52 KTBW 090123
CF6LAL
PRELIMINARY LOCAL CLIMATOLOGICAL DATA (WS FORM: F-6)
STATION: LAKELAND LINDER
MONTH: OCTOBER
YEAR: 2021
LATITUDE: 28 0 N
LONGITUDE: 82 3 W
TEMPERATURE IN F: :PCPN: SNOW: WIND :SUNSHINE: SKY :PK WND
================================================================================
1 2 3 4 5 6A 6B 7 8 9 10 11 12 13 14 15 16 17 18
12Z AVG MX 2MIN
DY MAX MIN AVG DEP HDD CDD WTR SNW DPTH SPD SPD DIR MIN PSBL S-S WX SPD DR
================================================================================
1 90 70 80 0 0 15 0.00 0.0 0 6.7 14 80 M M 3 18 80
2 90 74 82 3 0 17 0.00 0.0 0 8.5 17 120 M M 1 20 120
3 89 71 80 1 0 15 0.00 0.0 0 4.8 12 90 M M 2 M M
4 89 70 80 1 0 15 0.00 0.0 0 2.8 8 80 M M 2 M M
5 90 71 81 2 0 16 0.00 0.0 0 4.1 9 170 M M 3 M M
6 92 75 84 5 0 19 0.00 0.0 0 4.3 10 130 M M 3 M M
7 94 75 85 7 0 20 0.00 0.0 0 2.2 12 110 M M 3 M M
8 93 72 83 5 0 18 2.34 0.0 0 3.1 12 60 M M 4 13 M M
9 89 71 80 2 0 15 0.02 0.0 0 3.3 13 340 M M 5 12 M M
10 86 70 78 0 0 13 0.00 0.0 0 4.9 12 70 M M 3 16 10
11 89 69 79 1 0 14 0.00 0.0 0 3.3 9 60 M M 3 M M
12 89 72 81 4 0 16 0.00 0.0 0 5.6 14 80 M M 3 22 80
13 90 73 82 5 0 17 0.00 0.0 0 6.5 15 80 M M 4 1 M M
14 89 73 81 4 0 16 0.00 0.0 0 4.8 9 30 M M 3 M M
15 89 73 81 4 0 16 0.00 0.0 0 3.7 12 90 M M 3 M M
16 89 70 80 4 0 15 0.00 0.0 0 2.0 7 320 M M 3 M M
17 88 68 78 2 0 13 0.08 0.0 0 6.4 14 60 M M 3 17 60
18 84 61 73 -3 0 8 0.00 0.0 0 9.2 14 70 M M 0 17 50
19 85 64 75 -1 0 10 0.00 0.0 0 7.1 13 100 M M 2 20 100
20 84 65 75 0 0 10 0.00 0.0 0 8.0 14 90 M M 2 21 90
21 87 66 77 2 0 12 0.00 0.0 0 5.3 12 100 M M 1 M M
22 89 69 79 4 0 14 0.00 0.0 0 2.1 7 50 M M 3 M M
23 89 70 80 5 0 15 0.00 0.0 0 4.0 12 70 M M 3 M M
24 87 74 81 7 0 16 0.00 0.0 0 5.6 15 230 M M 6 20 230
25 86 72 79 5 0 14 0.61 0.0 0 6.3 14 270 M M 5 25 270
26 88 73 81 7 0 16 0.15 0.0 0 7.3 16 290 M M 4 22 290
27 85 62 74 0 0 9 0.00 0.0 0 2.3 7 270 M M 0 M M
28 85 68 77 3 0 12 0.82 0.0 0 8.5 18 230 M M 8 3 32 230
29 83 70 77 4 0 12 0.10 0.0 0 7.9 20 240 M M 8 32 240
30 76 60 68 -5 0 3 0.11 0.0 0 4.9 12 300 M M 7 23 320
31 75 62 69 -4 0 4 0.01 0.0 0 5.5 12 320 M M 6 M M
================================================================================
SM 2708 2153 0 425 4.24 0.0 161.0 M 106
================================================================================
AV 87.4 69.5 5.2 FASTST M M 3 MAX(MPH)
MISC ----> 20 240 # 32 230
================================================================================
NOTES:
# LAST OF SEVERAL OCCURRENCES
COLUMN 17 PEAK WIND IN M.P.H.
PRELIMINARY LOCAL CLIMATOLOGICAL DATA (WS FORM: F-6) , PAGE 2
STATION: LAKELAND LINDER
MONTH: OCTOBER
YEAR: 2021
LATITUDE: 28 0 N
LONGITUDE: 82 3 W
[TEMPERATURE DATA] [PRECIPITATION DATA] SYMBOLS USED IN COLUMN 16
AVERAGE MONTHLY: 78.4 TOTAL FOR MONTH: 4.24 1 = FOG OR MIST
DPTR FM NORMAL: 2.0 DPTR FM NORMAL: 1.20 2 = FOG REDUCING VISIBILITY
HIGHEST: 94 ON 7 GRTST 24HR 2.34 ON 8- 8 TO 1/4 MILE OR LESS
LOWEST: 60 ON 30 3 = THUNDER
SNOW, ICE PELLETS, HAIL 4 = ICE PELLETS
TOTAL MONTH: 0.0 INCH 5 = HAIL
GRTST 24HR 0.0 6 = FREEZING RAIN OR DRIZZLE
GRTST DEPTH: 0 7 = DUSTSTORM OR SANDSTORM:
VSBY 1/2 MILE OR LESS
8 = SMOKE OR HAZE
[NO. OF DAYS WITH] [WEATHER - DAYS WITH] 9 = BLOWING SNOW
X = TORNADO
MAX 32 OR BELOW: 0 0.01 INCH OR MORE: 9
MAX 90 OR ABOVE: 7 0.10 INCH OR MORE: 6
MIN 32 OR BELOW: 0 0.50 INCH OR MORE: 3
MIN 0 OR BELOW: 0 1.00 INCH OR MORE: 1
[HDD (BASE 65) ]
TOTAL THIS MO. 0 CLEAR (SCALE 0-3) 18
DPTR FM NORMAL -4 PTCLDY (SCALE 4-7) 13
TOTAL FM JUL 1 0 CLOUDY (SCALE 8-10) 0
DPTR FM NORMAL 0
[CDD (BASE 65) ]
TOTAL THIS MO. 425
DPTR FM NORMAL 71 [PRESSURE DATA]
TOTAL FM JAN 1 3851 HIGHEST SLP M ON M
DPTR FM NORMAL 376 LOWEST SLP M ON M
[REMARKS]
#FINAL-10-21#