000
CXUS52 KTBW 011122
CF6LAL
PRELIMINARY LOCAL CLIMATOLOGICAL DATA (WS FORM: F-6)
STATION: Lakeland Linder
MONTH: SEPTEMBER
YEAR: 2020
LATITUDE: 28 0 N
LONGITUDE: 82 3 W
TEMPERATURE IN F: :PCPN: SNOW: WIND :SUNSHINE: SKY :PK WND
================================================================================
1 2 3 4 5 6A 6B 7 8 9 10 11 12 13 14 15 16 17 18
12Z AVG MX 2MIN
DY MAX MIN AVG DEP HDD CDD WTR SNW DPTH SPD SPD DIR MIN PSBL S-S WX SPD DR
================================================================================
1 94 74 84 1 0 19 0.85 0.0 0 3.4 9 290 M M 3 M M
2 96 77 87 4 0 22 0.00 0.0 0 2.0 14 320 M M 4 M M
3 95 77 86 3 0 21 1.11 0.0 0 1.8 7 120 M M 3 13 M M
4 95 79 87 4 0 22 0.00 0.0 0 2.7 13 60 M M 2 M M
5 95 79 87 4 0 22 0.00 0.0 0 2.8 12 10 M M 4 13 16 70
6 96 76 86 3 0 21 0.00 0.0 0 3.5 14 50 M M 3 20 50
7 93 74 84 1 0 19 0.20 0.0 0 3.0 9 90 M M 4 3 M M
8 92 74 83 0 0 18 0.10 0.0 0 5.3 9 150 M M 5 3 M M
9 91 76 84 1 0 19 0.28 0.0 0 4.6 12 120 M M 5 3 18 120
10 92 76 84 1 0 19 0.05 0.0 0 2.4 10 100 M M 3 3 M M
11 91 76 84 1 0 19 0.27 0.0 0 5.6 18 80 M M 4 3 28 80
12 87 76 82 0 0 17 0.65 0.0 0 11.0 20 130 M M 4 29 130
13 81 74 78 -4 0 13 0.05 0.0 0 8.8 16 100 M M 5 21 100
14 86 77 82 0 0 17 0.02 0.0 0 5.6 12 80 M M 3 3 18 220
15 88 77 83 1 0 18 0.47 0.0 0 4.2 9 110 M M 3 3 M M
16 92 74 83 1 0 18 1.07 0.0 0 6.7 17 130 M M 5 3 27 130
17 91 77 84 2 0 19 0.35 0.0 0 9.0 14 230 M M 5 3 25 230
18 92 78 85 3 0 20 0.03 0.0 0 7.0 13 260 M M 5 17 270
19 91 74 83 1 0 18 0.00 0.0 0 4.1 15 30 M M 4 20 40
20 90 77 84 2 0 19 0.14 0.0 0 12.6 22 40 M M 8 13 31 40
21 88 76 82 1 0 17 0.15 0.0 0 15.0 23 80 M M 4 32 70
22 86 71 79 -2 0 14 0.00 0.0 0 9.1 16 90 M M 5 25 90
23 87 68 78 -3 0 13 0.00 0.0 0 8.3 12 90 M M 4 18 90
24 91 73 82 1 0 17 0.00 0.0 0 7.4 13 160 M M 2 M M
25 93 75 84 3 0 19 0.00 0.0 0 2.9 9 200 M M 3 M M
26 93 75 84 4 0 19 0.36 0.0 0 2.2 13 270 M M 6 M M
27 92 75 84 4 0 19 0.00 0.0 0 3.1 37 150 M M 4 50 150
28 91 71 81 1 0 16 2.59 0.0 0 5.1 15 340 M M 6 3 23 340
29 89 73 81 1 0 16 0.63 0.0 0 4.9 12 250 M M 8 13 M M
30 80 63 72 -8 0 7 0.14 0.0 0 8.1 13 320 M M 8 20 20
================================================================================
SM 2718 2242 0 537 9.51 0.0 172.2 M 132
================================================================================
AV 90.6 74.7 5.7 FASTST M M 4 MAX(MPH)
MISC ----> # 37 150 # 50 150
================================================================================
NOTES:
# LAST OF SEVERAL OCCURRENCES
COLUMN 17 PEAK WIND IN M.P.H.
PRELIMINARY LOCAL CLIMATOLOGICAL DATA (WS FORM: F-6) , PAGE 2
STATION: Lakeland Linder
MONTH: SEPTEMBER
YEAR: 2020
LATITUDE: 28 0 N
LONGITUDE: 82 3 W
[TEMPERATURE DATA] [PRECIPITATION DATA] SYMBOLS USED IN COLUMN 16
AVERAGE MONTHLY: 82.7 TOTAL FOR MONTH: 9.51 1 = FOG OR MIST
DPTR FM NORMAL: 2.5 DPTR FM NORMAL: 2.07 2 = FOG REDUCING VISIBILITY
HIGHEST: 96 ON 6, 2 GRTST 24HR 2.59 ON 28-28 TO 1/4 MILE OR LESS
LOWEST: 63 ON 30 3 = THUNDER
SNOW, ICE PELLETS, HAIL 4 = ICE PELLETS
TOTAL MONTH: 0.0 INCH 5 = HAIL
GRTST 24HR 0.0 6 = FREEZING RAIN OR DRIZZLE
GRTST DEPTH: 0 7 = DUSTSTORM OR SANDSTORM:
VSBY 1/2 MILE OR LESS
8 = SMOKE OR HAZE
[NO. OF DAYS WITH] [WEATHER - DAYS WITH] 9 = BLOWING SNOW
X = TORNADO
MAX 32 OR BELOW: 0 0.01 INCH OR MORE: 20
MAX 90 OR ABOVE: 21 0.10 INCH OR MORE: 16
MIN 32 OR BELOW: 0 0.50 INCH OR MORE: 6
MIN 0 OR BELOW: 0 1.00 INCH OR MORE: 3
[HDD (BASE 65) ]
TOTAL THIS MO. 0 CLEAR (SCALE 0-3) 6
DPTR FM NORMAL 0 PTCLDY (SCALE 4-7) 23
TOTAL FM JUL 1 0 CLOUDY (SCALE 8-10) 1
DPTR FM NORMAL 0
[CDD (BASE 65) ]
TOTAL THIS MO. 537
DPTR FM NORMAL 30 [PRESSURE DATA]
TOTAL FM JAN 1 3602 HIGHEST SLP M ON M
DPTR FM NORMAL 481 LOWEST SLP M ON M
[REMARKS]
#FINAL-09-20#