000
CXUS55 KCYS 022212 CCA
CF6LAR
PRELIMINARY LOCAL CLIMATOLOGICAL DATA (WS FORM: F-6)...CORRECTED
STATION: LARAMIE WYOMING AIRPORT
MONTH: FEBRUARY
YEAR: 2023
LATITUDE: 41 18 N
LONGITUDE: 105 40 W
TEMPERATURE IN F: :PCPN: SNOW: WIND :SUNSHINE: SKY :PK WND
================================================================================
1 2 3 4 5 6A 6B 7 8 9 10 11 12 13 14 15 16 17 18
12Z AVG MX 2MIN
DY MAX MIN AVG DEP HDD CDD WTR SNW DPTH SPD SPD DIR MIN PSBL S-S WX SPD DR
================================================================================
1 35 11 23 1 42 0 0.00 M M 16.4 35 240 M M 0 8 42 240
2 35 5 20 -2 45 0 0.00 M M 8.9 24 220 M M 0 29 230
3 41 16 29 7 36 0 0.00 M M 17.3 31 240 M M 0 39 230
4 37 22 30 8 35 0 0.00 M M 20.3 38 270 M M 0 49 270
5 50 25 38 16 27 0 0.00 M M 15.3 29 230 M M 0 37 220
6 31 15 23 1 42 0 T M M 13.5 29 310 M M 7 8 38 310
7 33 11 22 0 43 0 0.00 M M 7.3 16 240 M M 0 20 240
8 36 16 26 3 39 0 T M M 21.1 41 280 M M 2 18 53 280
9 21 2 12 -11 53 0 T M M 15.4 25 320 M M 6 1 33 330
10 34 -4 15 -8 50 0 0.00 M M 5.7 12 240 M M 0 16 270
11 50 13 32 9 33 0 0.00 M M 8.2 24 220 M M 0 37 240
12 36 15 26 3 39 0 0.00 M M 8.2 15 240 M M 2 19 360
13 47 13 30 7 35 0 0.00 M M 11.6 26 220 M M 0 34 220
14 32 11 22 -1 43 0 T M M 17.2 33 350 M M 2 1 46 350
15 13 -4 5 -19 60 0 0.06 M M 7.7 18 30 M M 10 18 24 330
16 14 -16 -1 -25 66 0 0.00 M M 5.1 12 30 M M 1 18 14 20
17 38 -1 19 -5 46 0 0.00 M M 14.9 32 230 M M 0 39 230
18 46 18 32 8 33 0 0.00 M M 20.4 38 260 M M 0 55 280
19 35 16 26 2 39 0 0.00 M M 22.7 46 260 M M 3 59 270
20 40 26 33 8 32 0 0.00 M M 26.5 41 240 M M 6 8 56 260
21 47 21 34 9 31 0 T M M 28.2 48 260 M M 4 1 63 240
22 26 -21 3 -22 62 0 0.02 M M 14.4 35 170 M M 8 189 42 170
23 28 -23 3 -22 62 0 0.01 M M 6.7 20 220 M M 3 18 24 140
24 32 2 17 -9 48 0 T M M 11.8 25 260 M M 4 1 32 230
25 42 11 27 1 38 0 0.00 M M 13.8 31 230 M M 0 39 250
26 48 23 36 10 29 0 0.00 M M 15.6 35 250 M M 1 46 250
27 40 22 31 4 34 0 0.00 M M 19.2 32 240 M M 2 40 250
28 32 14 23 -4 42 0 T M M 22.6 40 270 M M 4 18 50 270
================================================================================
SM 999 259 1184 0 0.09 M 416.0 M 65
================================================================================
AV 35.7 9.3 14.9 FASTST M M 2 MAX(MPH)
MISC ----> 48 260 63 240
================================================================================
NOTES:
# LAST OF SEVERAL OCCURRENCES
COLUMN 17 PEAK WIND IN M.P.H.
PRELIMINARY LOCAL CLIMATOLOGICAL DATA (WS FORM: F-6) , PAGE 2
STATION: LARAMIE WYOMING AIRPORT
MONTH: FEBRUARY
YEAR: 2023
LATITUDE: 41 18 N
LONGITUDE: 105 40 W
[TEMPERATURE DATA] [PRECIPITATION DATA] SYMBOLS USED IN COLUMN 16
AVERAGE MONTHLY: 22.5 TOTAL FOR MONTH: 0.09 1 = FOG OR MIST
DPTR FM NORMAL: -1.3 DPTR FM NORMAL: -0.23 2 = FOG REDUCING VISIBILITY
HIGHEST: 50 ON 11, 5 GRTST 24HR 0.06 ON 15-15 TO 1/4 MILE OR LESS
LOWEST: -23 ON 23 3 = THUNDER
SNOW, ICE PELLETS, HAIL 4 = ICE PELLETS
TOTAL MONTH: M 5 = HAIL
GRTST 24HR M ON M 6 = FREEZING RAIN OR DRIZZLE
GRTST DEPTH: M ON M 7 = DUSTSTORM OR SANDSTORM:
VSBY 1/2 MILE OR LESS
8 = SMOKE OR HAZE
[NO. OF DAYS WITH] [WEATHER - DAYS WITH] 9 = BLOWING SNOW
X = TORNADO
MAX 32 OR BELOW: 9 0.01 INCH OR MORE: 3
MAX 90 OR ABOVE: 0 0.10 INCH OR MORE: 0
MIN 32 OR BELOW: 28 0.50 INCH OR MORE: 0
MIN 0 OR BELOW: 6 1.00 INCH OR MORE: 0
[HDD (BASE 65) ]
TOTAL THIS MO. 1184 CLEAR (SCALE 0-3) 18
DPTR FM NORMAL 32 PTCLDY (SCALE 4-7) 8
TOTAL FM JUL 1 5962 CLOUDY (SCALE 8-10) 2
DPTR FM NORMAL -107
[CDD (BASE 65) ]
TOTAL THIS MO. 0
DPTR FM NORMAL 0 [PRESSURE DATA]
TOTAL FM JAN 1 0 HIGHEST SLP 30.61 ON 10
DPTR FM NORMAL 0 LOWEST SLP 29.08 ON 22
[REMARKS]
#FINAL-02-23#
FEBRUARY 22...RECORD LOW MINIMUM -21F (PREVIOUS -18F IN 2022)
FEBRUARY 23...RECORD LOW MINIMUM -23F (PREVIOUS -15F IN 2015)