000
CXUS55 KCYS 020028 CCA
CF6LAR
PRELIMINARY LOCAL CLIMATOLOGICAL DATA (WS FORM: F-6)...CORRECTED
STATION: LARAMIE WYOMING AIRPORT
MONTH: MARCH
YEAR: 2022
LATITUDE: 41 18 N
LONGITUDE: 105 40 W
TEMPERATURE IN F: :PCPN: SNOW: WIND :SUNSHINE: SKY :PK WND
================================================================================
1 2 3 4 5 6A 6B 7 8 9 10 11 12 13 14 15 16 17 18
12Z AVG MX 2MIN
DY MAX MIN AVG DEP HDD CDD WTR SNW DPTH SPD SPD DIR MIN PSBL S-S WX SPD DR
================================================================================
1 50 30 40 13 25 0 0.00 M M 15.5 31 220 M M 0 38 230
2 57 29 43 15 22 0 0.00 M M 10.9 23 240 M M 0 27 220
3 59 27 43 15 22 0 0.00 M M 9.5 21 250 M M 0 28 240
4 49 27 38 10 27 0 0.25 M M 9.3 28 230 M M 5 12 35 230
5 31 11 21 -8 44 0 0.05 M M 8.4 21 310 M M 10 1 27 330
6 16 0 8 -21 57 0 0.01 M M 9.7 20 60 M M 10 1 23 60
7 15 -13 1 -28 64 0 0.00 M M 4.8 12 150 M M 1 12 12 150
8 26 -2 12 -18 53 0 T M M 12.9 25 150 M M 3 1 35 150
9 16 -5 6 -24 59 0 0.04 M M 13.2 24 70 M M 10 128 30 70
10 11 -20 -4 -34 69 0 T M M 6.4 17 150 M M 2 1 22 150
11 22 -13 5 -26 60 0 0.00 M M 12.3 26 250 M M 3 33 240
12 39 20 30 -1 35 0 0.00 M M 21.9 41 240 M M 1 89 53 240
13 42 24 33 2 32 0 0.00 M M 16.1 36 240 M M 2 43 230
14 42 21 32 0 33 0 0.00 M M 12.0 26 220 M M 0 32 220
15 49 30 40 8 25 0 0.00 M M 17.8 31 220 M M 0 38 260
16 42 27 35 3 30 0 0.07 M M 6.6 21 240 M M 7 12 26 250
17 31 18 25 -7 40 0 0.01 M M 6.9 17 60 M M 9 1 22 80
18 42 18 30 -3 35 0 0.00 M M 11.2 28 270 M M 1 39 270
19 49 24 37 4 28 0 0.00 M M 12.0 25 220 M M 0 33 220
20 53 28 41 8 24 0 0.00 M M 11.1 25 230 M M 4 34 240
21 33 19 26 -8 39 0 T M M 15.1 32 330 M M 7 1 39 330
22 34 19 27 -7 38 0 T M M 19.1 36 320 M M 6 8 48 350
23 45 22 34 0 31 0 0.00 M M 18.0 33 320 M M 0 43 320
24 56 23 40 6 25 0 0.00 M M 9.8 28 280 M M 1 36 340
25 58 23 41 7 24 0 0.00 M M 12.4 33 280 M M 2 42 270
26 65 35 50 16 15 0 0.00 M M 13.3 30 270 M M 3 41 270
27 68 29 49 14 16 0 0.00 M M 11.3 29 270 M M 0 46 250
28 66 37 52 17 13 0 0.00 M M 13.6 31 230 M M 1 38 240
29 45 26 36 1 29 0 0.10 M M 15.7 32 360 M M 9 1 42 360
30 39 18 29 -6 36 0 T M M 18.7 36 330 M M 4 1 48 310
31 52 16 34 -1 31 0 T M M 9.7 25 230 M M 3 1 34 240
================================================================================
SM 1302 548 1081 0 0.53 M 385.2 M 104
================================================================================
AV 42.0 17.7 12.4 FASTST M M 3 MAX(MPH)
MISC ----> 41 240 53 240
================================================================================
NOTES:
# LAST OF SEVERAL OCCURRENCES
COLUMN 17 PEAK WIND IN M.P.H.
PRELIMINARY LOCAL CLIMATOLOGICAL DATA (WS FORM: F-6) , PAGE 2
STATION: LARAMIE WYOMING AIRPORT
MONTH: MARCH
YEAR: 2022
LATITUDE: 41 18 N
LONGITUDE: 105 40 W
[TEMPERATURE DATA] [PRECIPITATION DATA] SYMBOLS USED IN COLUMN 16
AVERAGE MONTHLY: 29.8 TOTAL FOR MONTH: 0.53 1 = FOG OR MIST
DPTR FM NORMAL: -2.0 DPTR FM NORMAL: 0.05 2 = FOG REDUCING VISIBILITY
HIGHEST: 68 ON 27 GRTST 24HR 0.29 ON 4- 5 TO 1/4 MILE OR LESS
LOWEST: -20 ON 10 3 = THUNDER
SNOW, ICE PELLETS, HAIL 4 = ICE PELLETS
TOTAL MONTH: M 5 = HAIL
GRTST 24HR M ON M 6 = FREEZING RAIN OR DRIZZLE
GRTST DEPTH: M ON M 7 = DUSTSTORM OR SANDSTORM:
VSBY 1/2 MILE OR LESS
8 = SMOKE OR HAZE
[NO. OF DAYS WITH] [WEATHER - DAYS WITH] 9 = BLOWING SNOW
X = TORNADO
MAX 32 OR BELOW: 8 0.01 INCH OR MORE: 7
MAX 90 OR ABOVE: 0 0.10 INCH OR MORE: 2
MIN 32 OR BELOW: 29 0.50 INCH OR MORE: 0
MIN 0 OR BELOW: 6 1.00 INCH OR MORE: 0
[HDD (BASE 65) ]
TOTAL THIS MO. 1081 CLEAR (SCALE 0-3) 18
DPTR FM NORMAL 53 PTCLDY (SCALE 4-7) 8
TOTAL FM JUL 1 6638 CLOUDY (SCALE 8-10) 5
DPTR FM NORMAL -458
[CDD (BASE 65) ]
TOTAL THIS MO. 0
DPTR FM NORMAL 0 [PRESSURE DATA]
TOTAL FM JAN 1 0 HIGHEST SLP 30.47 ON 10
DPTR FM NORMAL 0 LOWEST SLP 29.36 ON 29
[REMARKS]
MARCH 3...RECORD HIGH 59 DEGREES (PREVIOUS 58 DEGREES IN 2018)
MARCH 4...TIED RECORD PRECIPITATION 0.25" PREVIOUSLY SET IN 1983
MARCH 10...RECORD LOW -20 DEGREES (PREVIOUS -15 DEGREES IN 1969)
MARCH 27...RECORD HIGH 68 DEGREES (PREVIOUS 67 DEGREES IN 1986)
#FINAL-03-22#