000
CXUS55 KCYS 031511
CF6LAR
PRELIMINARY LOCAL CLIMATOLOGICAL DATA (WS FORM: F-6) ...CORRECTED...
STATION: LARAMIE WYOMING AIRPORT
MONTH: SEPTEMBER
YEAR: 2020
LATITUDE: 41 18 N
LONGITUDE: 105 40 W
TEMPERATURE IN F: :PCPN: SNOW: WIND :SUNSHINE: SKY :PK WND
================================================================================
1 2 3 4 5 6A 6B 7 8 9 10 11 12 13 14 15 16 17 18
12Z AVG MX 2MIN
DY MAX MIN AVG DEP HDD CDD WTR SNW DPTH SPD SPD DIR MIN PSBL S-S WX SPD DR
================================================================================
1 74 M M M M M 0.00 M M 9.4 18 350 M M 0 31 350
2 82 37 60 2 5 0 0.00 M M 12.6 29 280 M M 0 36 280
3 84 39 62 4 3 0 0.00 M M 10.1 23 300 M M 0 31 320
4 84 41 63 5 2 0 0.00 M M 6.5 16 180 M M 0 22 350
5 91 44 68 11 0 3 0.00 M M 8.7 25 290 M M 0 8 35 270
6 88 51 70 13 0 5 0.00 M M 13.9 36 320 M M 0 50 340
7 82 30 56 -1 9 0 T M M 19.7 41 70 M M 2 1 52 60
8 32 23 28 -28 37 0 T M M 18.8 33 80 M M 10 12 43 70
9 35 24 30 -26 35 0 0.00 M M 8.8 18 130 M M 9 21 90
10 48 23 36 -20 29 0 0.00 M M 7.0 21 130 M M 6 1 26 130
11 55 38 47 -8 18 0 0.10 M M 12.1 32 280 M M 9 8 41 280
12 70 35 53 -2 12 0 0.00 M M 11.8 26 310 M M 0 40 330
13 77 36 57 3 8 0 0.00 M M 6.8 13 190 M M 0 17 250
14 79 35 57 3 8 0 0.00 M M 8.3 22 230 M M 0 28 240
15 78 39 59 5 6 0 0.00 M M 8.8 21 330 M M 0 31 360
16 70 33 52 -1 13 0 0.00 M M 9.2 23 150 M M 0 8 29 140
17 77 36 57 4 8 0 0.00 M M 8.1 15 70 M M 0 8 23 30
18 78 37 58 6 7 0 0.00 M M 8.4 15 150 M M 0 8 21 230
19 79 44 62 10 3 0 T M M 12.9 28 320 M M 3 36 230
20 73 42 58 6 7 0 0.00 M M 11.7 31 260 M M 3 8 44 250
21 76 38 57 6 8 0 0.00 M M 8.9 25 270 M M 1 8 38 270
22 78 38 58 7 7 0 0.00 M M 8.1 26 280 M M 3 8 34 300
23 75 43 59 9 6 0 T M M 10.5 25 280 M M 1 8 32 290
24 80 41 61 11 4 0 0.00 M M 10.8 22 240 M M 4 8 30 250
25 76 43 60 11 5 0 0.00 M M 13.4 30 260 M M 5 8 43 260
26 72 51 62 13 3 0 0.00 M M 18.9 43 280 M M 3 8 54 290
27 54 24 39 -10 26 0 0.01 M M 12.7 22 350 M M 0 36 360
28 55 18 37 -11 28 0 0.00 M M 10.5 28 330 M M 0 8 36 320
29 74 30 52 4 13 0 0.00 M M 9.8 24 330 M M 0 8 35 320
30 69 32 51 3 14 0 0.00 M M 7.3 24 350 M M 0 8 33 360
================================================================================
SM 2145 1045 324 8 0.11 M 324.5 M 59
================================================================================
AV 71.5 36.0 10.8 FASTST M M 2 MAX(MPH)
MISC ----> # 43 280 # 54 290
================================================================================
NOTES:
# LAST OF SEVERAL OCCURRENCES
COLUMN 17 PEAK WIND IN M.P.H.
PRELIMINARY LOCAL CLIMATOLOGICAL DATA (WS FORM: F-6) , PAGE 2
STATION: LARAMIE WYOMING AIRPORT
MONTH: SEPTEMBER
YEAR: 2020
LATITUDE: 41 18 N
LONGITUDE: 105 40 W
[TEMPERATURE DATA] [PRECIPITATION DATA] SYMBOLS USED IN COLUMN 16
AVERAGE MONTHLY: 53.8 TOTAL FOR MONTH: 0.11 1 = FOG OR MIST
DPTR FM NORMAL: 0.5 DPTR FM NORMAL: -1.00 2 = FOG REDUCING VISIBILITY
HIGHEST: 91 ON 5 GRTST 24HR 0.10 ON 11-11 TO 1/4 MILE OR LESS
LOWEST: 18 ON 28 3 = THUNDER
SNOW, ICE PELLETS, HAIL 4 = ICE PELLETS
TOTAL MONTH: M 5 = HAIL
GRTST 24HR M ON M 6 = FREEZING RAIN OR DRIZZLE
GRTST DEPTH: M ON M 7 = DUSTSTORM OR SANDSTORM:
VSBY 1/2 MILE OR LESS
8 = SMOKE OR HAZE
[NO. OF DAYS WITH] [WEATHER - DAYS WITH] 9 = BLOWING SNOW
X = TORNADO
MAX 32 OR BELOW: 1 0.01 INCH OR MORE: 2
MAX 90 OR ABOVE: 1 0.10 INCH OR MORE: 1
MIN 32 OR BELOW: 8 0.50 INCH OR MORE: 0
MIN 0 OR BELOW: 0 1.00 INCH OR MORE: 0
[HDD (BASE 65) ]
TOTAL THIS MO. 324 CLEAR (SCALE 0-3) 23
DPTR FM NORMAL -29 PTCLDY (SCALE 4-7) 4
TOTAL FM JUL 1 349 CLOUDY (SCALE 8-10) 3
DPTR FM NORMAL -176
[CDD (BASE 65) ]
TOTAL THIS MO. 8
DPTR FM NORMAL 7 [PRESSURE DATA]
TOTAL FM JAN 1 141 HIGHEST SLP 30.52 ON 28
DPTR FM NORMAL 74 LOWEST SLP 29.58 ON 7
[REMARKS]
SEPTEMBER 1ST...MISSING MINIMUM TEMPERATURE.
SEPTEMBER 5TH...RECORD HIGH 91* DEGREES (PREVIOUS 90 DEGREES IN
1978).
SEPTEMBER 8TH...RECORD LOW 23 DEGREES (PREVIOUS 24 DEGREES IN 1962).
SEPTEMBER 10TH...RECORD LOW 23 DEGREES (PREVIOUS 24 DEGREES IN 2016).
SEPTEMBER 24TH...RECORD HIGH 80 DEGREES (PREVIOUS 79 DEGREES IN
2015).
MONTHLY PRECIPITATION 0.11 INCH IS 6TH DRIEST FOR SEPTEMBER.
*WARMEST HIGH TEMPERATURE RECORDED FOR SEPTEMBER
#FINAL-09-20#